51.222.253.2 - - [22/Feb/2023:08:38:09 -0800] "GET /unknown/Lubold/199_79x120.jpg HTTP/1.1" 200 4029 "-" "Mozilla/5.0 (compatible; AhrefsBot/7.0; +http://ahrefs.com/robot/)" "pattifamily.net"
51.222.253.7 - - [22/Feb/2023:08:38:09 -0800] "GET /unknown/Lubold/230_80x120.jpg HTTP/1.1" 200 4513 "-" "Mozilla/5.0 (compatible; AhrefsBot/7.0; +http://ahrefs.com/robot/)" "pattifamily.net"
51.222.253.20 - - [22/Feb/2023:08:38:09 -0800] "GET /unknown/Lubold/0229_80x120.jpg HTTP/1.1" 200 4166 "-" "Mozilla/5.0 (compatible; AhrefsBot/7.0; +http://ahrefs.com/robot/)" "pattifamily.net"
51.222.253.7 - - [22/Feb/2023:08:38:10 -0800] "GET /unknown/Lubold/137_79x120.jpg HTTP/1.1" 200 4441 "-" "Mozilla/5.0 (compatible; AhrefsBot/7.0; +http://ahrefs.com/robot/)" "pattifamily.net"
51.222.253.5 - - [22/Feb/2023:08:38:10 -0800] "GET /unknown/Lubold/144_160x106.jpg HTTP/1.1" 200 7025 "-" "Mozilla/5.0 (compatible; AhrefsBot/7.0; +http://ahrefs.com/robot/)" "pattifamily.net"
51.222.253.4 - - [22/Feb/2023:08:38:10 -0800] "GET /unknown/Lubold/247_79x120.jpg HTTP/1.1" 200 4218 "-" "Mozilla/5.0 (compatible; AhrefsBot/7.0; +http://ahrefs.com/robot/)" "pattifamily.net"
51.222.253.9 - - [22/Feb/2023:08:38:11 -0800] "GET /unknown/Lubold/116_160x106.jpg HTTP/1.1" 200 7579 "-" "Mozilla/5.0 (compatible; AhrefsBot/7.0; +http://ahrefs.com/robot/)" "pattifamily.net"
51.222.253.18 - - [22/Feb/2023:08:38:11 -0800] "GET /unknown/Lubold/090_80x120.jpg HTTP/1.1" 200 5401 "-" "Mozilla/5.0 (compatible; AhrefsBot/7.0; +http://ahrefs.com/robot/)" "pattifamily.net"
51.222.253.3 - - [22/Feb/2023:08:38:11 -0800] "GET /unknown/Lubold/017_160x106.jpg HTTP/1.1" 200 8257 "-" "Mozilla/5.0 (compatible; AhrefsBot/7.0; +http://ahrefs.com/robot/)" "pattifamily.net"
51.222.253.6 - - [22/Feb/2023:08:38:11 -0800] "GET /unknown/Lubold/034_160x106.jpg HTTP/1.1" 200 5041 "-" "Mozilla/5.0 (compatible; AhrefsBot/7.0; +http://ahrefs.com/robot/)" "pattifamily.net"
51.222.253.3 - - [22/Feb/2023:08:38:12 -0800] "GET /unknown/Lubold/038_160x106.jpg HTTP/1.1" 200 7809 "-" "Mozilla/5.0 (compatible; AhrefsBot/7.0; +http://ahrefs.com/robot/)" "pattifamily.net"
51.222.253.16 - - [22/Feb/2023:08:38:12 -0800] "GET /unknown/Lubold/030_160x106.jpg HTTP/1.1" 200 5065 "-" "Mozilla/5.0 (compatible; AhrefsBot/7.0; +http://ahrefs.com/robot/)" "pattifamily.net"
51.222.253.4 - - [22/Feb/2023:08:38:12 -0800] "GET /unknown/Lubold/060_80x120.jpg HTTP/1.1" 200 3520 "-" "Mozilla/5.0 (compatible; AhrefsBot/7.0; +http://ahrefs.com/robot/)" "pattifamily.net"
51.222.253.1 - - [22/Feb/2023:08:38:12 -0800] "GET /unknown/Lubold/045_79x120.jpg HTTP/1.1" 200 3426 "-" "Mozilla/5.0 (compatible; AhrefsBot/7.0; +http://ahrefs.com/robot/)" "pattifamily.net"
51.222.253.4 - - [22/Feb/2023:08:38:13 -0800] "GET /unknown/Lubold/128_160x106.jpg HTTP/1.1" 200 8106 "-" "Mozilla/5.0 (compatible; AhrefsBot/7.0; +http://ahrefs.com/robot/)" "pattifamily.net"
51.222.253.11 - - [22/Feb/2023:08:38:13 -0800] "GET /unknown/Lubold/087_160x106.jpg HTTP/1.1" 200 8753 "-" "Mozilla/5.0 (compatible; AhrefsBot/7.0; +http://ahrefs.com/robot/)" "pattifamily.net"
51.222.253.17 - - [22/Feb/2023:08:38:13 -0800] "GET /unknown/Lubold/190_80x120.jpg HTTP/1.1" 200 3600 "-" "Mozilla/5.0 (compatible; AhrefsBot/7.0; +http://ahrefs.com/robot/)" "pattifamily.net"
51.222.253.11 - - [22/Feb/2023:08:38:14 -0800] "GET /unknown/Lubold/028_160x106.jpg HTTP/1.1" 200 6595 "-" "Mozilla/5.0 (compatible; AhrefsBot/7.0; +http://ahrefs.com/robot/)" "pattifamily.net"
51.222.253.7 - - [22/Feb/2023:08:38:14 -0800] "GET /unknown/Lubold/212_79x120.jpg HTTP/1.1" 200 4165 "-" "Mozilla/5.0 (compatible; AhrefsBot/7.0; +http://ahrefs.com/robot/)" "pattifamily.net"
51.222.253.7 - - [22/Feb/2023:08:38:14 -0800] "GET /unknown/Lubold/187_160x106.jpg HTTP/1.1" 200 5836 "-" "Mozilla/5.0 (compatible; AhrefsBot/7.0; +http://ahrefs.com/robot/)" "pattifamily.net"
51.222.253.13 - - [22/Feb/2023:08:38:15 -0800] "GET /unknown/Lubold/201_80x120.jpg HTTP/1.1" 200 2776 "-" "Mozilla/5.0 (compatible; AhrefsBot/7.0; +http://ahrefs.com/robot/)" "pattifamily.net"
51.222.253.4 - - [22/Feb/2023:08:38:15 -0800] "GET /unknown/Lubold/198_79x120.jpg HTTP/1.1" 200 3806 "-" "Mozilla/5.0 (compatible; AhrefsBot/7.0; +http://ahrefs.com/robot/)" "pattifamily.net"
51.222.253.7 - - [22/Feb/2023:08:38:16 -0800] "GET /unknown/Lubold/018_160x106.jpg HTTP/1.1" 200 3758 "-" "Mozilla/5.0 (compatible; AhrefsBot/7.0; +http://ahrefs.com/robot/)" "pattifamily.net"
51.222.253.1 - - [22/Feb/2023:08:38:16 -0800] "GET /unknown/Lubold/146_80x120.jpg HTTP/1.1" 200 3730 "-" "Mozilla/5.0 (compatible; AhrefsBot/7.0; +http://ahrefs.com/robot/)" "pattifamily.net"
51.222.253.5 - - [22/Feb/2023:08:38:16 -0800] "GET /unknown/Lubold/193_79x120.jpg HTTP/1.1" 200 3395 "-" "Mozilla/5.0 (compatible; AhrefsBot/7.0; +http://ahrefs.com/robot/)" "pattifamily.net"
51.222.253.3 - - [22/Feb/2023:08:38:17 -0800] "GET /unknown/Lubold/245_79x120.jpg HTTP/1.1" 200 4549 "-" "Mozilla/5.0 (compatible; AhrefsBot/7.0; +http://ahrefs.com/robot/)" "pattifamily.net"
51.222.253.20 - - [22/Feb/2023:08:38:17 -0800] "GET /unknown/Lubold/252_79x120.jpg HTTP/1.1" 200 3862 "-" "Mozilla/5.0 (compatible; AhrefsBot/7.0; +http://ahrefs.com/robot/)" "pattifamily.net"
51.222.253.5 - - [22/Feb/2023:08:38:18 -0800] "GET /unknown/Lubold/202_160x106.jpg HTTP/1.1" 200 4620 "-" "Mozilla/5.0 (compatible; AhrefsBot/7.0; +http://ahrefs.com/robot/)" "pattifamily.net"
51.222.253.7 - - [22/Feb/2023:08:38:18 -0800] "GET /unknown/Lubold/001_160x106.jpg HTTP/1.1" 200 8560 "-" "Mozilla/5.0 (compatible; AhrefsBot/7.0; +http://ahrefs.com/robot/)" "pattifamily.net"
51.222.253.17 - - [22/Feb/2023:08:38:19 -0800] "GET /unknown/Lubold/101_80x120.jpg HTTP/1.1" 200 4647 "-" "Mozilla/5.0 (compatible; AhrefsBot/7.0; +http://ahrefs.com/robot/)" "pattifamily.net"
51.222.253.10 - - [22/Feb/2023:08:38:19 -0800] "GET /unknown/Lubold/240_160x106.jpg HTTP/1.1" 200 6085 "-" "Mozilla/5.0 (compatible; AhrefsBot/7.0; +http://ahrefs.com/robot/)" "pattifamily.net"
51.222.253.7 - - [22/Feb/2023:08:38:19 -0800] "GET /unknown/Lubold/159_160x106.jpg HTTP/1.1" 200 9261 "-" "Mozilla/5.0 (compatible; AhrefsBot/7.0; +http://ahrefs.com/robot/)" "pattifamily.net"
51.222.253.7 - - [22/Feb/2023:08:38:20 -0800] "GET /unknown/Lubold/215_79x120.jpg HTTP/1.1" 200 3669 "-" "Mozilla/5.0 (compatible; AhrefsBot/7.0; +http://ahrefs.com/robot/)" "pattifamily.net"
51.222.253.1 - - [22/Feb/2023:08:38:20 -0800] "GET /unknown/Lubold/197_79x120.jpg HTTP/1.1" 200 3193 "-" "Mozilla/5.0 (compatible; AhrefsBot/7.0; +http://ahrefs.com/robot/)" "pattifamily.net"
51.222.253.20 - - [22/Feb/2023:08:38:20 -0800] "GET /unknown/Lubold/154_80x120.jpg HTTP/1.1" 200 4233 "-" "Mozilla/5.0 (compatible; AhrefsBot/7.0; +http://ahrefs.com/robot/)" "pattifamily.net"
51.222.253.9 - - [22/Feb/2023:08:38:21 -0800] "GET /unknown/Lubold/211_80x120.jpg HTTP/1.1" 200 4057 "-" "Mozilla/5.0 (compatible; AhrefsBot/7.0; +http://ahrefs.com/robot/)" "pattifamily.net"
51.222.253.4 - - [22/Feb/2023:08:38:21 -0800] "GET /unknown/Lubold/091_80x120.jpg HTTP/1.1" 200 5470 "-" "Mozilla/5.0 (compatible; AhrefsBot/7.0; +http://ahrefs.com/robot/)" "pattifamily.net"
51.222.253.16 - - [22/Feb/2023:08:38:21 -0800] "GET /unknown/Lubold/136_80x120.jpg HTTP/1.1" 200 3746 "-" "Mozilla/5.0 (compatible; AhrefsBot/7.0; +http://ahrefs.com/robot/)" "pattifamily.net"
51.222.253.13 - - [22/Feb/2023:08:38:21 -0800] "GET /unknown/Lubold/189_80x120.jpg HTTP/1.1" 200 3593 "-" "Mozilla/5.0 (compatible; AhrefsBot/7.0; +http://ahrefs.com/robot/)" "pattifamily.net"
51.222.253.12 - - [22/Feb/2023:08:38:22 -0800] "GET /unknown/Lubold/223_79x120.jpg HTTP/1.1" 200 3740 "-" "Mozilla/5.0 (compatible; AhrefsBot/7.0; +http://ahrefs.com/robot/)" "pattifamily.net"
51.222.253.5 - - [22/Feb/2023:08:41:38 -0800] "GET /pictures/2005_10_22/?C=S;O=A HTTP/1.1" 200 1224 "-" "Mozilla/5.0 (compatible; AhrefsBot/7.0; +http://ahrefs.com/robot/)" "pattifamily.net"
51.222.253.3 - - [22/Feb/2023:08:45:46 -0800] "GET /1994/Patti/October61994/?C=S;O=A HTTP/1.1" 200 850 "-" "Mozilla/5.0 (compatible; AhrefsBot/7.0; +http://ahrefs.com/robot/)" "pattifamily.net"
51.222.253.8 - - [22/Feb/2023:08:50:41 -0800] "GET /pictures/2005_12_27/?C=S;O=A HTTP/1.1" 200 651 "-" "Mozilla/5.0 (compatible; AhrefsBot/7.0; +http://ahrefs.com/robot/)" "www.pattifamily.net"
51.222.253.15 - - [22/Feb/2023:08:56:03 -0800] "GET /pictures/2005_08_02/ HTTP/1.1" 200 431 "-" "Mozilla/5.0 (compatible; AhrefsBot/7.0; +http://ahrefs.com/robot/)" "pattifamily.net"
87.250.224.235 - - [22/Feb/2023:08:57:51 -0800] "GET /pictures/2005_08_28/?C=D;O=A HTTP/1.1" 200 415 "-" "Mozilla/5.0 (compatible; YandexBot/3.0; +http://yandex.com/bots)" "pattifamily.net"
51.222.253.4 - - [22/Feb/2023:09:01:14 -0800] "GET /1994/Patti/October61994/?C=D;O=A HTTP/1.1" 200 856 "-" "Mozilla/5.0 (compatible; AhrefsBot/7.0; +http://ahrefs.com/robot/)" "pattifamily.net"
87.250.224.235 - - [22/Feb/2023:09:18:20 -0800] "GET /murray/ HTTP/1.1" 200 353 "-" "Mozilla/5.0 (compatible; YandexBot/3.0; +http://yandex.com/bots)" "pattifamily.net"
51.222.253.8 - - [22/Feb/2023:09:19:09 -0800] "GET /pictures/2004_11_23/?C=S;O=A HTTP/1.1" 200 387 "-" "Mozilla/5.0 (compatible; AhrefsBot/7.0; +http://ahrefs.com/robot/)" "pattifamily.net"
51.222.253.20 - - [22/Feb/2023:09:24:09 -0800] "GET /pictures/2005_12_25/?C=S;O=D HTTP/1.1" 200 1177 "-" "Mozilla/5.0 (compatible; AhrefsBot/7.0; +http://ahrefs.com/robot/)" "www.pattifamily.net"
51.222.253.10 - - [22/Feb/2023:09:29:02 -0800] "GET /pictures/2005_03_14/?C=D;O=A HTTP/1.1" 200 448 "-" "Mozilla/5.0 (compatible; AhrefsBot/7.0; +http://ahrefs.com/robot/)" "pattifamily.net"
51.222.253.17 - - [22/Feb/2023:09:35:23 -0800] "GET /pictures/2005_08_05/ HTTP/1.1" 200 435 "-" "Mozilla/5.0 (compatible; AhrefsBot/7.0; +http://ahrefs.com/robot/)" "pattifamily.net"
87.250.224.235 - - [22/Feb/2023:09:35:42 -0800] "GET /pictures/2005_02_18/?C=M;O=A HTTP/1.1" 200 426 "-" "Mozilla/5.0 (compatible; YandexBot/3.0; +http://yandex.com/bots)" "pattifamily.net"
51.222.253.3 - - [22/Feb/2023:09:40:19 -0800] "GET /pictures/2005_08_29/ HTTP/1.1" 200 440 "-" "Mozilla/5.0 (compatible; AhrefsBot/7.0; +http://ahrefs.com/robot/)" "pattifamily.net"
51.222.253.1 - - [22/Feb/2023:09:45:16 -0800] "GET /pictures/2005_12_25/?C=D;O=A HTTP/1.1" 200 1158 "-" "Mozilla/5.0 (compatible; AhrefsBot/7.0; +http://ahrefs.com/robot/)" "www.pattifamily.net"
51.222.253.5 - - [22/Feb/2023:09:50:11 -0800] "GET /familytree/?C=M;O=D HTTP/1.1" 200 2323 "-" "Mozilla/5.0 (compatible; AhrefsBot/7.0; +http://ahrefs.com/robot/)" "pattifamily.net"
51.222.253.20 - - [22/Feb/2023:09:54:59 -0800] "GET /pictures/2005_04_04/?C=D;O=A HTTP/1.1" 200 443 "-" "Mozilla/5.0 (compatible; AhrefsBot/7.0; +http://ahrefs.com/robot/)" "pattifamily.net"
87.250.224.235 - - [22/Feb/2023:09:57:55 -0800] "GET /pattiunknown1.html HTTP/1.1" 200 2016 "-" "Mozilla/5.0 (compatible; YandexBot/3.0; +http://yandex.com/bots)" "pattifamily.net"
51.222.253.20 - - [22/Feb/2023:09:59:26 -0800] "GET /pictures/2005_04_04/?C=M;O=A HTTP/1.1" 200 444 "-" "Mozilla/5.0 (compatible; AhrefsBot/7.0; +http://ahrefs.com/robot/)" "pattifamily.net"
51.222.253.19 - - [22/Feb/2023:10:03:36 -0800] "GET /pictures/2005_08_20/?C=N;O=D HTTP/1.1" 200 691 "-" "Mozilla/5.0 (compatible; AhrefsBot/7.0; +http://ahrefs.com/robot/)" "pattifamily.net"
51.222.253.13 - - [22/Feb/2023:10:07:56 -0800] "GET /pictures/2005_12_27/?C=D;O=A HTTP/1.1" 200 639 "-" "Mozilla/5.0 (compatible; AhrefsBot/7.0; +http://ahrefs.com/robot/)" "www.pattifamily.net"
51.222.253.13 - - [22/Feb/2023:10:12:11 -0800] "GET /pictures/2005_04_04/?C=S;O=A HTTP/1.1" 200 446 "-" "Mozilla/5.0 (compatible; AhrefsBot/7.0; +http://ahrefs.com/robot/)" "pattifamily.net"
212.47.251.118 - - [22/Feb/2023:10:12:18 -0800] "GET / HTTP/1.1" 200 16904 "-" "-" "pattifamily.net"
51.222.253.4 - - [22/Feb/2023:10:16:03 -0800] "GET /pictures/2005_08_20/?C=S;O=A HTTP/1.1" 200 691 "-" "Mozilla/5.0 (compatible; AhrefsBot/7.0; +http://ahrefs.com/robot/)" "pattifamily.net"
51.222.253.18 - - [22/Feb/2023:10:19:55 -0800] "GET /pictures/2006_01_20/?C=N;O=A HTTP/1.1" 200 399 "-" "Mozilla/5.0 (compatible; AhrefsBot/7.0; +http://ahrefs.com/robot/)" "www.pattifamily.net"
51.222.253.2 - - [22/Feb/2023:10:24:00 -0800] "GET /pictures/2005_08_20/?C=D;O=A HTTP/1.1" 200 692 "-" "Mozilla/5.0 (compatible; AhrefsBot/7.0; +http://ahrefs.com/robot/)" "pattifamily.net"
51.222.253.5 - - [22/Feb/2023:10:28:14 -0800] "GET /pictures/2006_05_28/?C=D;O=D HTTP/1.1" 200 546 "-" "Mozilla/5.0 (compatible; AhrefsBot/7.0; +http://ahrefs.com/robot/)" "pattifamily.net"
87.250.224.235 - - [22/Feb/2023:10:29:24 -0800] "GET /pictures/2007_07_06/ HTTP/1.1" 200 399 "-" "Mozilla/5.0 (compatible; YandexBot/3.0; +http://yandex.com/bots)" "pattifamily.net"
87.250.224.235 - - [22/Feb/2023:10:33:57 -0800] "GET /pictures/2007_04_10/?C=N;O=A HTTP/1.1" 200 386 "-" "Mozilla/5.0 (compatible; YandexBot/3.0; +http://yandex.com/bots)" "pattifamily.net"
51.222.253.16 - - [22/Feb/2023:10:34:28 -0800] "GET /1999/Patti/?C=D;O=A HTTP/1.1" 200 1958 "-" "Mozilla/5.0 (compatible; AhrefsBot/7.0; +http://ahrefs.com/robot/)" "pattifamily.net"
51.222.253.8 - - [22/Feb/2023:10:38:23 -0800] "GET /april2006.html HTTP/1.1" 200 780 "-" "Mozilla/5.0 (compatible; AhrefsBot/7.0; +http://ahrefs.com/robot/)" "pattifamily.net"
51.222.253.18 - - [22/Feb/2023:10:38:26 -0800] "GET /pictures/2006/April/bsktegg3.gif HTTP/1.1" 200 5237 "-" "Mozilla/5.0 (compatible; AhrefsBot/7.0; +http://ahrefs.com/robot/)" "pattifamily.net"
51.222.253.5 - - [22/Feb/2023:10:38:26 -0800] "GET /pictures/leftarrow.gif HTTP/1.1" 200 2112 "-" "Mozilla/5.0 (compatible; AhrefsBot/7.0; +http://ahrefs.com/robot/)" "pattifamily.net"
51.222.253.11 - - [22/Feb/2023:10:42:23 -0800] "GET /pictures/2005_08_20/?C=M;O=A HTTP/1.1" 200 693 "-" "Mozilla/5.0 (compatible; AhrefsBot/7.0; +http://ahrefs.com/robot/)" "pattifamily.net"
51.222.253.1 - - [22/Feb/2023:10:46:20 -0800] "GET /pictures/2006_01_20/?C=N;O=D HTTP/1.1" 200 400 "-" "Mozilla/5.0 (compatible; AhrefsBot/7.0; +http://ahrefs.com/robot/)" "www.pattifamily.net"
51.222.253.20 - - [22/Feb/2023:10:50:34 -0800] "GET /pictures/2004_11_23/?C=S;O=D HTTP/1.1" 200 384 "-" "Mozilla/5.0 (compatible; AhrefsBot/7.0; +http://ahrefs.com/robot/)" "pattifamily.net"
87.250.224.235 - - [22/Feb/2023:10:51:09 -0800] "GET /pictures/2005_10_30/ HTTP/1.1" 200 422 "-" "Mozilla/5.0 (compatible; YandexBot/3.0; +http://yandex.com/bots)" "pattifamily.net"
51.222.253.2 - - [22/Feb/2023:10:54:43 -0800] "GET /pictures/2005_08_20/?C=S;O=D HTTP/1.1" 200 698 "-" "Mozilla/5.0 (compatible; AhrefsBot/7.0; +http://ahrefs.com/robot/)" "pattifamily.net"
87.250.224.235 - - [22/Feb/2023:10:55:31 -0800] "GET /pictures/videos/ HTTP/1.1" 200 321 "-" "Mozilla/5.0 (compatible; YandexBot/3.0; +http://yandex.com/bots)" "pattifamily.net"
51.222.253.6 - - [22/Feb/2023:10:59:20 -0800] "GET /pictures/2005_04_04/?C=N;O=A HTTP/1.1" 200 443 "-" "Mozilla/5.0 (compatible; AhrefsBot/7.0; +http://ahrefs.com/robot/)" "pattifamily.net"
87.250.224.235 - - [22/Feb/2023:11:01:33 -0800] "GET /pictures/2009_02_19/?C=N;O=A HTTP/1.1" 200 404 "-" "Mozilla/5.0 (compatible; YandexBot/3.0; +http://yandex.com/bots)" "pattifamily.net"
51.222.253.2 - - [22/Feb/2023:11:03:54 -0800] "GET /pictures/2005_12_25/?C=D;O=D HTTP/1.1" 200 1144 "-" "Mozilla/5.0 (compatible; AhrefsBot/7.0; +http://ahrefs.com/robot/)" "www.pattifamily.net"
87.250.224.235 - - [22/Feb/2023:11:04:36 -0800] "GET /robots.txt HTTP/1.1" 404 73 "-" "Mozilla/5.0 (compatible; YandexBot/3.0; +http://yandex.com/bots)" "pattifamily.net"
87.250.224.235 - - [22/Feb/2023:11:19:37 -0800] "GET /pictures/2006_04_09/ HTTP/1.1" 200 404 "-" "Mozilla/5.0 (compatible; YandexBot/3.0; +http://yandex.com/bots)" "pattifamily.net"
51.222.253.10 - - [22/Feb/2023:11:21:50 -0800] "GET /pictures/2005_04_27/ HTTP/1.1" 200 436 "-" "Mozilla/5.0 (compatible; AhrefsBot/7.0; +http://ahrefs.com/robot/)" "pattifamily.net"
70.92.172.26 - - [22/Feb/2023:11:25:19 -0800] "GET /favicon.ico HTTP/1.1" 404 88 "http://pattifamily.net/bowling/bruns_b10_manual.pdf" "Mozilla/5.0 (Windows NT 10.0; Win64; x64) AppleWebKit/537.36 (KHTML, like Gecko) Chrome/110.0.0.0 Safari/537.36 Edg/110.0.1587.50" "pattifamily.net"
70.92.172.26 - - [22/Feb/2023:11:25:18 -0800] "GET /bowling/bruns_b10_manual.pdf HTTP/1.1" 200 6701217 "https://www.bing.com/" "Mozilla/5.0 (Windows NT 10.0; Win64; x64) AppleWebKit/537.36 (KHTML, like Gecko) Chrome/110.0.0.0 Safari/537.36 Edg/110.0.1587.50" "pattifamily.net"
51.222.253.17 - - [22/Feb/2023:11:26:25 -0800] "GET /pictures/2005_05_13/?C=S;O=A HTTP/1.1" 200 384 "-" "Mozilla/5.0 (compatible; AhrefsBot/7.0; +http://ahrefs.com/robot/)" "pattifamily.net"
87.250.224.235 - - [22/Feb/2023:11:26:26 -0800] "GET /pictures/2007_01_16/?C=D;O=A HTTP/1.1" 200 398 "-" "Mozilla/5.0 (compatible; YandexBot/3.0; +http://yandex.com/bots)" "pattifamily.net"
87.250.224.235 - - [22/Feb/2023:11:29:14 -0800] "GET /pictures/2005_09_25/ HTTP/1.1" 200 497 "-" "Mozilla/5.0 (compatible; YandexBot/3.0; +http://yandex.com/bots)" "pattifamily.net"
51.222.253.9 - - [22/Feb/2023:11:30:49 -0800] "GET /pictures/2005_04_18/ HTTP/1.1" 200 453 "-" "Mozilla/5.0 (compatible; AhrefsBot/7.0; +http://ahrefs.com/robot/)" "pattifamily.net"
51.222.253.20 - - [22/Feb/2023:11:35:43 -0800] "GET /pictures/2005_12_27/?C=S;O=A HTTP/1.1" 200 651 "-" "Mozilla/5.0 (compatible; AhrefsBot/7.0; +http://ahrefs.com/robot/)" "pattifamily.net"
51.222.253.11 - - [22/Feb/2023:11:39:38 -0800] "GET /pictures/2005_10_06/?C=N;O=A HTTP/1.1" 200 451 "-" "Mozilla/5.0 (compatible; AhrefsBot/7.0; +http://ahrefs.com/robot/)" "pattifamily.net"
51.222.253.4 - - [22/Feb/2023:11:43:45 -0800] "GET /pictures/2005_12_27/?C=N;O=D HTTP/1.1" 200 639 "-" "Mozilla/5.0 (compatible; AhrefsBot/7.0; +http://ahrefs.com/robot/)" "www.pattifamily.net"
87.250.224.235 - - [22/Feb/2023:11:46:02 -0800] "GET /pictures/2005_02_15/?C=N;O=A HTTP/1.1" 200 460 "-" "Mozilla/5.0 (compatible; YandexBot/3.0; +http://yandex.com/bots)" "pattifamily.net"
51.222.253.12 - - [22/Feb/2023:11:47:54 -0800] "GET /pictures/2004_11_23/?C=N;O=A HTTP/1.1" 200 387 "-" "Mozilla/5.0 (compatible; AhrefsBot/7.0; +http://ahrefs.com/robot/)" "pattifamily.net"
87.250.224.235 - - [22/Feb/2023:11:50:43 -0800] "GET /pictures/2005_07_24/?C=M;O=A HTTP/1.1" 200 440 "-" "Mozilla/5.0 (compatible; YandexBot/3.0; +http://yandex.com/bots)" "pattifamily.net"
51.222.253.10 - - [22/Feb/2023:11:52:14 -0800] "GET /pictures/2005_04_29/?C=N;O=A HTTP/1.1" 200 434 "-" "Mozilla/5.0 (compatible; AhrefsBot/7.0; +http://ahrefs.com/robot/)" "pattifamily.net"
51.222.253.15 - - [22/Feb/2023:12:01:23 -0800] "GET /1994/Patti/July71994/?C=S;O=D HTTP/1.1" 200 1106 "-" "Mozilla/5.0 (compatible; AhrefsBot/7.0; +http://ahrefs.com/robot/)" "pattifamily.net"
51.222.253.10 - - [22/Feb/2023:12:09:52 -0800] "GET /robots.txt HTTP/1.1" 404 88 "-" "Mozilla/5.0 (compatible; AhrefsBot/7.0; +http://ahrefs.com/robot/)" "pattifamily.net"
51.222.253.15 - - [22/Feb/2023:12:09:53 -0800] "GET /pictures/2005_02_02/?C=N;O=D HTTP/1.1" 200 562 "-" "Mozilla/5.0 (compatible; AhrefsBot/7.0; +http://ahrefs.com/robot/)" "pattifamily.net"
87.250.224.235 - - [22/Feb/2023:12:14:10 -0800] "GET /pictures/2006_01_13/ HTTP/1.1" 200 446 "-" "Mozilla/5.0 (compatible; YandexBot/3.0; +http://yandex.com/bots)" "pattifamily.net"
51.222.253.19 - - [22/Feb/2023:12:19:46 -0800] "GET /1994/Patti/October61994/?C=N;O=D HTTP/1.1" 200 860 "-" "Mozilla/5.0 (compatible; AhrefsBot/7.0; +http://ahrefs.com/robot/)" "pattifamily.net"
51.222.253.3 - - [22/Feb/2023:12:28:39 -0800] "GET /pictures/2005_12_25/?C=N;O=A HTTP/1.1" 200 1158 "-" "Mozilla/5.0 (compatible; AhrefsBot/7.0; +http://ahrefs.com/robot/)" "pattifamily.net"
87.250.224.235 - - [22/Feb/2023:12:30:36 -0800] "GET /pictures/2008_08_10/?C=S;O=D HTTP/1.1" 200 397 "-" "Mozilla/5.0 (compatible; YandexBot/3.0; +http://yandex.com/bots)" "pattifamily.net"
51.222.253.5 - - [22/Feb/2023:12:37:17 -0800] "GET /1997/Patti/?C=N;O=D HTTP/1.1" 200 2313 "-" "Mozilla/5.0 (compatible; AhrefsBot/7.0; +http://ahrefs.com/robot/)" "pattifamily.net"
51.222.253.8 - - [22/Feb/2023:12:47:46 -0800] "GET /pictures/2005_05_29/?C=D;O=D HTTP/1.1" 200 478 "-" "Mozilla/5.0 (compatible; AhrefsBot/7.0; +http://ahrefs.com/robot/)" "pattifamily.net"
66.249.66.2 - - [22/Feb/2023:12:53:04 -0800] "GET /2001/168_426x640.jpg HTTP/1.1" 200 65644 "-" "Googlebot-Image/1.0" "pattifamily.net"
66.249.66.37 - - [22/Feb/2023:12:53:22 -0800] "GET /2001/944_287x640.jpg HTTP/1.1" 200 29630 "-" "Googlebot-Image/1.0" "pattifamily.net"
66.249.66.2 - - [22/Feb/2023:12:53:24 -0800] "GET /2001/246_640x426.jpg HTTP/1.1" 200 38919 "-" "Googlebot-Image/1.0" "pattifamily.net"
66.249.66.79 - - [22/Feb/2023:12:53:28 -0800] "GET /2001/014_160x106.jpg HTTP/1.1" 200 6542 "-" "Googlebot-Image/1.0" "pattifamily.net"
66.249.66.37 - - [22/Feb/2023:12:53:58 -0800] "GET /2001/058_426x640.jpg HTTP/1.1" 200 66336 "-" "Googlebot-Image/1.0" "pattifamily.net"
66.249.66.80 - - [22/Feb/2023:12:54:09 -0800] "GET /2001/099_160x106.jpg HTTP/1.1" 200 6313 "-" "Googlebot-Image/1.0" "pattifamily.net"
66.249.66.2 - - [22/Feb/2023:12:54:27 -0800] "GET /2001/083_160x106.jpg HTTP/1.1" 200 6202 "-" "Googlebot-Image/1.0" "pattifamily.net"
66.249.66.79 - - [22/Feb/2023:12:54:58 -0800] "GET /2001/394_640x426.jpg HTTP/1.1" 200 71737 "-" "Googlebot-Image/1.0" "pattifamily.net"
66.249.66.79 - - [22/Feb/2023:12:55:01 -0800] "GET /2001/063_160x106.jpg HTTP/1.1" 200 8169 "-" "Googlebot-Image/1.0" "pattifamily.net"
66.249.66.3 - - [22/Feb/2023:12:56:11 -0800] "GET /2001/059_426x640.jpg HTTP/1.1" 200 84180 "-" "Googlebot-Image/1.0" "pattifamily.net"
66.249.66.1 - - [22/Feb/2023:12:56:20 -0800] "GET /2001/201_640x426.jpg HTTP/1.1" 200 36984 "-" "Googlebot-Image/1.0" "pattifamily.net"
66.249.66.1 - - [22/Feb/2023:12:56:44 -0800] "GET /2001/157_160x106.jpg HTTP/1.1" 200 4472 "-" "Googlebot-Image/1.0" "pattifamily.net"
51.222.253.13 - - [22/Feb/2023:12:56:55 -0800] "GET /pictures/2005_11_04/?C=N;O=A HTTP/1.1" 200 477 "-" "Mozilla/5.0 (compatible; AhrefsBot/7.0; +http://ahrefs.com/robot/)" "pattifamily.net"
66.249.66.38 - - [22/Feb/2023:12:57:27 -0800] "GET /2001/009_160x106.jpg HTTP/1.1" 200 7917 "-" "Googlebot-Image/1.0" "pattifamily.net"
66.249.66.2 - - [22/Feb/2023:12:57:50 -0800] "GET /2001/083_640x426.jpg HTTP/1.1" 200 54765 "-" "Googlebot-Image/1.0" "pattifamily.net"
95.108.213.92 - - [22/Feb/2023:12:57:54 -0800] "GET /robots.txt HTTP/1.1" 404 73 "-" "Mozilla/5.0 (compatible; YandexBot/3.0; +http://yandex.com/bots)" "pattifamily.net"
87.250.224.239 - - [22/Feb/2023:12:57:54 -0800] "GET /pictures/2005_08_26/?C=M;O=A HTTP/1.1" 200 414 "-" "Mozilla/5.0 (compatible; YandexBot/3.0; +http://yandex.com/bots)" "pattifamily.net"
66.249.66.2 - - [22/Feb/2023:12:58:29 -0800] "GET /2005/020_160x106.jpg HTTP/1.1" 200 5801 "-" "Googlebot-Image/1.0" "pattifamily.net"
66.249.66.80 - - [22/Feb/2023:12:58:38 -0800] "GET /2001/038_640x426.jpg HTTP/1.1" 200 60817 "-" "Googlebot-Image/1.0" "pattifamily.net"
66.249.66.37 - - [22/Feb/2023:12:58:49 -0800] "GET /1974/Wedding/012_329x480.jpg HTTP/1.1" 200 29655 "-" "Googlebot-Image/1.0" "pattifamily.net"
66.249.66.79 - - [22/Feb/2023:12:59:45 -0800] "GET /2001/067_160x106.jpg HTTP/1.1" 200 8025 "-" "Googlebot-Image/1.0" "pattifamily.net"
66.249.66.38 - - [22/Feb/2023:13:00:34 -0800] "GET /2001/124_160x106.jpg HTTP/1.1" 200 6050 "-" "Googlebot-Image/1.0" "pattifamily.net"
213.180.203.167 - - [22/Feb/2023:13:00:41 -0800] "GET /pictures/2007_12_14/ HTTP/1.1" 200 386 "-" "Mozilla/5.0 (compatible; YandexBot/3.0; +http://yandex.com/bots)" "pattifamily.net"
66.249.66.37 - - [22/Feb/2023:13:00:44 -0800] "GET /2001/106_160x98.jpg HTTP/1.1" 200 4392 "-" "Googlebot-Image/1.0" "pattifamily.net"
66.249.66.79 - - [22/Feb/2023:13:00:50 -0800] "GET /familytree/BernieMurray_view.JPG HTTP/1.1" 200 164546 "-" "Googlebot-Image/1.0" "pattifamily.net"
66.249.66.37 - - [22/Feb/2023:13:00:57 -0800] "GET /1974/Wedding/037_326x480.jpg HTTP/1.1" 200 28681 "-" "Googlebot-Image/1.0" "pattifamily.net"
66.249.66.38 - - [22/Feb/2023:13:01:11 -0800] "GET /2005/022_160x106.jpg HTTP/1.1" 200 5563 "-" "Googlebot-Image/1.0" "pattifamily.net"
66.249.66.38 - - [22/Feb/2023:13:01:24 -0800] "GET /2001/091_640x426.jpg HTTP/1.1" 200 47669 "-" "Googlebot-Image/1.0" "pattifamily.net"
66.249.66.37 - - [22/Feb/2023:13:01:33 -0800] "GET /2001/090_640x426.jpg HTTP/1.1" 200 35378 "-" "Googlebot-Image/1.0" "pattifamily.net"
66.249.66.3 - - [22/Feb/2023:13:02:07 -0800] "GET /2001/085_160x106.jpg HTTP/1.1" 200 6567 "-" "Googlebot-Image/1.0" "pattifamily.net"
66.249.66.1 - - [22/Feb/2023:13:02:11 -0800] "GET /2001/188_640x426.jpg HTTP/1.1" 200 57438 "-" "Googlebot-Image/1.0" "pattifamily.net"
66.249.66.77 - - [22/Feb/2023:13:02:27 -0800] "GET /robots.txt HTTP/1.1" 404 88 "-" "Mozilla/5.0 (compatible; Googlebot/2.1; +http://www.google.com/bot.html)" "www.pattifamily.net"
66.249.66.37 - - [22/Feb/2023:13:02:27 -0800] "GET /murray/slides/unknown/012_640x426.jpg HTTP/1.1" 200 57635 "-" "Googlebot-Image/1.0" "www.pattifamily.net"
66.249.66.37 - - [22/Feb/2023:13:02:33 -0800] "GET /2001/141_79x120.jpg HTTP/1.1" 200 4445 "-" "Googlebot-Image/1.0" "pattifamily.net"
66.249.66.80 - - [22/Feb/2023:13:03:02 -0800] "GET /2001/136_640x426.jpg HTTP/1.1" 200 40645 "-" "Googlebot-Image/1.0" "pattifamily.net"
66.249.66.38 - - [22/Feb/2023:13:03:26 -0800] "GET /2001/108_160x100.jpg HTTP/1.1" 200 4397 "-" "Googlebot-Image/1.0" "pattifamily.net"
66.249.66.79 - - [22/Feb/2023:13:03:38 -0800] "GET /2001/034_160x106.jpg HTTP/1.1" 200 6793 "-" "Googlebot-Image/1.0" "pattifamily.net"
66.249.66.37 - - [22/Feb/2023:13:03:42 -0800] "GET /2001/030_640x426.jpg HTTP/1.1" 200 46719 "-" "Googlebot-Image/1.0" "pattifamily.net"
66.249.66.80 - - [22/Feb/2023:13:04:07 -0800] "GET /2001/158_160x106.jpg HTTP/1.1" 200 6283 "-" "Googlebot-Image/1.0" "pattifamily.net"
66.249.66.81 - - [22/Feb/2023:13:04:09 -0800] "GET /2001/215_160x102.jpg HTTP/1.1" 200 6833 "-" "Googlebot-Image/1.0" "pattifamily.net"
66.249.66.38 - - [22/Feb/2023:13:04:41 -0800] "GET /2001/143_160x106.jpg HTTP/1.1" 200 4997 "-" "Googlebot-Image/1.0" "pattifamily.net"
95.108.213.163 - - [22/Feb/2023:13:04:53 -0800] "GET /pictures/2009_07_09/?C=M;O=A HTTP/1.1" 200 406 "-" "Mozilla/5.0 (compatible; YandexBot/3.0; +http://yandex.com/bots)" "pattifamily.net"
66.249.66.1 - - [22/Feb/2023:13:06:46 -0800] "GET /2001/104_79x120.jpg HTTP/1.1" 200 4771 "-" "Googlebot-Image/1.0" "pattifamily.net"
51.222.253.19 - - [22/Feb/2023:13:06:57 -0800] "GET /pictures/2005_07_03/?C=S;O=D HTTP/1.1" 200 402 "-" "Mozilla/5.0 (compatible; AhrefsBot/7.0; +http://ahrefs.com/robot/)" "pattifamily.net"
66.249.66.38 - - [22/Feb/2023:13:07:41 -0800] "GET /2001/209_160x106.jpg HTTP/1.1" 200 5406 "-" "Googlebot-Image/1.0" "pattifamily.net"
66.249.66.80 - - [22/Feb/2023:13:07:52 -0800] "GET /2001/217_160x106.jpg HTTP/1.1" 200 7441 "-" "Googlebot-Image/1.0" "pattifamily.net"
66.249.66.1 - - [22/Feb/2023:13:08:15 -0800] "GET /2001/019_640x426.jpg HTTP/1.1" 200 80362 "-" "Googlebot-Image/1.0" "pattifamily.net"
66.249.66.80 - - [22/Feb/2023:13:08:32 -0800] "GET /2001/004_640x426.jpg HTTP/1.1" 200 60470 "-" "Googlebot-Image/1.0" "pattifamily.net"
66.249.66.1 - - [22/Feb/2023:13:08:41 -0800] "GET /2001/018_640x426.jpg HTTP/1.1" 200 49645 "-" "Googlebot-Image/1.0" "pattifamily.net"
66.249.66.81 - - [22/Feb/2023:13:09:04 -0800] "GET /2001/144_160x106.jpg HTTP/1.1" 200 5111 "-" "Googlebot-Image/1.0" "pattifamily.net"
66.249.66.38 - - [22/Feb/2023:13:09:18 -0800] "GET /2005/012_79x120.jpg HTTP/1.1" 200 3634 "-" "Googlebot-Image/1.0" "pattifamily.net"
66.249.66.80 - - [22/Feb/2023:13:10:16 -0800] "GET /2001/944_53x120.jpg HTTP/1.1" 200 2756 "-" "Googlebot-Image/1.0" "pattifamily.net"
66.249.66.37 - - [22/Feb/2023:13:10:43 -0800] "GET /2001/128_160x106.jpg HTTP/1.1" 200 4202 "-" "Googlebot-Image/1.0" "pattifamily.net"
66.249.66.79 - - [22/Feb/2023:13:11:57 -0800] "GET /2001/010_640x426.jpg HTTP/1.1" 200 43009 "-" "Googlebot-Image/1.0" "pattifamily.net"
66.249.66.81 - - [22/Feb/2023:13:12:08 -0800] "GET /1974/Wedding/029_327x480.jpg HTTP/1.1" 200 25488 "-" "Googlebot-Image/1.0" "pattifamily.net"
66.249.66.38 - - [22/Feb/2023:13:13:07 -0800] "GET /2001/122_79x120.jpg HTTP/1.1" 200 4821 "-" "Googlebot-Image/1.0" "pattifamily.net"
66.249.66.2 - - [22/Feb/2023:13:13:09 -0800] "GET /2001/104_426x640.jpg HTTP/1.1" 200 73405 "-" "Googlebot-Image/1.0" "pattifamily.net"
66.249.66.38 - - [22/Feb/2023:13:13:14 -0800] "GET /2001/082_160x106.jpg HTTP/1.1" 200 6195 "-" "Googlebot-Image/1.0" "pattifamily.net"
66.249.66.81 - - [22/Feb/2023:13:14:01 -0800] "GET /2001/396_640x426.jpg HTTP/1.1" 200 62217 "-" "Googlebot-Image/1.0" "pattifamily.net"
66.249.66.79 - - [22/Feb/2023:13:14:15 -0800] "GET /2005/043_160x106.jpg HTTP/1.1" 200 5405 "-" "Googlebot-Image/1.0" "pattifamily.net"
66.249.66.37 - - [22/Feb/2023:13:14:24 -0800] "GET /2001/171_426x640.jpg HTTP/1.1" 200 42722 "-" "Googlebot-Image/1.0" "pattifamily.net"
66.249.66.1 - - [22/Feb/2023:13:14:26 -0800] "GET /2001/049_426x640.jpg HTTP/1.1" 200 39771 "-" "Googlebot-Image/1.0" "pattifamily.net"
66.249.66.79 - - [22/Feb/2023:13:14:28 -0800] "GET /2001/056_640x426.jpg HTTP/1.1" 200 37556 "-" "Googlebot-Image/1.0" "pattifamily.net"
66.249.66.80 - - [22/Feb/2023:13:15:02 -0800] "GET /2001/122_426x640.jpg HTTP/1.1" 200 78894 "-" "Googlebot-Image/1.0" "pattifamily.net"
66.249.66.37 - - [22/Feb/2023:13:15:09 -0800] "GET /murray/slides/unknown/008_640x426.jpg HTTP/1.1" 200 47203 "-" "Googlebot-Image/1.0" "www.pattifamily.net"
51.222.253.15 - - [22/Feb/2023:13:15:51 -0800] "GET /pictures/2005_04_29/?C=S;O=A HTTP/1.1" 200 433 "-" "Mozilla/5.0 (compatible; AhrefsBot/7.0; +http://ahrefs.com/robot/)" "pattifamily.net"
66.249.66.79 - - [22/Feb/2023:13:15:58 -0800] "GET /2001/165_640x426.jpg HTTP/1.1" 200 70119 "-" "Googlebot-Image/1.0" "pattifamily.net"
87.250.224.253 - - [22/Feb/2023:13:16:07 -0800] "GET /pictures/2009_07_09/?C=M;O=A HTTP/1.1" 200 406 "-" "Mozilla/5.0 (compatible; YandexBot/3.0; +http://yandex.com/bots)" "pattifamily.net"
66.249.66.38 - - [22/Feb/2023:13:16:34 -0800] "GET /2001/126_160x106.jpg HTTP/1.1" 200 5265 "-" "Googlebot-Image/1.0" "pattifamily.net"
95.108.213.163 - - [22/Feb/2023:13:16:40 -0800] "GET /1994/ HTTP/1.1" 200 372 "-" "Mozilla/5.0 (compatible; YandexBot/3.0; +http://yandex.com/bots)" "pattifamily.net"
66.249.66.79 - - [22/Feb/2023:13:16:57 -0800] "GET /2001/021_640x426.jpg HTTP/1.1" 200 44703 "-" "Googlebot-Image/1.0" "pattifamily.net"
66.249.66.80 - - [22/Feb/2023:13:17:08 -0800] "GET /2001/011_640x426.jpg HTTP/1.1" 200 72171 "-" "Googlebot-Image/1.0" "pattifamily.net"
66.249.66.37 - - [22/Feb/2023:13:17:10 -0800] "GET /familytree/DebbieKimJoanneMay1984view.jpg HTTP/1.1" 200 348113 "-" "Googlebot-Image/1.0" "pattifamily.net"
66.249.66.80 - - [22/Feb/2023:13:17:21 -0800] "GET /familytree/BryantCarrieWilliamArtview.jpg HTTP/1.1" 200 228704 "-" "Googlebot-Image/1.0" "pattifamily.net"
66.249.66.1 - - [22/Feb/2023:13:17:33 -0800] "GET /2001/151_640x426.jpg HTTP/1.1" 200 42248 "-" "Googlebot-Image/1.0" "pattifamily.net"
87.250.224.253 - - [22/Feb/2023:13:17:44 -0800] "GET /pictures/2005_09_11/ HTTP/1.1" 200 423 "-" "Mozilla/5.0 (compatible; YandexBot/3.0; +http://yandex.com/bots)" "pattifamily.net"
66.249.66.1 - - [22/Feb/2023:13:17:51 -0800] "GET /2001/168_79x120.jpg HTTP/1.1" 200 4627 "-" "Googlebot-Image/1.0" "pattifamily.net"
66.249.66.79 - - [22/Feb/2023:13:17:54 -0800] "GET /2005/001_79x120.jpg HTTP/1.1" 200 3100 "-" "Googlebot-Image/1.0" "pattifamily.net"
66.249.66.37 - - [22/Feb/2023:13:17:54 -0800] "GET /familytree/CarrieLubold_view.JPG HTTP/1.1" 200 251062 "-" "Googlebot-Image/1.0" "pattifamily.net"
66.249.66.37 - - [22/Feb/2023:13:17:55 -0800] "GET /2001/075_426x640.jpg HTTP/1.1" 200 69184 "-" "Googlebot-Image/1.0" "pattifamily.net"
87.250.224.253 - - [22/Feb/2023:13:18:07 -0800] "GET /pictures/2006_10_21/ HTTP/1.1" 200 435 "-" "Mozilla/5.0 (compatible; YandexBot/3.0; +http://yandex.com/bots)" "pattifamily.net"
66.249.66.38 - - [22/Feb/2023:13:18:11 -0800] "GET /2001/220_80x120.jpg HTTP/1.1" 200 4956 "-" "Googlebot-Image/1.0" "pattifamily.net"
66.249.66.2 - - [22/Feb/2023:13:18:33 -0800] "GET /2001/160_640x426.jpg HTTP/1.1" 200 41172 "-" "Googlebot-Image/1.0" "pattifamily.net"
66.249.66.1 - - [22/Feb/2023:13:18:48 -0800] "GET /2001/103_426x640.jpg HTTP/1.1" 200 78236 "-" "Googlebot-Image/1.0" "pattifamily.net"
66.249.66.79 - - [22/Feb/2023:13:18:53 -0800] "GET /2001/201_160x106.jpg HTTP/1.1" 200 5659 "-" "Googlebot-Image/1.0" "pattifamily.net"
66.249.66.3 - - [22/Feb/2023:13:19:34 -0800] "GET /2001/016_640x426.jpg HTTP/1.1" 200 52927 "-" "Googlebot-Image/1.0" "pattifamily.net"
66.249.66.79 - - [22/Feb/2023:13:19:54 -0800] "GET /2001/097_640x426.jpg HTTP/1.1" 200 46113 "-" "Googlebot-Image/1.0" "pattifamily.net"
66.249.66.79 - - [22/Feb/2023:13:19:59 -0800] "GET /2001/134_640x426.jpg HTTP/1.1" 200 44224 "-" "Googlebot-Image/1.0" "pattifamily.net"
66.249.66.38 - - [22/Feb/2023:13:21:13 -0800] "GET /1974/Wedding/038_328x480.jpg HTTP/1.1" 200 26221 "-" "Googlebot-Image/1.0" "pattifamily.net"
66.249.66.79 - - [22/Feb/2023:13:21:17 -0800] "GET /2001/489_640x426.jpg HTTP/1.1" 200 48243 "-" "Googlebot-Image/1.0" "pattifamily.net"
66.249.66.81 - - [22/Feb/2023:13:22:00 -0800] "GET /2001/146_160x106.jpg HTTP/1.1" 200 6934 "-" "Googlebot-Image/1.0" "pattifamily.net"
66.249.66.2 - - [22/Feb/2023:13:22:11 -0800] "GET /2005/035_160x96.jpg HTTP/1.1" 200 5919 "-" "Googlebot-Image/1.0" "pattifamily.net"
66.249.66.1 - - [22/Feb/2023:13:22:22 -0800] "GET /2001/182_640x409.jpg HTTP/1.1" 200 43652 "-" "Googlebot-Image/1.0" "pattifamily.net"
66.249.66.77 - - [22/Feb/2023:13:22:40 -0800] "GET /murray/slides/unknown/002_640x426.jpg HTTP/1.1" 200 45931 "-" "Googlebot-Image/1.0" "www.pattifamily.net"
66.249.66.37 - - [22/Feb/2023:13:22:56 -0800] "GET /2001/078_640x426.jpg HTTP/1.1" 200 41556 "-" "Googlebot-Image/1.0" "pattifamily.net"
66.249.66.80 - - [22/Feb/2023:13:23:32 -0800] "GET /2001/187_640x426.jpg HTTP/1.1" 200 62330 "-" "Googlebot-Image/1.0" "pattifamily.net"
66.249.66.80 - - [22/Feb/2023:13:23:54 -0800] "GET /familytree/BernieandFlorence_view.JPG HTTP/1.1" 200 119578 "-" "Googlebot-Image/1.0" "pattifamily.net"
66.249.66.79 - - [22/Feb/2023:13:23:56 -0800] "GET /2001/089_640x426.jpg HTTP/1.1" 200 45039 "-" "Googlebot-Image/1.0" "pattifamily.net"
66.249.66.81 - - [22/Feb/2023:13:24:26 -0800] "GET /2001/099_640x426.jpg HTTP/1.1" 200 53901 "-" "Googlebot-Image/1.0" "pattifamily.net"
66.249.66.38 - - [22/Feb/2023:13:25:22 -0800] "GET /2001/215_640x411.jpg HTTP/1.1" 200 57226 "-" "Googlebot-Image/1.0" "pattifamily.net"
66.249.66.2 - - [22/Feb/2023:13:26:03 -0800] "GET /2001/060_80x120.jpg HTTP/1.1" 200 4615 "-" "Googlebot-Image/1.0" "pattifamily.net"
66.249.66.1 - - [22/Feb/2023:13:26:39 -0800] "GET /robots.txt HTTP/1.1" 404 88 "-" "Mozilla/5.0 (compatible; Googlebot/2.1; +http://www.google.com/bot.html)" "pattifamily.net"
66.249.66.1 - - [22/Feb/2023:13:26:40 -0800] "GET /2001/128_640x426.jpg HTTP/1.1" 200 29775 "-" "Googlebot-Image/1.0" "pattifamily.net"
66.249.66.79 - - [22/Feb/2023:13:26:48 -0800] "GET /2001/107_640x407.jpg HTTP/1.1" 200 28940 "-" "Googlebot-Image/1.0" "pattifamily.net"
66.249.66.39 - - [22/Feb/2023:13:27:08 -0800] "GET /2001/140_160x106.jpg HTTP/1.1" 200 5643 "-" "Googlebot-Image/1.0" "pattifamily.net"
66.249.66.38 - - [22/Feb/2023:13:27:28 -0800] "GET /2001/109_640x410.jpg HTTP/1.1" 200 29081 "-" "Googlebot-Image/1.0" "pattifamily.net"
66.249.66.37 - - [22/Feb/2023:13:27:29 -0800] "GET /2001/094_640x426.jpg HTTP/1.1" 200 33631 "-" "Googlebot-Image/1.0" "pattifamily.net"
66.249.66.79 - - [22/Feb/2023:13:27:46 -0800] "GET /2001/150_640x426.jpg HTTP/1.1" 200 27444 "-" "Googlebot-Image/1.0" "pattifamily.net"
66.249.66.1 - - [22/Feb/2023:13:27:49 -0800] "GET /2001/486_640x426.jpg HTTP/1.1" 200 63695 "-" "Googlebot-Image/1.0" "pattifamily.net"
87.250.224.253 - - [22/Feb/2023:13:27:56 -0800] "GET /pictures/2005_06_09/?C=M;O=A HTTP/1.1" 200 462 "-" "Mozilla/5.0 (compatible; YandexBot/3.0; +http://yandex.com/bots)" "pattifamily.net"
66.249.66.37 - - [22/Feb/2023:13:28:28 -0800] "GET /1974/Wedding/010_327x480.jpg HTTP/1.1" 200 35027 "-" "Googlebot-Image/1.0" "pattifamily.net"
66.249.66.38 - - [22/Feb/2023:13:28:31 -0800] "GET /2001/216_76x120.jpg HTTP/1.1" 200 4334 "-" "Googlebot-Image/1.0" "pattifamily.net"
66.249.66.2 - - [22/Feb/2023:13:28:34 -0800] "GET /2001/024_640x426.jpg HTTP/1.1" 200 41113 "-" "Googlebot-Image/1.0" "pattifamily.net"
66.249.66.37 - - [22/Feb/2023:13:28:42 -0800] "GET /2001/189_640x426.jpg HTTP/1.1" 200 63595 "-" "Googlebot-Image/1.0" "pattifamily.net"
66.249.66.39 - - [22/Feb/2023:13:29:34 -0800] "GET /1974/Wedding/003_329x480.jpg HTTP/1.1" 200 26114 "-" "Googlebot-Image/1.0" "pattifamily.net"
66.249.66.35 - - [22/Feb/2023:13:30:20 -0800] "GET /murray/slides/unknown/003_640x426.jpg HTTP/1.1" 200 61165 "-" "Googlebot-Image/1.0" "www.pattifamily.net"
66.249.66.2 - - [22/Feb/2023:13:31:31 -0800] "GET /2001/009_640x426.jpg HTTP/1.1" 200 82108 "-" "Googlebot-Image/1.0" "pattifamily.net"
66.249.66.79 - - [22/Feb/2023:13:32:16 -0800] "GET /2001/095_640x426.jpg HTTP/1.1" 200 34653 "-" "Googlebot-Image/1.0" "pattifamily.net"
66.249.66.38 - - [22/Feb/2023:13:32:18 -0800] "GET /2001/033_640x426.jpg HTTP/1.1" 200 36346 "-" "Googlebot-Image/1.0" "pattifamily.net"
66.249.66.2 - - [22/Feb/2023:13:32:21 -0800] "GET /2001/488_640x426.jpg HTTP/1.1" 200 49636 "-" "Googlebot-Image/1.0" "pattifamily.net"
66.249.66.1 - - [22/Feb/2023:13:32:30 -0800] "GET /2001/117_160x106.jpg HTTP/1.1" 200 4445 "-" "Googlebot-Image/1.0" "pattifamily.net"
66.249.66.37 - - [22/Feb/2023:13:32:40 -0800] "GET /2001/187_160x106.jpg HTTP/1.1" 200 7247 "-" "Googlebot-Image/1.0" "pattifamily.net"
66.249.66.37 - - [22/Feb/2023:13:32:48 -0800] "GET /2001/029_160x106.jpg HTTP/1.1" 200 5130 "-" "Googlebot-Image/1.0" "pattifamily.net"
66.249.66.2 - - [22/Feb/2023:13:33:01 -0800] "GET /2001/121_640x426.jpg HTTP/1.1" 200 50212 "-" "Googlebot-Image/1.0" "pattifamily.net"
66.249.66.2 - - [22/Feb/2023:13:33:26 -0800] "GET /unknown/Patti/PattiAnniversary/024_640x426.jpg HTTP/1.1" 200 36865 "-" "Googlebot-Image/1.0" "pattifamily.net"
66.249.66.1 - - [22/Feb/2023:13:33:48 -0800] "GET /2001/076_160x106.jpg HTTP/1.1" 200 5590 "-" "Googlebot-Image/1.0" "pattifamily.net"
66.249.66.2 - - [22/Feb/2023:13:34:16 -0800] "GET /2001/156_160x106.jpg HTTP/1.1" 200 4237 "-" "Googlebot-Image/1.0" "pattifamily.net"
51.222.253.20 - - [22/Feb/2023:13:35:04 -0800] "GET /pictures/2005_02_18/?C=D;O=D HTTP/1.1" 200 424 "-" "Mozilla/5.0 (compatible; AhrefsBot/7.0; +http://ahrefs.com/robot/)" "pattifamily.net"
66.249.66.3 - - [22/Feb/2023:13:35:14 -0800] "GET /2001/026_640x426.jpg HTTP/1.1" 200 68893 "-" "Googlebot-Image/1.0" "pattifamily.net"
66.249.66.38 - - [22/Feb/2023:13:35:23 -0800] "GET /2001/946_80x120.jpg HTTP/1.1" 200 2620 "-" "Googlebot-Image/1.0" "pattifamily.net"
66.249.66.37 - - [22/Feb/2023:13:35:25 -0800] "GET /2001/132_160x106.jpg HTTP/1.1" 200 7262 "-" "Googlebot-Image/1.0" "pattifamily.net"
87.250.224.253 - - [22/Feb/2023:13:35:44 -0800] "GET /pictures/2004_12_12/ HTTP/1.1" 200 460 "-" "Mozilla/5.0 (compatible; YandexBot/3.0; +http://yandex.com/bots)" "pattifamily.net"
66.249.66.3 - - [22/Feb/2023:13:36:15 -0800] "GET /2001/110_160x106.jpg HTTP/1.1" 200 4068 "-" "Googlebot-Image/1.0" "pattifamily.net"
66.249.66.2 - - [22/Feb/2023:13:36:37 -0800] "GET /2001/183_160x101.jpg HTTP/1.1" 200 5873 "-" "Googlebot-Image/1.0" "pattifamily.net"
66.249.66.79 - - [22/Feb/2023:13:36:53 -0800] "GET /2001/120_640x426.jpg HTTP/1.1" 200 25281 "-" "Googlebot-Image/1.0" "pattifamily.net"
66.249.66.79 - - [22/Feb/2023:13:37:15 -0800] "GET /2001/070_160x106.jpg HTTP/1.1" 200 7878 "-" "Googlebot-Image/1.0" "pattifamily.net"
66.249.66.37 - - [22/Feb/2023:13:37:26 -0800] "GET /2001/114_640x426.jpg HTTP/1.1" 200 33041 "-" "Googlebot-Image/1.0" "pattifamily.net"
66.249.66.37 - - [22/Feb/2023:13:37:31 -0800] "GET /2001/115_160x106.jpg HTTP/1.1" 200 5644 "-" "Googlebot-Image/1.0" "pattifamily.net"
66.249.66.79 - - [22/Feb/2023:13:37:35 -0800] "GET /2001/171_80x120.jpg HTTP/1.1" 200 3477 "-" "Googlebot-Image/1.0" "pattifamily.net"
66.249.66.37 - - [22/Feb/2023:13:37:40 -0800] "GET /2001/184_319x480.jpg HTTP/1.1" 200 37611 "-" "Googlebot-Image/1.0" "pattifamily.net"
54.36.148.126 - - [22/Feb/2023:13:38:59 -0800] "GET /robots.txt HTTP/1.1" 404 88 "-" "Mozilla/5.0 (compatible; AhrefsBot/7.0; +http://ahrefs.com/robot/)" "pattifamily.net"
51.222.253.1 - - [22/Feb/2023:13:39:00 -0800] "GET /pictures/2005_11_15/?C=S;O=D HTTP/1.1" 200 412 "-" "Mozilla/5.0 (compatible; AhrefsBot/7.0; +http://ahrefs.com/robot/)" "pattifamily.net"
66.249.66.39 - - [22/Feb/2023:13:39:13 -0800] "GET /unknown/Patti/Yankees/003_640x426.jpg HTTP/1.1" 200 47457 "-" "Googlebot-Image/1.0" "pattifamily.net"
66.249.66.38 - - [22/Feb/2023:13:39:21 -0800] "GET /2005/002_79x120.jpg HTTP/1.1" 200 4001 "-" "Googlebot-Image/1.0" "pattifamily.net"
66.249.66.79 - - [22/Feb/2023:13:39:48 -0800] "GET /2001/132_640x426.jpg HTTP/1.1" 200 65042 "-" "Googlebot-Image/1.0" "pattifamily.net"
66.249.66.1 - - [22/Feb/2023:13:40:04 -0800] "GET /familytree/MaryDittus122666view.jpg HTTP/1.1" 200 455207 "-" "Googlebot-Image/1.0" "pattifamily.net"
66.249.66.37 - - [22/Feb/2023:13:40:31 -0800] "GET /2001/138_640x426.jpg HTTP/1.1" 200 52389 "-" "Googlebot-Image/1.0" "pattifamily.net"
66.249.66.79 - - [22/Feb/2023:13:40:44 -0800] "GET /familytree/MaryDittusat80view.jpg HTTP/1.1" 200 361403 "-" "Googlebot-Image/1.0" "pattifamily.net"
66.249.66.79 - - [22/Feb/2023:13:40:56 -0800] "GET /murray/slides/unknown/029_640x426.jpg HTTP/1.1" 200 65130 "-" "Googlebot-Image/1.0" "www.pattifamily.net"
66.249.66.81 - - [22/Feb/2023:13:41:11 -0800] "GET /2001/105_426x640.jpg HTTP/1.1" 200 73151 "-" "Googlebot-Image/1.0" "pattifamily.net"
66.249.66.2 - - [22/Feb/2023:13:41:36 -0800] "GET /2001/487_640x426.jpg HTTP/1.1" 200 61381 "-" "Googlebot-Image/1.0" "pattifamily.net"
66.249.66.1 - - [22/Feb/2023:13:41:41 -0800] "GET /2005/045_160x106.jpg HTTP/1.1" 200 4958 "-" "Googlebot-Image/1.0" "pattifamily.net"
66.249.66.39 - - [22/Feb/2023:13:42:05 -0800] "GET /2001/177_426x640.jpg HTTP/1.1" 200 44484 "-" "Googlebot-Image/1.0" "pattifamily.net"
66.249.66.1 - - [22/Feb/2023:13:42:35 -0800] "GET /unknown/Patti/Yankees/742_640x405.jpg HTTP/1.1" 200 48479 "-" "Googlebot-Image/1.0" "pattifamily.net"
66.249.66.37 - - [22/Feb/2023:13:42:46 -0800] "GET /2005/050_160x106.jpg HTTP/1.1" 200 5447 "-" "Googlebot-Image/1.0" "pattifamily.net"
66.249.66.1 - - [22/Feb/2023:13:42:50 -0800] "GET /2001/051_160x106.jpg HTTP/1.1" 200 6470 "-" "Googlebot-Image/1.0" "pattifamily.net"
66.249.66.79 - - [22/Feb/2023:13:42:54 -0800] "GET /2001/088_160x106.jpg HTTP/1.1" 200 5517 "-" "Googlebot-Image/1.0" "pattifamily.net"
114.119.156.67 - - [22/Feb/2023:13:43:05 -0800] "GET /robots.txt HTTP/1.1" 404 88 "-" "Mozilla/5.0 (compatible;PetalBot;+https://webmaster.petalsearch.com/site/petalbot)" "pattifamily.net"
51.222.253.15 - - [22/Feb/2023:13:43:06 -0800] "GET /pictures/2005_10_07/?C=M;O=A HTTP/1.1" 200 461 "-" "Mozilla/5.0 (compatible; AhrefsBot/7.0; +http://ahrefs.com/robot/)" "pattifamily.net"
66.249.66.80 - - [22/Feb/2023:13:43:20 -0800] "GET /unknown/Patti/Yankees/902_640x426.jpg HTTP/1.1" 200 57836 "-" "Googlebot-Image/1.0" "pattifamily.net"
66.249.66.79 - - [22/Feb/2023:13:43:24 -0800] "GET /2001/208_640x426.jpg HTTP/1.1" 200 82265 "-" "Googlebot-Image/1.0" "pattifamily.net"
66.249.66.79 - - [22/Feb/2023:13:44:05 -0800] "GET /2001/061_640x426.jpg HTTP/1.1" 200 48126 "-" "Googlebot-Image/1.0" "pattifamily.net"
66.249.66.80 - - [22/Feb/2023:13:44:07 -0800] "GET /2001/181_160x103.jpg HTTP/1.1" 200 5544 "-" "Googlebot-Image/1.0" "pattifamily.net"
66.249.66.3 - - [22/Feb/2023:13:45:01 -0800] "GET /2001/157_640x426.jpg HTTP/1.1" 200 32627 "-" "Googlebot-Image/1.0" "pattifamily.net"
66.249.66.37 - - [22/Feb/2023:13:45:32 -0800] "GET /2001/042_160x106.jpg HTTP/1.1" 200 5561 "-" "Googlebot-Image/1.0" "pattifamily.net"
66.249.66.38 - - [22/Feb/2023:13:45:34 -0800] "GET /2001/220_426x640.jpg HTTP/1.1" 200 75426 "-" "Googlebot-Image/1.0" "pattifamily.net"
66.249.66.79 - - [22/Feb/2023:13:45:37 -0800] "GET /2001/109_160x102.jpg HTTP/1.1" 200 4159 "-" "Googlebot-Image/1.0" "pattifamily.net"
66.249.66.37 - - [22/Feb/2023:13:45:47 -0800] "GET /2001/245_160x106.jpg HTTP/1.1" 200 5954 "-" "Googlebot-Image/1.0" "pattifamily.net"
66.249.66.1 - - [22/Feb/2023:13:46:26 -0800] "GET /2001/142_79x120.jpg HTTP/1.1" 200 4261 "-" "Googlebot-Image/1.0" "pattifamily.net"
66.249.66.79 - - [22/Feb/2023:13:46:54 -0800] "GET /unknown/Patti/Yankees/492_640x426.jpg HTTP/1.1" 200 60672 "-" "Googlebot-Image/1.0" "pattifamily.net"
66.249.66.1 - - [22/Feb/2023:13:47:05 -0800] "GET /2001/085_640x426.jpg HTTP/1.1" 200 52881 "-" "Googlebot-Image/1.0" "pattifamily.net"
66.249.66.80 - - [22/Feb/2023:13:47:18 -0800] "GET /2001/174_160x106.jpg HTTP/1.1" 200 5388 "-" "Googlebot-Image/1.0" "pattifamily.net"
51.222.253.15 - - [22/Feb/2023:13:47:56 -0800] "GET /pictures/2005_08_18/ HTTP/1.1" 200 408 "-" "Mozilla/5.0 (compatible; AhrefsBot/7.0; +http://ahrefs.com/robot/)" "pattifamily.net"
66.249.66.80 - - [22/Feb/2023:13:48:59 -0800] "GET /2001/017_640x426.jpg HTTP/1.1" 200 60199 "-" "Googlebot-Image/1.0" "pattifamily.net"
66.249.66.79 - - [22/Feb/2023:13:49:16 -0800] "GET /2001/192_640x412.jpg HTTP/1.1" 200 51361 "-" "Googlebot-Image/1.0" "pattifamily.net"
66.249.66.38 - - [22/Feb/2023:13:49:22 -0800] "GET /2001/091_160x106.jpg HTTP/1.1" 200 5810 "-" "Googlebot-Image/1.0" "pattifamily.net"
66.249.66.80 - - [22/Feb/2023:13:49:22 -0800] "GET /2001/110_640x426.jpg HTTP/1.1" 200 31468 "-" "Googlebot-Image/1.0" "pattifamily.net"
66.249.66.79 - - [22/Feb/2023:13:49:33 -0800] "GET /2001/044_160x106.jpg HTTP/1.1" 200 4872 "-" "Googlebot-Image/1.0" "pattifamily.net"
66.249.66.37 - - [22/Feb/2023:13:49:38 -0800] "GET /2001/130_640x412.jpg HTTP/1.1" 200 63664 "-" "Googlebot-Image/1.0" "pattifamily.net"
66.249.66.37 - - [22/Feb/2023:13:49:50 -0800] "GET /unknown/Patti/Yankees/005_640x426.jpg HTTP/1.1" 200 52163 "-" "Googlebot-Image/1.0" "pattifamily.net"
66.249.66.37 - - [22/Feb/2023:13:49:54 -0800] "GET /familytree/DebbieKimJoanneview.jpg HTTP/1.1" 200 414004 "-" "Googlebot-Image/1.0" "pattifamily.net"
66.249.66.1 - - [22/Feb/2023:13:49:54 -0800] "GET /2001/087_640x426.jpg HTTP/1.1" 200 53873 "-" "Googlebot-Image/1.0" "pattifamily.net"
66.249.66.79 - - [22/Feb/2023:13:49:55 -0800] "GET /2005/049_160x106.jpg HTTP/1.1" 200 5537 "-" "Googlebot-Image/1.0" "pattifamily.net"
66.249.66.1 - - [22/Feb/2023:13:50:02 -0800] "GET /2001/084_160x106.jpg HTTP/1.1" 200 4779 "-" "Googlebot-Image/1.0" "pattifamily.net"
66.249.66.2 - - [22/Feb/2023:13:50:14 -0800] "GET /2001/101_426x640.jpg HTTP/1.1" 200 56485 "-" "Googlebot-Image/1.0" "pattifamily.net"
66.249.66.37 - - [22/Feb/2023:13:50:19 -0800] "GET /unknown/Patti/Yankees/741_640x399.jpg HTTP/1.1" 200 41790 "-" "Googlebot-Image/1.0" "pattifamily.net"
66.249.66.37 - - [22/Feb/2023:13:50:23 -0800] "GET /1974/Wedding/024_327x480.jpg HTTP/1.1" 200 28563 "-" "Googlebot-Image/1.0" "pattifamily.net"
66.249.66.1 - - [22/Feb/2023:13:50:28 -0800] "GET /2001/035_640x426.jpg HTTP/1.1" 200 41651 "-" "Googlebot-Image/1.0" "pattifamily.net"
66.249.66.1 - - [22/Feb/2023:13:50:36 -0800] "GET /2001/077_640x426.jpg HTTP/1.1" 200 37207 "-" "Googlebot-Image/1.0" "pattifamily.net"
66.249.66.1 - - [22/Feb/2023:13:50:41 -0800] "GET /2001/117_640x426.jpg HTTP/1.1" 200 29432 "-" "Googlebot-Image/1.0" "pattifamily.net"
66.249.66.79 - - [22/Feb/2023:13:50:44 -0800] "GET /familytree/ArthurLubold1926_view.JPG HTTP/1.1" 200 284520 "-" "Googlebot-Image/1.0" "pattifamily.net"
66.249.66.37 - - [22/Feb/2023:13:50:47 -0800] "GET /unknown/Patti/Yankees/340_640x426.jpg HTTP/1.1" 200 55083 "-" "Googlebot-Image/1.0" "pattifamily.net"
66.249.66.1 - - [22/Feb/2023:13:50:57 -0800] "GET /2001/115_640x426.jpg HTTP/1.1" 200 45088 "-" "Googlebot-Image/1.0" "pattifamily.net"
66.249.66.3 - - [22/Feb/2023:13:51:02 -0800] "GET /murray/slides/unknown/059_320x480.jpg HTTP/1.1" 200 33249 "-" "Googlebot-Image/1.0" "www.pattifamily.net"
66.249.66.39 - - [22/Feb/2023:13:51:03 -0800] "GET /2001/166_160x106.jpg HTTP/1.1" 200 5129 "-" "Googlebot-Image/1.0" "pattifamily.net"
66.249.66.38 - - [22/Feb/2023:13:51:09 -0800] "GET /familytree/ednacarolwinxmas1983view.jpg HTTP/1.1" 200 378378 "-" "Googlebot-Image/1.0" "pattifamily.net"
66.249.66.1 - - [22/Feb/2023:13:51:15 -0800] "GET /2001/079_160x106.jpg HTTP/1.1" 200 2759 "-" "Googlebot-Image/1.0" "pattifamily.net"
66.249.66.1 - - [22/Feb/2023:13:51:56 -0800] "GET /2001/489_160x106.jpg HTTP/1.1" 200 5771 "-" "Googlebot-Image/1.0" "pattifamily.net"
66.249.66.37 - - [22/Feb/2023:13:52:00 -0800] "GET /2001/096_640x426.jpg HTTP/1.1" 200 35778 "-" "Googlebot-Image/1.0" "pattifamily.net"
66.249.66.1 - - [22/Feb/2023:13:52:03 -0800] "GET /2001/127_640x426.jpg HTTP/1.1" 200 68860 "-" "Googlebot-Image/1.0" "pattifamily.net"
66.249.66.1 - - [22/Feb/2023:13:52:20 -0800] "GET /familytree/BernieMurray2_view.JPG HTTP/1.1" 200 121006 "-" "Googlebot-Image/1.0" "pattifamily.net"
66.249.66.37 - - [22/Feb/2023:13:52:21 -0800] "GET /2001/103_79x120.jpg HTTP/1.1" 200 4867 "-" "Googlebot-Image/1.0" "pattifamily.net"
66.249.66.37 - - [22/Feb/2023:13:52:35 -0800] "GET /2001/065_640x426.jpg HTTP/1.1" 200 47349 "-" "Googlebot-Image/1.0" "pattifamily.net"
66.249.66.1 - - [22/Feb/2023:13:52:37 -0800] "GET /2001/129_160x106.jpg HTTP/1.1" 200 4826 "-" "Googlebot-Image/1.0" "pattifamily.net"
51.222.253.15 - - [22/Feb/2023:13:52:43 -0800] "GET /pictures/2005_10_07/?C=S;O=A HTTP/1.1" 200 460 "-" "Mozilla/5.0 (compatible; AhrefsBot/7.0; +http://ahrefs.com/robot/)" "pattifamily.net"
66.249.66.79 - - [22/Feb/2023:13:52:49 -0800] "GET /2001/190_408x640.jpg HTTP/1.1" 200 54683 "-" "Googlebot-Image/1.0" "pattifamily.net"
