216.244.66.196 - - [20/Dec/2022:18:41:49 -0800] "GET /pictures/2006_08_09/?S=D HTTP/1.1" 200 1712 "-" "Mozilla/5.0 (compatible; DotBot/1.2; +https://opensiteexplorer.org/dotbot; help@moz.com)" "pattifamily.net"
216.244.66.196 - - [20/Dec/2022:18:41:50 -0800] "GET /pictures/2006_09_08/?M=A HTTP/1.1" 200 746 "-" "Mozilla/5.0 (compatible; DotBot/1.2; +https://opensiteexplorer.org/dotbot; help@moz.com)" "pattifamily.net"
216.244.66.196 - - [20/Dec/2022:18:41:50 -0800] "GET /pictures/2006_10_14/?M=A HTTP/1.1" 200 2195 "-" "Mozilla/5.0 (compatible; DotBot/1.2; +https://opensiteexplorer.org/dotbot; help@moz.com)" "pattifamily.net"
216.244.66.196 - - [20/Dec/2022:18:41:51 -0800] "GET /pictures/2006_10_22/?D=A HTTP/1.1" 200 2034 "-" "Mozilla/5.0 (compatible; DotBot/1.2; +https://opensiteexplorer.org/dotbot; help@moz.com)" "pattifamily.net"
216.244.66.196 - - [20/Dec/2022:18:41:52 -0800] "GET /pictures/2006_10_28/?N=D HTTP/1.1" 200 4288 "-" "Mozilla/5.0 (compatible; DotBot/1.2; +https://opensiteexplorer.org/dotbot; help@moz.com)" "pattifamily.net"
216.244.66.196 - - [20/Dec/2022:18:41:52 -0800] "GET /pictures/2006_10_31/?S=A HTTP/1.1" 200 3966 "-" "Mozilla/5.0 (compatible; DotBot/1.2; +https://opensiteexplorer.org/dotbot; help@moz.com)" "pattifamily.net"
216.244.66.196 - - [20/Dec/2022:18:41:53 -0800] "GET /pictures/2006_11_02/?M=A HTTP/1.1" 200 907 "-" "Mozilla/5.0 (compatible; DotBot/1.2; +https://opensiteexplorer.org/dotbot; help@moz.com)" "pattifamily.net"
216.244.66.196 - - [20/Dec/2022:18:41:53 -0800] "GET /pictures/2007_03_17/?N=A HTTP/1.1" 200 746 "-" "Mozilla/5.0 (compatible; DotBot/1.2; +https://opensiteexplorer.org/dotbot; help@moz.com)" "pattifamily.net"
216.244.66.196 - - [20/Dec/2022:18:41:53 -0800] "GET /pictures/2007_05_15/?S=A HTTP/1.1" 200 746 "-" "Mozilla/5.0 (compatible; DotBot/1.2; +https://opensiteexplorer.org/dotbot; help@moz.com)" "pattifamily.net"
216.244.66.196 - - [20/Dec/2022:18:41:54 -0800] "GET /pictures/2007_07_20/?S=A HTTP/1.1" 200 907 "-" "Mozilla/5.0 (compatible; DotBot/1.2; +https://opensiteexplorer.org/dotbot; help@moz.com)" "pattifamily.net"
216.244.66.196 - - [20/Dec/2022:18:41:54 -0800] "GET /pictures/2007_12_22/?S=D HTTP/1.1" 200 2839 "-" "Mozilla/5.0 (compatible; DotBot/1.2; +https://opensiteexplorer.org/dotbot; help@moz.com)" "pattifamily.net"
216.244.66.196 - - [20/Dec/2022:18:41:54 -0800] "GET /pictures/2007_12_23/?D=D HTTP/1.1" 200 907 "-" "Mozilla/5.0 (compatible; DotBot/1.2; +https://opensiteexplorer.org/dotbot; help@moz.com)" "pattifamily.net"
216.244.66.196 - - [20/Dec/2022:18:41:55 -0800] "GET /pictures/2008_01_19/?D=A HTTP/1.1" 200 907 "-" "Mozilla/5.0 (compatible; DotBot/1.2; +https://opensiteexplorer.org/dotbot; help@moz.com)" "pattifamily.net"
216.244.66.196 - - [20/Dec/2022:18:41:55 -0800] "GET /pictures/2008_02_16/?S=A HTTP/1.1" 200 907 "-" "Mozilla/5.0 (compatible; DotBot/1.2; +https://opensiteexplorer.org/dotbot; help@moz.com)" "pattifamily.net"
216.244.66.196 - - [20/Dec/2022:18:41:56 -0800] "GET /pictures/2008_05_10/?S=A HTTP/1.1" 200 1390 "-" "Mozilla/5.0 (compatible; DotBot/1.2; +https://opensiteexplorer.org/dotbot; help@moz.com)" "pattifamily.net"
216.244.66.196 - - [20/Dec/2022:18:41:56 -0800] "GET /pictures/2008_09_16/?M=A HTTP/1.1" 200 1873 "-" "Mozilla/5.0 (compatible; DotBot/1.2; +https://opensiteexplorer.org/dotbot; help@moz.com)" "pattifamily.net"
216.244.66.196 - - [20/Dec/2022:18:41:57 -0800] "GET /pictures/2008_10_05/?N=D HTTP/1.1" 200 907 "-" "Mozilla/5.0 (compatible; DotBot/1.2; +https://opensiteexplorer.org/dotbot; help@moz.com)" "pattifamily.net"
216.244.66.196 - - [20/Dec/2022:18:41:57 -0800] "GET /pictures/2009_08_14/?N=A HTTP/1.1" 200 746 "-" "Mozilla/5.0 (compatible; DotBot/1.2; +https://opensiteexplorer.org/dotbot; help@moz.com)" "pattifamily.net"
216.244.66.196 - - [20/Dec/2022:18:41:58 -0800] "GET /pictures/2009_08_27/?S=A HTTP/1.1" 200 907 "-" "Mozilla/5.0 (compatible; DotBot/1.2; +https://opensiteexplorer.org/dotbot; help@moz.com)" "pattifamily.net"
216.244.66.196 - - [20/Dec/2022:18:41:58 -0800] "GET /pictures/2009_11_29/?N=D HTTP/1.1" 200 907 "-" "Mozilla/5.0 (compatible; DotBot/1.2; +https://opensiteexplorer.org/dotbot; help@moz.com)" "pattifamily.net"
216.244.66.196 - - [20/Dec/2022:18:41:58 -0800] "GET /pictures/2009_12_17/?M=A HTTP/1.1" 200 1068 "-" "Mozilla/5.0 (compatible; DotBot/1.2; +https://opensiteexplorer.org/dotbot; help@moz.com)" "pattifamily.net"
216.244.66.196 - - [20/Dec/2022:18:41:59 -0800] "GET /pictures/2009_12_20/?S=A HTTP/1.1" 200 1068 "-" "Mozilla/5.0 (compatible; DotBot/1.2; +https://opensiteexplorer.org/dotbot; help@moz.com)" "pattifamily.net"
216.244.66.196 - - [20/Dec/2022:18:41:59 -0800] "GET /pictures/videos/2007/?N=A HTTP/1.1" 200 23265 "-" "Mozilla/5.0 (compatible; DotBot/1.2; +https://opensiteexplorer.org/dotbot; help@moz.com)" "pattifamily.net"
216.244.66.196 - - [20/Dec/2022:18:51:22 -0800] "GET /1993/Patti/September111993/?N=A HTTP/1.1" 200 22426 "-" "Mozilla/5.0 (compatible; DotBot/1.2; +https://opensiteexplorer.org/dotbot; help@moz.com)" "pattifamily.net"
216.244.66.196 - - [20/Dec/2022:18:51:46 -0800] "GET /pictures/2010/2010_07_26/?N=D HTTP/1.1" 200 912 "-" "Mozilla/5.0 (compatible; DotBot/1.2; +https://opensiteexplorer.org/dotbot; help@moz.com)" "pattifamily.net"
216.244.66.196 - - [20/Dec/2022:18:52:08 -0800] "GET /pictures/2010/2010_11_26/?M=A HTTP/1.1" 200 922 "-" "Mozilla/5.0 (compatible; DotBot/1.2; +https://opensiteexplorer.org/dotbot; help@moz.com)" "pattifamily.net"
216.244.66.196 - - [20/Dec/2022:18:52:29 -0800] "GET /pictures/2011/2011_03_16/?N=D HTTP/1.1" 200 761 "-" "Mozilla/5.0 (compatible; DotBot/1.2; +https://opensiteexplorer.org/dotbot; help@moz.com)" "pattifamily.net"
216.244.66.196 - - [20/Dec/2022:18:52:50 -0800] "GET /pictures/2011/2011_04_05/?D=A HTTP/1.1" 200 6396 "-" "Mozilla/5.0 (compatible; DotBot/1.2; +https://opensiteexplorer.org/dotbot; help@moz.com)" "pattifamily.net"
216.244.66.196 - - [20/Dec/2022:18:53:09 -0800] "GET /pictures/2011/2011_04_25/?D=D HTTP/1.1" 200 4786 "-" "Mozilla/5.0 (compatible; DotBot/1.2; +https://opensiteexplorer.org/dotbot; help@moz.com)" "pattifamily.net"
216.244.66.196 - - [20/Dec/2022:18:53:27 -0800] "GET /pictures/2011/2011_05_18/?N=A HTTP/1.1" 200 11870 "-" "Mozilla/5.0 (compatible; DotBot/1.2; +https://opensiteexplorer.org/dotbot; help@moz.com)" "pattifamily.net"
216.244.66.196 - - [20/Dec/2022:18:53:45 -0800] "GET /pictures/2011/2011_06_01/?M=D HTTP/1.1" 200 4142 "-" "Mozilla/5.0 (compatible; DotBot/1.2; +https://opensiteexplorer.org/dotbot; help@moz.com)" "pattifamily.net"
216.244.66.196 - - [20/Dec/2022:18:54:01 -0800] "GET /pictures/2011/2011_07_12/?S=A HTTP/1.1" 200 1888 "-" "Mozilla/5.0 (compatible; DotBot/1.2; +https://opensiteexplorer.org/dotbot; help@moz.com)" "pattifamily.net"
216.244.66.196 - - [20/Dec/2022:18:54:16 -0800] "GET /pictures/2011/2011_07_15/?S=A HTTP/1.1" 200 6074 "-" "Mozilla/5.0 (compatible; DotBot/1.2; +https://opensiteexplorer.org/dotbot; help@moz.com)" "pattifamily.net"
216.244.66.196 - - [20/Dec/2022:18:54:31 -0800] "GET /pictures/2011/2011_08_01/?N=D HTTP/1.1" 200 2210 "-" "Mozilla/5.0 (compatible; DotBot/1.2; +https://opensiteexplorer.org/dotbot; help@moz.com)" "pattifamily.net"
114.119.154.5 - - [20/Dec/2022:18:56:13 -0800] "GET /unknown/Patti/1046_160x106.jpg HTTP/1.1" 200 3605 "http://www.pattifamily.net/pattiunknown7.html" "Mozilla/5.0 (Linux; Android 7.0;) AppleWebKit/537.36 (KHTML, like Gecko) Mobile Safari/537.36 (compatible; PetalBot;+https://webmaster.petalsearch.com/site/petalbot)" "www.pattifamily.net"
114.119.143.119 - - [20/Dec/2022:18:57:23 -0800] "GET /1976/Patti/?C=N%3BO%3DD HTTP/1.1" 200 2862 "http://www.pattifamily.net/1976/Patti/?C=D%3BO%3DA" "Mozilla/5.0 (Linux; Android 7.0;) AppleWebKit/537.36 (KHTML, like Gecko) Mobile Safari/537.36 (compatible; PetalBot;+https://webmaster.petalsearch.com/site/petalbot)" "www.pattifamily.net"
216.244.66.196 - - [20/Dec/2022:19:17:14 -0800] "GET /robots.txt HTTP/1.1" 404 73 "-" "Mozilla/5.0 (compatible; DotBot/1.2; +https://opensiteexplorer.org/dotbot; help@moz.com)" "pattifamily.net"
114.119.151.233 - - [20/Dec/2022:19:20:42 -0800] "GET /pictures/?C=D%3BO%3DA HTTP/1.1" 200 480 "http://pattifamily.net/pictures/?C=M%3BO%3DA" "Mozilla/5.0 (Linux; Android 7.0;) AppleWebKit/537.36 (KHTML, like Gecko) Mobile Safari/537.36 (compatible; PetalBot;+https://webmaster.petalsearch.com/site/petalbot)" "pattifamily.net"
114.119.128.62 - - [20/Dec/2022:19:21:55 -0800] "GET /1977/Lubold/?C=M%3BO%3DA HTTP/1.1" 200 1625 "http://pattifamily.net/1977/Lubold/" "Mozilla/5.0 (Linux; Android 7.0;) AppleWebKit/537.36 (KHTML, like Gecko) Mobile Safari/537.36 (compatible; PetalBot;+https://webmaster.petalsearch.com/site/petalbot)" "pattifamily.net"
51.222.253.9 - - [20/Dec/2022:19:26:41 -0800] "GET /pictures/2005_05_11/?C=M;O=A HTTP/1.1" 200 399 "-" "Mozilla/5.0 (compatible; AhrefsBot/7.0; +http://ahrefs.com/robot/)" "pattifamily.net"
114.119.158.0 - - [20/Dec/2022:19:33:45 -0800] "GET /1985/ HTTP/1.1" 200 352 "https://pattifamily.net/?C=N%3BO%3DD" "Mozilla/5.0 (Linux; Android 7.0;) AppleWebKit/537.36 (KHTML, like Gecko) Mobile Safari/537.36 (compatible; PetalBot;+https://webmaster.petalsearch.com/site/petalbot)" "pattifamily.net"
114.119.152.104 - - [20/Dec/2022:19:35:10 -0800] "GET /1978/?C=S%3BO%3DA HTTP/1.1" 200 378 "https://pattifamily.net/1978/?C=D%3BO%3DA" "Mozilla/5.0 (Linux; Android 7.0;) AppleWebKit/537.36 (KHTML, like Gecko) Mobile Safari/537.36 (compatible; PetalBot;+https://webmaster.petalsearch.com/site/petalbot)" "pattifamily.net"
114.119.135.104 - - [20/Dec/2022:19:36:22 -0800] "GET /1976/Patti/ HTTP/1.1" 200 2862 "http://pattifamily.net/1976/?C=S%3BO%3DA" "Mozilla/5.0 (Linux; Android 7.0;) AppleWebKit/537.36 (KHTML, like Gecko) Mobile Safari/537.36 (compatible; PetalBot;+https://webmaster.petalsearch.com/site/petalbot)" "pattifamily.net"
65.109.67.81 - - [20/Dec/2022:19:40:29 -0800] "GET /robots.txt HTTP/1.1" 404 73 "-" "Mozilla/5.0 (compatible; MJ12bot/v1.4.8; http://mj12bot.com/)" "www.pattifamily.net"
65.109.67.81 - - [20/Dec/2022:19:40:30 -0800] "GET /pictures/2011/2011_02_03/?C=M;O=D HTTP/1.1" 200 401 "-" "Mozilla/5.0 (compatible; MJ12bot/v1.4.8; http://mj12bot.com/)" "www.pattifamily.net"
65.109.67.81 - - [20/Dec/2022:19:40:32 -0800] "GET /pictures/2011/2011_02_03/?C=N;O=A HTTP/1.1" 200 399 "-" "Mozilla/5.0 (compatible; MJ12bot/v1.4.8; http://mj12bot.com/)" "www.pattifamily.net"
65.109.67.81 - - [20/Dec/2022:19:40:34 -0800] "GET /pictures/2011/2011_02_03/?C=S;O=D HTTP/1.1" 200 401 "-" "Mozilla/5.0 (compatible; MJ12bot/v1.4.8; http://mj12bot.com/)" "www.pattifamily.net"
65.109.67.81 - - [20/Dec/2022:19:40:36 -0800] "GET /pictures/2011/2011_03_25/?D=D HTTP/1.1" 200 833 "-" "Mozilla/5.0 (compatible; MJ12bot/v1.4.8; http://mj12bot.com/)" "www.pattifamily.net"
65.109.67.81 - - [20/Dec/2022:19:40:38 -0800] "GET /pictures/2011/2011_03_25/?M=D HTTP/1.1" 200 833 "-" "Mozilla/5.0 (compatible; MJ12bot/v1.4.8; http://mj12bot.com/)" "www.pattifamily.net"
65.109.67.81 - - [20/Dec/2022:19:40:41 -0800] "GET /pictures/2011/2011_03_25/?N=A HTTP/1.1" 200 833 "-" "Mozilla/5.0 (compatible; MJ12bot/v1.4.8; http://mj12bot.com/)" "www.pattifamily.net"
65.109.67.81 - - [20/Dec/2022:19:40:47 -0800] "GET /pictures/2011/2011_03_25/?S=D HTTP/1.1" 200 833 "-" "Mozilla/5.0 (compatible; MJ12bot/v1.4.8; http://mj12bot.com/)" "www.pattifamily.net"
65.109.67.81 - - [20/Dec/2022:19:40:50 -0800] "GET /pictures/2011/2011_03_28/?D=A HTTP/1.1" 200 446 "-" "Mozilla/5.0 (compatible; MJ12bot/v1.4.8; http://mj12bot.com/)" "www.pattifamily.net"
65.109.67.81 - - [20/Dec/2022:19:40:55 -0800] "GET /pictures/2011/2011_03_28/?M=A HTTP/1.1" 200 446 "-" "Mozilla/5.0 (compatible; MJ12bot/v1.4.8; http://mj12bot.com/)" "www.pattifamily.net"
65.109.67.81 - - [20/Dec/2022:19:40:56 -0800] "GET /pictures/2011/2011_03_28/?S=A HTTP/1.1" 200 446 "-" "Mozilla/5.0 (compatible; MJ12bot/v1.4.8; http://mj12bot.com/)" "www.pattifamily.net"
65.109.67.81 - - [20/Dec/2022:19:40:59 -0800] "GET /pictures/2011/2011_03_29/?D=A HTTP/1.1" 200 731 "-" "Mozilla/5.0 (compatible; MJ12bot/v1.4.8; http://mj12bot.com/)" "www.pattifamily.net"
65.109.67.81 - - [20/Dec/2022:19:41:01 -0800] "GET /pictures/2011/2011_03_29/?M=A HTTP/1.1" 200 731 "-" "Mozilla/5.0 (compatible; MJ12bot/v1.4.8; http://mj12bot.com/)" "www.pattifamily.net"
65.109.67.81 - - [20/Dec/2022:19:41:03 -0800] "GET /pictures/2011/2011_03_29/?N=A HTTP/1.1" 200 731 "-" "Mozilla/5.0 (compatible; MJ12bot/v1.4.8; http://mj12bot.com/)" "www.pattifamily.net"
65.109.67.81 - - [20/Dec/2022:19:41:05 -0800] "GET /pictures/2011/2011_03_29/?S=A HTTP/1.1" 200 731 "-" "Mozilla/5.0 (compatible; MJ12bot/v1.4.8; http://mj12bot.com/)" "www.pattifamily.net"
65.109.67.81 - - [20/Dec/2022:19:41:07 -0800] "GET /pictures/2011/2011_03_30/?N=A HTTP/1.1" 200 555 "-" "Mozilla/5.0 (compatible; MJ12bot/v1.4.8; http://mj12bot.com/)" "www.pattifamily.net"
65.109.67.81 - - [20/Dec/2022:19:41:08 -0800] "GET /pictures/2011/2011_04_01/?D=A HTTP/1.1" 200 590 "-" "Mozilla/5.0 (compatible; MJ12bot/v1.4.8; http://mj12bot.com/)" "www.pattifamily.net"
173.212.246.178 - - [20/Dec/2022:19:41:10 -0800] "GET /robots.txt HTTP/1.1" 404 73 "-" "Mozilla/5.0 (compatible; MJ12bot/v1.4.8; http://mj12bot.com/)" "pattifamily.net"
173.212.246.178 - - [20/Dec/2022:19:41:12 -0800] "GET /1976/Lubold/ HTTP/1.1" 200 1233 "-" "Mozilla/5.0 (compatible; MJ12bot/v1.4.8; http://mj12bot.com/)" "pattifamily.net"
65.109.67.81 - - [20/Dec/2022:19:41:14 -0800] "GET /pictures/2011/2011_04_01/?N=A HTTP/1.1" 200 590 "-" "Mozilla/5.0 (compatible; MJ12bot/v1.4.8; http://mj12bot.com/)" "www.pattifamily.net"
65.109.67.81 - - [20/Dec/2022:19:41:16 -0800] "GET /pictures/2011/2011_05_14/?C=D;O=A HTTP/1.1" 200 496 "-" "Mozilla/5.0 (compatible; MJ12bot/v1.4.8; http://mj12bot.com/)" "www.pattifamily.net"
173.212.246.178 - - [20/Dec/2022:19:41:17 -0800] "GET /1976/Patti/ HTTP/1.1" 200 2862 "-" "Mozilla/5.0 (compatible; MJ12bot/v1.4.8; http://mj12bot.com/)" "pattifamily.net"
65.109.67.81 - - [20/Dec/2022:19:41:20 -0800] "GET /pictures/2011/2011_05_14/?C=M;O=A HTTP/1.1" 200 496 "-" "Mozilla/5.0 (compatible; MJ12bot/v1.4.8; http://mj12bot.com/)" "www.pattifamily.net"
173.212.246.178 - - [20/Dec/2022:19:41:21 -0800] "GET /1984/Lubold/ HTTP/1.1" 200 1766 "-" "Mozilla/5.0 (compatible; MJ12bot/v1.4.8; http://mj12bot.com/)" "pattifamily.net"
65.109.67.81 - - [20/Dec/2022:19:41:22 -0800] "GET /pictures/2011/2011_05_14/?C=N;O=D HTTP/1.1" 200 493 "-" "Mozilla/5.0 (compatible; MJ12bot/v1.4.8; http://mj12bot.com/)" "www.pattifamily.net"
65.109.67.81 - - [20/Dec/2022:19:41:24 -0800] "GET /pictures/2011/2011_05_14/?C=S;O=A HTTP/1.1" 200 503 "-" "Mozilla/5.0 (compatible; MJ12bot/v1.4.8; http://mj12bot.com/)" "www.pattifamily.net"
173.212.246.178 - - [20/Dec/2022:19:41:25 -0800] "GET /1984/Lubold/?C=D;O=A HTTP/1.1" 200 1766 "-" "Mozilla/5.0 (compatible; MJ12bot/v1.4.8; http://mj12bot.com/)" "pattifamily.net"
65.109.67.81 - - [20/Dec/2022:19:41:27 -0800] "GET /pictures/2011/2011_05_15/?C=D;O=A HTTP/1.1" 200 426 "-" "Mozilla/5.0 (compatible; MJ12bot/v1.4.8; http://mj12bot.com/)" "www.pattifamily.net"
65.109.67.81 - - [20/Dec/2022:19:41:29 -0800] "GET /pictures/2011/2011_05_15/?C=M;O=A HTTP/1.1" 200 427 "-" "Mozilla/5.0 (compatible; MJ12bot/v1.4.8; http://mj12bot.com/)" "www.pattifamily.net"
65.109.67.81 - - [20/Dec/2022:19:41:30 -0800] "GET /pictures/2011/2011_05_15/?C=N;O=D HTTP/1.1" 200 424 "-" "Mozilla/5.0 (compatible; MJ12bot/v1.4.8; http://mj12bot.com/)" "www.pattifamily.net"
173.212.246.178 - - [20/Dec/2022:19:41:32 -0800] "GET /1984/Lubold/?C=N;O=D HTTP/1.1" 200 1750 "-" "Mozilla/5.0 (compatible; MJ12bot/v1.4.8; http://mj12bot.com/)" "pattifamily.net"
65.109.67.81 - - [20/Dec/2022:19:41:32 -0800] "GET /pictures/2011/2011_05_15/?C=S;O=A HTTP/1.1" 200 426 "-" "Mozilla/5.0 (compatible; MJ12bot/v1.4.8; http://mj12bot.com/)" "www.pattifamily.net"
65.109.67.81 - - [20/Dec/2022:19:41:35 -0800] "GET /pictures/2011/2011_05_15/?C=S;O=D HTTP/1.1" 200 424 "-" "Mozilla/5.0 (compatible; MJ12bot/v1.4.8; http://mj12bot.com/)" "www.pattifamily.net"
173.212.246.178 - - [20/Dec/2022:19:41:35 -0800] "GET /1984/Lubold/?C=S;O=A HTTP/1.1" 200 1709 "-" "Mozilla/5.0 (compatible; MJ12bot/v1.4.8; http://mj12bot.com/)" "pattifamily.net"
65.109.67.81 - - [20/Dec/2022:19:41:37 -0800] "GET /pictures/2011/2011_05_17/?C=D;O=A HTTP/1.1" 200 387 "-" "Mozilla/5.0 (compatible; MJ12bot/v1.4.8; http://mj12bot.com/)" "www.pattifamily.net"
173.212.246.178 - - [20/Dec/2022:19:41:39 -0800] "GET /1988/Lubold/ HTTP/1.1" 200 1197 "-" "Mozilla/5.0 (compatible; MJ12bot/v1.4.8; http://mj12bot.com/)" "pattifamily.net"
65.109.67.81 - - [20/Dec/2022:19:41:40 -0800] "GET /pictures/2011/2011_05_17/?C=M;O=A HTTP/1.1" 200 387 "-" "Mozilla/5.0 (compatible; MJ12bot/v1.4.8; http://mj12bot.com/)" "www.pattifamily.net"
65.109.67.81 - - [20/Dec/2022:19:41:42 -0800] "GET /pictures/2011/2011_05_17/?C=N;O=D HTTP/1.1" 200 385 "-" "Mozilla/5.0 (compatible; MJ12bot/v1.4.8; http://mj12bot.com/)" "www.pattifamily.net"
185.234.69.220 - - [20/Dec/2022:19:41:43 -0800] "GET /robots.txt HTTP/1.1" 404 73 "-" "Mozilla/5.0 (compatible; MJ12bot/v1.4.8; http://mj12bot.com/)" "pattifamily.net"
173.212.246.178 - - [20/Dec/2022:19:41:44 -0800] "GET /1988/Patti/ HTTP/1.1" 200 6147 "-" "Mozilla/5.0 (compatible; MJ12bot/v1.4.8; http://mj12bot.com/)" "pattifamily.net"
65.109.67.81 - - [20/Dec/2022:19:41:49 -0800] "GET /pictures/2011/2011_05_17/?C=S;O=A HTTP/1.1" 200 387 "-" "Mozilla/5.0 (compatible; MJ12bot/v1.4.8; http://mj12bot.com/)" "www.pattifamily.net"
173.212.246.178 - - [20/Dec/2022:19:41:49 -0800] "GET /1988/Patti/?C=D;O=A HTTP/1.1" 200 6147 "-" "Mozilla/5.0 (compatible; MJ12bot/v1.4.8; http://mj12bot.com/)" "pattifamily.net"
173.212.246.178 - - [20/Dec/2022:19:41:56 -0800] "GET /1988/Patti/?C=M;O=A HTTP/1.1" 200 6154 "-" "Mozilla/5.0 (compatible; MJ12bot/v1.4.8; http://mj12bot.com/)" "pattifamily.net"
185.234.69.220 - - [20/Dec/2022:19:41:57 -0800] "GET /pictures/2006_05_05/ HTTP/1.1" 200 403 "-" "Mozilla/5.0 (compatible; MJ12bot/v1.4.8; http://mj12bot.com/)" "pattifamily.net"
173.212.246.178 - - [20/Dec/2022:19:42:00 -0800] "GET /1988/Patti/?C=N;O=D HTTP/1.1" 200 6108 "-" "Mozilla/5.0 (compatible; MJ12bot/v1.4.8; http://mj12bot.com/)" "pattifamily.net"
185.234.69.220 - - [20/Dec/2022:19:42:05 -0800] "GET /pictures/2006_05_06/ HTTP/1.1" 200 436 "-" "Mozilla/5.0 (compatible; MJ12bot/v1.4.8; http://mj12bot.com/)" "pattifamily.net"
173.212.246.178 - - [20/Dec/2022:19:42:04 -0800] "GET /1988/Patti/?C=S;O=A HTTP/1.1" 200 6156 "-" "Mozilla/5.0 (compatible; MJ12bot/v1.4.8; http://mj12bot.com/)" "pattifamily.net"
173.212.246.178 - - [20/Dec/2022:19:42:11 -0800] "GET /1989/Lubold/ HTTP/1.1" 200 2249 "-" "Mozilla/5.0 (compatible; MJ12bot/v1.4.8; http://mj12bot.com/)" "pattifamily.net"
65.109.67.81 - - [20/Dec/2022:19:42:11 -0800] "GET /pictures/2011/2011_05_18/?C=D;O=A HTTP/1.1" 200 994 "-" "Mozilla/5.0 (compatible; MJ12bot/v1.4.8; http://mj12bot.com/)" "www.pattifamily.net"
65.109.67.81 - - [20/Dec/2022:19:42:13 -0800] "GET /pictures/2011/2011_05_18/?C=M;O=A HTTP/1.1" 200 995 "-" "Mozilla/5.0 (compatible; MJ12bot/v1.4.8; http://mj12bot.com/)" "www.pattifamily.net"
173.212.246.178 - - [20/Dec/2022:19:42:16 -0800] "GET /1989/Patti/ HTTP/1.1" 200 2056 "-" "Mozilla/5.0 (compatible; MJ12bot/v1.4.8; http://mj12bot.com/)" "pattifamily.net"
185.234.69.220 - - [20/Dec/2022:19:42:16 -0800] "GET /pictures/2006_05_09/ HTTP/1.1" 200 405 "-" "Mozilla/5.0 (compatible; MJ12bot/v1.4.8; http://mj12bot.com/)" "pattifamily.net"
65.109.67.81 - - [20/Dec/2022:19:42:17 -0800] "GET /pictures/2011/2011_05_18/?C=N;O=D HTTP/1.1" 200 996 "-" "Mozilla/5.0 (compatible; MJ12bot/v1.4.8; http://mj12bot.com/)" "www.pattifamily.net"
173.212.246.178 - - [20/Dec/2022:19:42:25 -0800] "GET /1989/Patti/?S=D HTTP/1.1" 200 2056 "-" "Mozilla/5.0 (compatible; MJ12bot/v1.4.8; http://mj12bot.com/)" "pattifamily.net"
185.234.69.220 - - [20/Dec/2022:19:42:28 -0800] "GET /pictures/2006_05_14/ HTTP/1.1" 200 396 "-" "Mozilla/5.0 (compatible; MJ12bot/v1.4.8; http://mj12bot.com/)" "pattifamily.net"
65.109.67.81 - - [20/Dec/2022:19:42:30 -0800] "GET /pictures/2011/2011_05_18/?C=S;O=A HTTP/1.1" 200 1000 "-" "Mozilla/5.0 (compatible; MJ12bot/v1.4.8; http://mj12bot.com/)" "www.pattifamily.net"
173.212.246.178 - - [20/Dec/2022:19:42:31 -0800] "GET /1991/Patti/ HTTP/1.1" 200 916 "-" "Mozilla/5.0 (compatible; MJ12bot/v1.4.8; http://mj12bot.com/)" "pattifamily.net"
173.212.246.178 - - [20/Dec/2022:19:42:34 -0800] "GET /1991/Patti/?C=D;O=A HTTP/1.1" 200 916 "-" "Mozilla/5.0 (compatible; MJ12bot/v1.4.8; http://mj12bot.com/)" "pattifamily.net"
185.234.69.220 - - [20/Dec/2022:19:42:36 -0800] "GET /pictures/2006_05_18/ HTTP/1.1" 200 386 "-" "Mozilla/5.0 (compatible; MJ12bot/v1.4.8; http://mj12bot.com/)" "pattifamily.net"
173.212.246.178 - - [20/Dec/2022:19:42:44 -0800] "GET /1991/Patti/?C=D;O=D HTTP/1.1" 200 909 "-" "Mozilla/5.0 (compatible; MJ12bot/v1.4.8; http://mj12bot.com/)" "pattifamily.net"
185.234.69.220 - - [20/Dec/2022:19:42:49 -0800] "GET /pictures/2006_05_18/?C=N;O=A HTTP/1.1" 200 386 "-" "Mozilla/5.0 (compatible; MJ12bot/v1.4.8; http://mj12bot.com/)" "pattifamily.net"
173.212.246.178 - - [20/Dec/2022:19:42:50 -0800] "GET /1991/Patti/?C=M;O=A HTTP/1.1" 200 914 "-" "Mozilla/5.0 (compatible; MJ12bot/v1.4.8; http://mj12bot.com/)" "pattifamily.net"
185.234.69.220 - - [20/Dec/2022:19:42:55 -0800] "GET /pictures/2006_05_18/?C=N;O=D HTTP/1.1" 200 384 "-" "Mozilla/5.0 (compatible; MJ12bot/v1.4.8; http://mj12bot.com/)" "pattifamily.net"
173.212.246.178 - - [20/Dec/2022:19:43:01 -0800] "GET /1991/Patti/?C=M;O=D HTTP/1.1" 200 908 "-" "Mozilla/5.0 (compatible; MJ12bot/v1.4.8; http://mj12bot.com/)" "pattifamily.net"
185.234.69.220 - - [20/Dec/2022:19:43:01 -0800] "GET /pictures/2006_05_18/?C=S;O=A HTTP/1.1" 200 387 "-" "Mozilla/5.0 (compatible; MJ12bot/v1.4.8; http://mj12bot.com/)" "pattifamily.net"
65.109.67.81 - - [20/Dec/2022:19:43:13 -0800] "GET /pictures/2011/2011_06_09/?D=A HTTP/1.1" 200 663 "-" "Mozilla/5.0 (compatible; MJ12bot/v1.4.8; http://mj12bot.com/)" "www.pattifamily.net"
185.234.69.220 - - [20/Dec/2022:19:43:14 -0800] "GET /pictures/2006_05_18/?C=S;O=D HTTP/1.1" 200 384 "-" "Mozilla/5.0 (compatible; MJ12bot/v1.4.8; http://mj12bot.com/)" "pattifamily.net"
173.212.246.178 - - [20/Dec/2022:19:43:14 -0800] "GET /1991/Patti/?C=N;O=A HTTP/1.1" 200 916 "-" "Mozilla/5.0 (compatible; MJ12bot/v1.4.8; http://mj12bot.com/)" "pattifamily.net"
65.109.67.81 - - [20/Dec/2022:19:43:14 -0800] "GET /pictures/2011/2011_06_09/?M=A HTTP/1.1" 200 663 "-" "Mozilla/5.0 (compatible; MJ12bot/v1.4.8; http://mj12bot.com/)" "www.pattifamily.net"
65.109.67.81 - - [20/Dec/2022:19:43:16 -0800] "GET /pictures/2011/2011_06_09/?S=A HTTP/1.1" 200 663 "-" "Mozilla/5.0 (compatible; MJ12bot/v1.4.8; http://mj12bot.com/)" "www.pattifamily.net"
185.234.69.220 - - [20/Dec/2022:19:43:19 -0800] "GET /pictures/2006_05_26/ HTTP/1.1" 200 960 "-" "Mozilla/5.0 (compatible; MJ12bot/v1.4.8; http://mj12bot.com/)" "pattifamily.net"
185.234.69.220 - - [20/Dec/2022:19:43:26 -0800] "GET /pictures/2006_05_26/?C=D;O=A HTTP/1.1" 200 960 "-" "Mozilla/5.0 (compatible; MJ12bot/v1.4.8; http://mj12bot.com/)" "pattifamily.net"
173.212.246.178 - - [20/Dec/2022:19:43:27 -0800] "GET /1991/Patti/?C=N;O=D HTTP/1.1" 200 909 "-" "Mozilla/5.0 (compatible; MJ12bot/v1.4.8; http://mj12bot.com/)" "pattifamily.net"
65.109.67.81 - - [20/Dec/2022:19:43:29 -0800] "GET /pictures/2011/2011_08_22/?N=A HTTP/1.1" 200 403 "-" "Mozilla/5.0 (compatible; MJ12bot/v1.4.8; http://mj12bot.com/)" "www.pattifamily.net"
65.109.67.81 - - [20/Dec/2022:19:43:31 -0800] "GET /unknown/Lubold/HighSchool/?N=A HTTP/1.1" 200 560 "-" "Mozilla/5.0 (compatible; MJ12bot/v1.4.8; http://mj12bot.com/)" "www.pattifamily.net"
185.234.69.220 - - [20/Dec/2022:19:43:34 -0800] "GET /pictures/2006_05_26/?C=D;O=D HTTP/1.1" 200 949 "-" "Mozilla/5.0 (compatible; MJ12bot/v1.4.8; http://mj12bot.com/)" "pattifamily.net"
65.109.67.81 - - [20/Dec/2022:19:43:34 -0800] "GET /unknown/Lubold/KimBirthday/?C=D;O=A HTTP/1.1" 200 968 "-" "Mozilla/5.0 (compatible; MJ12bot/v1.4.8; http://mj12bot.com/)" "www.pattifamily.net"
173.212.246.178 - - [20/Dec/2022:19:43:35 -0800] "GET /1991/Patti/?C=S;O=A HTTP/1.1" 200 908 "-" "Mozilla/5.0 (compatible; MJ12bot/v1.4.8; http://mj12bot.com/)" "pattifamily.net"
185.234.69.220 - - [20/Dec/2022:19:43:39 -0800] "GET /pictures/2006_05_26/?C=M;O=A HTTP/1.1" 200 960 "-" "Mozilla/5.0 (compatible; MJ12bot/v1.4.8; http://mj12bot.com/)" "pattifamily.net"
65.109.67.81 - - [20/Dec/2022:19:43:40 -0800] "GET /unknown/Lubold/KimBirthday/?C=M;O=A HTTP/1.1" 200 970 "-" "Mozilla/5.0 (compatible; MJ12bot/v1.4.8; http://mj12bot.com/)" "www.pattifamily.net"
65.109.67.81 - - [20/Dec/2022:19:43:41 -0800] "GET /unknown/Lubold/KimBirthday/?C=S;O=A HTTP/1.1" 200 936 "-" "Mozilla/5.0 (compatible; MJ12bot/v1.4.8; http://mj12bot.com/)" "www.pattifamily.net"
65.109.67.81 - - [20/Dec/2022:19:43:43 -0800] "GET /unknown/Patti/AlyssaBirthday/?C=D;O=D HTTP/1.1" 200 1780 "-" "Mozilla/5.0 (compatible; MJ12bot/v1.4.8; http://mj12bot.com/)" "www.pattifamily.net"
65.109.67.81 - - [20/Dec/2022:19:43:45 -0800] "GET /unknown/Patti/AlyssaBirthday/?C=M;O=D HTTP/1.1" 200 1778 "-" "Mozilla/5.0 (compatible; MJ12bot/v1.4.8; http://mj12bot.com/)" "www.pattifamily.net"
173.212.246.178 - - [20/Dec/2022:19:43:46 -0800] "GET /1991/Patti/?C=S;O=D HTTP/1.1" 200 917 "-" "Mozilla/5.0 (compatible; MJ12bot/v1.4.8; http://mj12bot.com/)" "pattifamily.net"
65.109.67.81 - - [20/Dec/2022:19:43:47 -0800] "GET /unknown/Patti/AlyssaBirthday/?C=N;O=A HTTP/1.1" 200 1756 "-" "Mozilla/5.0 (compatible; MJ12bot/v1.4.8; http://mj12bot.com/)" "www.pattifamily.net"
185.234.69.220 - - [20/Dec/2022:19:43:48 -0800] "GET /pictures/2006_05_26/?C=M;O=D HTTP/1.1" 200 949 "-" "Mozilla/5.0 (compatible; MJ12bot/v1.4.8; http://mj12bot.com/)" "pattifamily.net"
65.109.67.81 - - [20/Dec/2022:19:43:49 -0800] "GET /unknown/Patti/AlyssaBirthday/?C=S;O=D HTTP/1.1" 200 1740 "-" "Mozilla/5.0 (compatible; MJ12bot/v1.4.8; http://mj12bot.com/)" "www.pattifamily.net"
65.109.67.81 - - [20/Dec/2022:19:43:51 -0800] "GET /unknown/Patti/Basketball/?C=D;O=D HTTP/1.1" 200 1447 "-" "Mozilla/5.0 (compatible; MJ12bot/v1.4.8; http://mj12bot.com/)" "www.pattifamily.net"
65.109.67.81 - - [20/Dec/2022:19:43:55 -0800] "GET /unknown/Patti/Basketball/?C=M;O=D HTTP/1.1" 200 1447 "-" "Mozilla/5.0 (compatible; MJ12bot/v1.4.8; http://mj12bot.com/)" "www.pattifamily.net"
185.234.69.220 - - [20/Dec/2022:19:44:00 -0800] "GET /pictures/2006_05_26/?C=N;O=A HTTP/1.1" 200 960 "-" "Mozilla/5.0 (compatible; MJ12bot/v1.4.8; http://mj12bot.com/)" "pattifamily.net"
173.212.246.178 - - [20/Dec/2022:19:44:01 -0800] "GET /1991/Patti/July241991/ HTTP/1.1" 200 2844 "-" "Mozilla/5.0 (compatible; MJ12bot/v1.4.8; http://mj12bot.com/)" "pattifamily.net"
173.212.246.178 - - [20/Dec/2022:19:44:14 -0800] "GET /1991/Patti/July241991/?C=D;O=A HTTP/1.1" 200 2844 "-" "Mozilla/5.0 (compatible; MJ12bot/v1.4.8; http://mj12bot.com/)" "pattifamily.net"
185.234.69.220 - - [20/Dec/2022:19:44:15 -0800] "GET /pictures/2006_05_26/?C=N;O=D HTTP/1.1" 200 949 "-" "Mozilla/5.0 (compatible; MJ12bot/v1.4.8; http://mj12bot.com/)" "pattifamily.net"
185.234.69.220 - - [20/Dec/2022:19:44:28 -0800] "GET /pictures/2006_05_26/?C=S;O=A HTTP/1.1" 200 965 "-" "Mozilla/5.0 (compatible; MJ12bot/v1.4.8; http://mj12bot.com/)" "pattifamily.net"
185.234.69.220 - - [20/Dec/2022:19:44:32 -0800] "GET /pictures/2006_05_26/?C=S;O=D HTTP/1.1" 200 958 "-" "Mozilla/5.0 (compatible; MJ12bot/v1.4.8; http://mj12bot.com/)" "pattifamily.net"
173.212.246.178 - - [20/Dec/2022:19:44:34 -0800] "GET /1991/Patti/July241991/?C=D;O=D HTTP/1.1" 200 2823 "-" "Mozilla/5.0 (compatible; MJ12bot/v1.4.8; http://mj12bot.com/)" "pattifamily.net"
185.234.69.220 - - [20/Dec/2022:19:44:42 -0800] "GET /pictures/2006_05_27/ HTTP/1.1" 200 635 "-" "Mozilla/5.0 (compatible; MJ12bot/v1.4.8; http://mj12bot.com/)" "pattifamily.net"
173.212.246.178 - - [20/Dec/2022:19:44:46 -0800] "GET /1991/Patti/July241991/?C=M;O=A HTTP/1.1" 200 2843 "-" "Mozilla/5.0 (compatible; MJ12bot/v1.4.8; http://mj12bot.com/)" "pattifamily.net"
185.234.69.220 - - [20/Dec/2022:19:44:52 -0800] "GET /pictures/2006_05_28/ HTTP/1.1" 200 546 "-" "Mozilla/5.0 (compatible; MJ12bot/v1.4.8; http://mj12bot.com/)" "pattifamily.net"
173.212.246.178 - - [20/Dec/2022:19:44:58 -0800] "GET /1991/Patti/July241991/?C=M;O=D HTTP/1.1" 200 2821 "-" "Mozilla/5.0 (compatible; MJ12bot/v1.4.8; http://mj12bot.com/)" "pattifamily.net"
185.234.69.220 - - [20/Dec/2022:19:45:00 -0800] "GET /robots.txt HTTP/1.1" 404 73 "-" "Mozilla/5.0 (compatible; MJ12bot/v1.4.8; http://mj12bot.com/)" "www.pattifamily.net"
185.234.69.220 - - [20/Dec/2022:19:45:08 -0800] "GET /1989/?C=D;O=A HTTP/1.1" 200 378 "-" "Mozilla/5.0 (compatible; MJ12bot/v1.4.8; http://mj12bot.com/)" "www.pattifamily.net"
185.234.69.220 - - [20/Dec/2022:19:45:16 -0800] "GET /1989/?C=M;O=A HTTP/1.1" 200 378 "-" "Mozilla/5.0 (compatible; MJ12bot/v1.4.8; http://mj12bot.com/)" "www.pattifamily.net"
173.212.246.178 - - [20/Dec/2022:19:45:17 -0800] "GET /1991/Patti/July241991/?C=N;O=A HTTP/1.1" 200 2844 "-" "Mozilla/5.0 (compatible; MJ12bot/v1.4.8; http://mj12bot.com/)" "pattifamily.net"
173.212.246.178 - - [20/Dec/2022:19:45:25 -0800] "GET /1991/Patti/July241991/?C=N;O=D HTTP/1.1" 200 2823 "-" "Mozilla/5.0 (compatible; MJ12bot/v1.4.8; http://mj12bot.com/)" "pattifamily.net"
185.234.69.220 - - [20/Dec/2022:19:45:26 -0800] "GET /1989/?C=N;O=D HTTP/1.1" 200 375 "-" "Mozilla/5.0 (compatible; MJ12bot/v1.4.8; http://mj12bot.com/)" "www.pattifamily.net"
185.234.69.220 - - [20/Dec/2022:19:45:31 -0800] "GET /1989/?C=S;O=A HTTP/1.1" 200 379 "-" "Mozilla/5.0 (compatible; MJ12bot/v1.4.8; http://mj12bot.com/)" "www.pattifamily.net"
173.212.246.178 - - [20/Dec/2022:19:45:36 -0800] "GET /1991/Patti/July241991/?C=S;O=A HTTP/1.1" 200 2841 "-" "Mozilla/5.0 (compatible; MJ12bot/v1.4.8; http://mj12bot.com/)" "pattifamily.net"
185.234.69.220 - - [20/Dec/2022:19:45:45 -0800] "GET /1991/?C=D;O=A HTTP/1.1" 200 377 "-" "Mozilla/5.0 (compatible; MJ12bot/v1.4.8; http://mj12bot.com/)" "www.pattifamily.net"
173.212.246.178 - - [20/Dec/2022:19:45:47 -0800] "GET /1991/Patti/July241991/?C=S;O=D HTTP/1.1" 200 2808 "-" "Mozilla/5.0 (compatible; MJ12bot/v1.4.8; http://mj12bot.com/)" "pattifamily.net"
185.234.69.220 - - [20/Dec/2022:19:45:51 -0800] "GET /1991/?C=M;O=A HTTP/1.1" 200 377 "-" "Mozilla/5.0 (compatible; MJ12bot/v1.4.8; http://mj12bot.com/)" "www.pattifamily.net"
185.234.69.220 - - [20/Dec/2022:19:45:59 -0800] "GET /1991/?C=N;O=D HTTP/1.1" 200 374 "-" "Mozilla/5.0 (compatible; MJ12bot/v1.4.8; http://mj12bot.com/)" "www.pattifamily.net"
173.212.246.178 - - [20/Dec/2022:19:46:02 -0800] "GET /1991/Patti/September231991/ HTTP/1.1" 200 1778 "-" "Mozilla/5.0 (compatible; MJ12bot/v1.4.8; http://mj12bot.com/)" "pattifamily.net"
185.234.69.220 - - [20/Dec/2022:19:46:04 -0800] "GET /1991/?C=S;O=A HTTP/1.1" 200 378 "-" "Mozilla/5.0 (compatible; MJ12bot/v1.4.8; http://mj12bot.com/)" "www.pattifamily.net"
185.234.69.220 - - [20/Dec/2022:19:46:13 -0800] "GET /1992/?C=D;O=A HTTP/1.1" 200 379 "-" "Mozilla/5.0 (compatible; MJ12bot/v1.4.8; http://mj12bot.com/)" "www.pattifamily.net"
173.212.246.178 - - [20/Dec/2022:19:46:16 -0800] "GET /1991/Patti/September231991/?C=D;O=A HTTP/1.1" 200 1778 "-" "Mozilla/5.0 (compatible; MJ12bot/v1.4.8; http://mj12bot.com/)" "pattifamily.net"
185.234.69.220 - - [20/Dec/2022:19:46:22 -0800] "GET /1992/?C=M;O=A HTTP/1.1" 200 379 "-" "Mozilla/5.0 (compatible; MJ12bot/v1.4.8; http://mj12bot.com/)" "www.pattifamily.net"
185.234.69.220 - - [20/Dec/2022:19:46:29 -0800] "GET /1992/?C=N;O=D HTTP/1.1" 200 375 "-" "Mozilla/5.0 (compatible; MJ12bot/v1.4.8; http://mj12bot.com/)" "www.pattifamily.net"
173.212.246.178 - - [20/Dec/2022:19:46:32 -0800] "GET /1991/Patti/September231991/?C=D;O=D HTTP/1.1" 200 1766 "-" "Mozilla/5.0 (compatible; MJ12bot/v1.4.8; http://mj12bot.com/)" "pattifamily.net"
185.234.69.220 - - [20/Dec/2022:19:46:39 -0800] "GET /1992/?C=S;O=A HTTP/1.1" 200 380 "-" "Mozilla/5.0 (compatible; MJ12bot/v1.4.8; http://mj12bot.com/)" "www.pattifamily.net"
173.212.246.178 - - [20/Dec/2022:19:46:45 -0800] "GET /1991/Patti/September231991/?C=M;O=A HTTP/1.1" 200 1783 "-" "Mozilla/5.0 (compatible; MJ12bot/v1.4.8; http://mj12bot.com/)" "pattifamily.net"
185.234.69.220 - - [20/Dec/2022:19:46:49 -0800] "GET /pictures/2004_11_01/?C=S;O=D HTTP/1.1" 200 416 "-" "Mozilla/5.0 (compatible; MJ12bot/v1.4.8; http://mj12bot.com/)" "www.pattifamily.net"
185.234.69.220 - - [20/Dec/2022:19:46:56 -0800] "GET /pictures/2005_08_28/?C=D;O=D HTTP/1.1" 200 413 "-" "Mozilla/5.0 (compatible; MJ12bot/v1.4.8; http://mj12bot.com/)" "www.pattifamily.net"
173.212.246.178 - - [20/Dec/2022:19:46:57 -0800] "GET /1991/Patti/September231991/?C=M;O=D HTTP/1.1" 200 1767 "-" "Mozilla/5.0 (compatible; MJ12bot/v1.4.8; http://mj12bot.com/)" "pattifamily.net"
185.234.69.220 - - [20/Dec/2022:19:47:02 -0800] "GET /pictures/2005_08_28/?C=M;O=D HTTP/1.1" 200 413 "-" "Mozilla/5.0 (compatible; MJ12bot/v1.4.8; http://mj12bot.com/)" "www.pattifamily.net"
173.212.246.178 - - [20/Dec/2022:19:47:09 -0800] "GET /1991/Patti/September231991/?C=N;O=A HTTP/1.1" 200 1778 "-" "Mozilla/5.0 (compatible; MJ12bot/v1.4.8; http://mj12bot.com/)" "pattifamily.net"
185.234.69.220 - - [20/Dec/2022:19:47:10 -0800] "GET /pictures/2005_08_28/?C=N;O=A HTTP/1.1" 200 415 "-" "Mozilla/5.0 (compatible; MJ12bot/v1.4.8; http://mj12bot.com/)" "www.pattifamily.net"
185.234.69.220 - - [20/Dec/2022:19:47:18 -0800] "GET /pictures/2005_08_28/?C=S;O=D HTTP/1.1" 200 413 "-" "Mozilla/5.0 (compatible; MJ12bot/v1.4.8; http://mj12bot.com/)" "www.pattifamily.net"
173.212.246.178 - - [20/Dec/2022:19:47:23 -0800] "GET /1991/Patti/September231991/?C=N;O=D HTTP/1.1" 200 1766 "-" "Mozilla/5.0 (compatible; MJ12bot/v1.4.8; http://mj12bot.com/)" "pattifamily.net"
185.234.69.220 - - [20/Dec/2022:19:47:27 -0800] "GET /pictures/2005_12_24/?C=D;O=D HTTP/1.1" 200 543 "-" "Mozilla/5.0 (compatible; MJ12bot/v1.4.8; http://mj12bot.com/)" "www.pattifamily.net"
173.212.246.178 - - [20/Dec/2022:19:47:36 -0800] "GET /1991/Patti/September231991/?C=S;O=A HTTP/1.1" 200 1707 "-" "Mozilla/5.0 (compatible; MJ12bot/v1.4.8; http://mj12bot.com/)" "pattifamily.net"
185.234.69.220 - - [20/Dec/2022:19:47:36 -0800] "GET /pictures/2006_08_05/?C=D;O=D HTTP/1.1" 200 490 "-" "Mozilla/5.0 (compatible; MJ12bot/v1.4.8; http://mj12bot.com/)" "www.pattifamily.net"
185.234.69.220 - - [20/Dec/2022:19:47:45 -0800] "GET /pictures/2006_12_09/?S=D HTTP/1.1" 200 385 "-" "Mozilla/5.0 (compatible; MJ12bot/v1.4.8; http://mj12bot.com/)" "www.pattifamily.net"
173.212.246.178 - - [20/Dec/2022:19:47:46 -0800] "GET /1991/Patti/September231991/?C=S;O=D HTTP/1.1" 200 1730 "-" "Mozilla/5.0 (compatible; MJ12bot/v1.4.8; http://mj12bot.com/)" "pattifamily.net"
185.234.69.220 - - [20/Dec/2022:19:47:50 -0800] "GET /pictures/2006_12_14/?D=D HTTP/1.1" 200 399 "-" "Mozilla/5.0 (compatible; MJ12bot/v1.4.8; http://mj12bot.com/)" "www.pattifamily.net"
173.212.246.178 - - [20/Dec/2022:19:48:02 -0800] "GET /1992/?C=D;O=A HTTP/1.1" 200 379 "-" "Mozilla/5.0 (compatible; MJ12bot/v1.4.8; http://mj12bot.com/)" "pattifamily.net"
185.234.69.220 - - [20/Dec/2022:19:48:06 -0800] "GET /pictures/2006_12_14/?M=D HTTP/1.1" 200 399 "-" "Mozilla/5.0 (compatible; MJ12bot/v1.4.8; http://mj12bot.com/)" "www.pattifamily.net"
173.212.246.178 - - [20/Dec/2022:19:48:15 -0800] "GET /1992/Lubold/ HTTP/1.1" 200 3934 "-" "Mozilla/5.0 (compatible; MJ12bot/v1.4.8; http://mj12bot.com/)" "pattifamily.net"
185.234.69.220 - - [20/Dec/2022:19:48:17 -0800] "GET /pictures/2006_12_14/?N=A HTTP/1.1" 200 399 "-" "Mozilla/5.0 (compatible; MJ12bot/v1.4.8; http://mj12bot.com/)" "www.pattifamily.net"
185.234.69.220 - - [20/Dec/2022:19:48:24 -0800] "GET /pictures/2006_12_14/?S=D HTTP/1.1" 200 399 "-" "Mozilla/5.0 (compatible; MJ12bot/v1.4.8; http://mj12bot.com/)" "www.pattifamily.net"
185.234.69.220 - - [20/Dec/2022:19:48:32 -0800] "GET /pictures/2006_12_16/?D=D HTTP/1.1" 200 390 "-" "Mozilla/5.0 (compatible; MJ12bot/v1.4.8; http://mj12bot.com/)" "www.pattifamily.net"
173.212.246.178 - - [20/Dec/2022:19:48:33 -0800] "GET /1992/Lubold/?C=D;O=D HTTP/1.1" 200 3959 "-" "Mozilla/5.0 (compatible; MJ12bot/v1.4.8; http://mj12bot.com/)" "pattifamily.net"
185.234.69.220 - - [20/Dec/2022:19:48:37 -0800] "GET /pictures/2006_12_16/?M=D HTTP/1.1" 200 390 "-" "Mozilla/5.0 (compatible; MJ12bot/v1.4.8; http://mj12bot.com/)" "www.pattifamily.net"
185.234.69.220 - - [20/Dec/2022:19:48:41 -0800] "GET /pictures/2006_12_16/?N=A HTTP/1.1" 200 390 "-" "Mozilla/5.0 (compatible; MJ12bot/v1.4.8; http://mj12bot.com/)" "www.pattifamily.net"
173.212.246.178 - - [20/Dec/2022:19:48:46 -0800] "GET /1992/Lubold/?C=M;O=D HTTP/1.1" 200 3961 "-" "Mozilla/5.0 (compatible; MJ12bot/v1.4.8; http://mj12bot.com/)" "pattifamily.net"
185.234.69.220 - - [20/Dec/2022:19:48:47 -0800] "GET /pictures/2006_12_16/?S=D HTTP/1.1" 200 390 "-" "Mozilla/5.0 (compatible; MJ12bot/v1.4.8; http://mj12bot.com/)" "www.pattifamily.net"
185.234.69.220 - - [20/Dec/2022:19:48:51 -0800] "GET /pictures/2006_12_29/?D=D HTTP/1.1" 200 473 "-" "Mozilla/5.0 (compatible; MJ12bot/v1.4.8; http://mj12bot.com/)" "www.pattifamily.net"
173.212.246.178 - - [20/Dec/2022:19:48:59 -0800] "GET /1992/Patti/ HTTP/1.1" 200 447 "-" "Mozilla/5.0 (compatible; MJ12bot/v1.4.8; http://mj12bot.com/)" "pattifamily.net"
185.234.69.220 - - [20/Dec/2022:19:49:02 -0800] "GET /pictures/2006_12_29/?M=D HTTP/1.1" 200 473 "-" "Mozilla/5.0 (compatible; MJ12bot/v1.4.8; http://mj12bot.com/)" "www.pattifamily.net"
185.234.69.220 - - [20/Dec/2022:19:49:11 -0800] "GET /pictures/2006_12_29/?N=A HTTP/1.1" 200 473 "-" "Mozilla/5.0 (compatible; MJ12bot/v1.4.8; http://mj12bot.com/)" "www.pattifamily.net"
173.212.246.178 - - [20/Dec/2022:19:49:13 -0800] "GET /1992/Patti/August211992/ HTTP/1.1" 200 644 "-" "Mozilla/5.0 (compatible; MJ12bot/v1.4.8; http://mj12bot.com/)" "pattifamily.net"
185.234.69.220 - - [20/Dec/2022:19:49:22 -0800] "GET /pictures/2006_12_29/?S=D HTTP/1.1" 200 473 "-" "Mozilla/5.0 (compatible; MJ12bot/v1.4.8; http://mj12bot.com/)" "www.pattifamily.net"
173.212.246.178 - - [20/Dec/2022:19:49:28 -0800] "GET /1992/Patti/December281992/ HTTP/1.1" 200 879 "-" "Mozilla/5.0 (compatible; MJ12bot/v1.4.8; http://mj12bot.com/)" "pattifamily.net"
185.234.69.220 - - [20/Dec/2022:19:49:32 -0800] "GET /pictures/2006_12_30/?D=D HTTP/1.1" 200 436 "-" "Mozilla/5.0 (compatible; MJ12bot/v1.4.8; http://mj12bot.com/)" "www.pattifamily.net"
185.234.69.220 - - [20/Dec/2022:19:49:40 -0800] "GET /pictures/2007_06_01/?C=M;O=D HTTP/1.1" 200 519 "-" "Mozilla/5.0 (compatible; MJ12bot/v1.4.8; http://mj12bot.com/)" "www.pattifamily.net"
173.212.246.178 - - [20/Dec/2022:19:49:42 -0800] "GET /1992/Patti/December281992/?C=D;O=A HTTP/1.1" 200 879 "-" "Mozilla/5.0 (compatible; MJ12bot/v1.4.8; http://mj12bot.com/)" "pattifamily.net"
185.234.69.220 - - [20/Dec/2022:19:49:47 -0800] "GET /pictures/2007_07_29/?D=A HTTP/1.1" 200 414 "-" "Mozilla/5.0 (compatible; MJ12bot/v1.4.8; http://mj12bot.com/)" "www.pattifamily.net"
173.212.246.178 - - [20/Dec/2022:19:49:52 -0800] "GET /1992/Patti/December281992/?C=D;O=D HTTP/1.1" 200 867 "-" "Mozilla/5.0 (compatible; MJ12bot/v1.4.8; http://mj12bot.com/)" "pattifamily.net"
185.234.69.220 - - [20/Dec/2022:19:49:54 -0800] "GET /pictures/2007_07_29/?M=A HTTP/1.1" 200 414 "-" "Mozilla/5.0 (compatible; MJ12bot/v1.4.8; http://mj12bot.com/)" "www.pattifamily.net"
173.212.246.178 - - [20/Dec/2022:19:50:07 -0800] "GET /1992/Patti/December281992/?C=M;O=A HTTP/1.1" 200 882 "-" "Mozilla/5.0 (compatible; MJ12bot/v1.4.8; http://mj12bot.com/)" "pattifamily.net"
185.234.69.220 - - [20/Dec/2022:19:50:07 -0800] "GET /pictures/2007_07_29/?S=A HTTP/1.1" 200 414 "-" "Mozilla/5.0 (compatible; MJ12bot/v1.4.8; http://mj12bot.com/)" "www.pattifamily.net"
185.234.69.220 - - [20/Dec/2022:19:50:15 -0800] "GET /pictures/2007_09_12/?D=A HTTP/1.1" 200 425 "-" "Mozilla/5.0 (compatible; MJ12bot/v1.4.8; http://mj12bot.com/)" "www.pattifamily.net"
173.212.246.178 - - [20/Dec/2022:19:50:18 -0800] "GET /1992/Patti/December281992/?C=M;O=D HTTP/1.1" 200 864 "-" "Mozilla/5.0 (compatible; MJ12bot/v1.4.8; http://mj12bot.com/)" "pattifamily.net"
185.234.69.220 - - [20/Dec/2022:19:50:23 -0800] "GET /pictures/2007_09_12/?M=A HTTP/1.1" 200 425 "-" "Mozilla/5.0 (compatible; MJ12bot/v1.4.8; http://mj12bot.com/)" "www.pattifamily.net"
185.234.69.220 - - [20/Dec/2022:19:50:27 -0800] "GET /pictures/2007_09_12/?N=A HTTP/1.1" 200 425 "-" "Mozilla/5.0 (compatible; MJ12bot/v1.4.8; http://mj12bot.com/)" "www.pattifamily.net"
173.212.246.178 - - [20/Dec/2022:19:50:33 -0800] "GET /1992/Patti/December281992/?C=N;O=A HTTP/1.1" 200 879 "-" "Mozilla/5.0 (compatible; MJ12bot/v1.4.8; http://mj12bot.com/)" "pattifamily.net"
185.234.69.220 - - [20/Dec/2022:19:50:35 -0800] "GET /pictures/2007_09_12/?S=A HTTP/1.1" 200 425 "-" "Mozilla/5.0 (compatible; MJ12bot/v1.4.8; http://mj12bot.com/)" "www.pattifamily.net"
185.234.69.220 - - [20/Dec/2022:19:50:43 -0800] "GET /pictures/2007_09_15/?D=A HTTP/1.1" 200 854 "-" "Mozilla/5.0 (compatible; MJ12bot/v1.4.8; http://mj12bot.com/)" "www.pattifamily.net"
173.212.246.178 - - [20/Dec/2022:19:50:47 -0800] "GET /1992/Patti/December281992/?C=N;O=D HTTP/1.1" 200 867 "-" "Mozilla/5.0 (compatible; MJ12bot/v1.4.8; http://mj12bot.com/)" "pattifamily.net"
185.234.69.220 - - [20/Dec/2022:19:50:48 -0800] "GET /pictures/2007_09_15/?M=A HTTP/1.1" 200 854 "-" "Mozilla/5.0 (compatible; MJ12bot/v1.4.8; http://mj12bot.com/)" "www.pattifamily.net"
185.234.69.220 - - [20/Dec/2022:19:50:58 -0800] "GET /pictures/2007_09_15/?N=A HTTP/1.1" 200 854 "-" "Mozilla/5.0 (compatible; MJ12bot/v1.4.8; http://mj12bot.com/)" "www.pattifamily.net"
173.212.246.178 - - [20/Dec/2022:19:51:01 -0800] "GET /1992/Patti/December281992/?C=S;O=A HTTP/1.1" 200 880 "-" "Mozilla/5.0 (compatible; MJ12bot/v1.4.8; http://mj12bot.com/)" "pattifamily.net"
185.234.69.220 - - [20/Dec/2022:19:51:13 -0800] "GET /pictures/2007_09_15/?S=A HTTP/1.1" 200 854 "-" "Mozilla/5.0 (compatible; MJ12bot/v1.4.8; http://mj12bot.com/)" "www.pattifamily.net"
173.212.246.178 - - [20/Dec/2022:19:51:15 -0800] "GET /1992/Patti/December281992/?C=S;O=D HTTP/1.1" 200 873 "-" "Mozilla/5.0 (compatible; MJ12bot/v1.4.8; http://mj12bot.com/)" "pattifamily.net"
173.212.246.178 - - [20/Dec/2022:19:51:22 -0800] "GET /1992/Patti/July271992/ HTTP/1.1" 200 680 "-" "Mozilla/5.0 (compatible; MJ12bot/v1.4.8; http://mj12bot.com/)" "pattifamily.net"
185.234.69.220 - - [20/Dec/2022:19:51:23 -0800] "GET /pictures/2007_09_16/?D=A HTTP/1.1" 200 413 "-" "Mozilla/5.0 (compatible; MJ12bot/v1.4.8; http://mj12bot.com/)" "www.pattifamily.net"
185.234.69.220 - - [20/Dec/2022:19:51:28 -0800] "GET /pictures/2007_09_16/?M=A HTTP/1.1" 200 413 "-" "Mozilla/5.0 (compatible; MJ12bot/v1.4.8; http://mj12bot.com/)" "www.pattifamily.net"
185.234.69.220 - - [20/Dec/2022:19:51:35 -0800] "GET /pictures/2008_05_10/?C=M;O=A HTTP/1.1" 200 433 "-" "Mozilla/5.0 (compatible; MJ12bot/v1.4.8; http://mj12bot.com/)" "www.pattifamily.net"
173.212.246.178 - - [20/Dec/2022:19:51:40 -0800] "GET /1992/Patti/May181992/ HTTP/1.1" 200 672 "-" "Mozilla/5.0 (compatible; MJ12bot/v1.4.8; http://mj12bot.com/)" "pattifamily.net"
185.234.69.220 - - [20/Dec/2022:19:51:43 -0800] "GET /pictures/2008_07_08/?N=A HTTP/1.1" 200 413 "-" "Mozilla/5.0 (compatible; MJ12bot/v1.4.8; http://mj12bot.com/)" "www.pattifamily.net"
185.234.69.220 - - [20/Dec/2022:19:51:47 -0800] "GET /pictures/2008_07_08/?S=A HTTP/1.1" 200 413 "-" "Mozilla/5.0 (compatible; MJ12bot/v1.4.8; http://mj12bot.com/)" "www.pattifamily.net"
173.212.246.178 - - [20/Dec/2022:19:51:50 -0800] "GET /1992/Patti/May181992/?C=D;O=A HTTP/1.1" 200 672 "-" "Mozilla/5.0 (compatible; MJ12bot/v1.4.8; http://mj12bot.com/)" "pattifamily.net"
185.234.69.220 - - [20/Dec/2022:19:51:55 -0800] "GET /pictures/2008_08_10/?N=A HTTP/1.1" 200 398 "-" "Mozilla/5.0 (compatible; MJ12bot/v1.4.8; http://mj12bot.com/)" "www.pattifamily.net"
173.212.246.178 - - [20/Dec/2022:19:52:05 -0800] "GET /1992/Patti/May181992/?C=D;O=D HTTP/1.1" 200 676 "-" "Mozilla/5.0 (compatible; MJ12bot/v1.4.8; http://mj12bot.com/)" "pattifamily.net"
185.234.69.220 - - [20/Dec/2022:19:52:05 -0800] "GET /pictures/2008_08_30/?N=A HTTP/1.1" 200 444 "-" "Mozilla/5.0 (compatible; MJ12bot/v1.4.8; http://mj12bot.com/)" "www.pattifamily.net"
185.234.69.220 - - [20/Dec/2022:19:52:11 -0800] "GET /pictures/2008_09_06/?N=A HTTP/1.1" 200 386 "-" "Mozilla/5.0 (compatible; MJ12bot/v1.4.8; http://mj12bot.com/)" "www.pattifamily.net"
173.212.246.178 - - [20/Dec/2022:19:52:24 -0800] "GET /1992/Patti/May181992/?C=M;O=A HTTP/1.1" 200 672 "-" "Mozilla/5.0 (compatible; MJ12bot/v1.4.8; http://mj12bot.com/)" "pattifamily.net"
185.234.69.220 - - [20/Dec/2022:19:52:27 -0800] "GET /pictures/2008_09_16/?C=N;O=A HTTP/1.1" 200 465 "-" "Mozilla/5.0 (compatible; MJ12bot/v1.4.8; http://mj12bot.com/)" "www.pattifamily.net"
173.212.246.178 - - [20/Dec/2022:19:52:29 -0800] "GET /1992/Patti/May181992/?C=M;O=D HTTP/1.1" 200 676 "-" "Mozilla/5.0 (compatible; MJ12bot/v1.4.8; http://mj12bot.com/)" "pattifamily.net"
185.234.69.220 - - [20/Dec/2022:19:52:33 -0800] "GET /pictures/2008_10_17/?N=A HTTP/1.1" 200 579 "-" "Mozilla/5.0 (compatible; MJ12bot/v1.4.8; http://mj12bot.com/)" "www.pattifamily.net"
173.212.246.178 - - [20/Dec/2022:19:52:42 -0800] "GET /1992/Patti/May181992/?C=N;O=A HTTP/1.1" 200 672 "-" "Mozilla/5.0 (compatible; MJ12bot/v1.4.8; http://mj12bot.com/)" "pattifamily.net"
185.234.69.220 - - [20/Dec/2022:19:52:43 -0800] "GET /pictures/2009_03_07/?C=D;O=A HTTP/1.1" 200 413 "-" "Mozilla/5.0 (compatible; MJ12bot/v1.4.8; http://mj12bot.com/)" "www.pattifamily.net"
185.234.69.220 - - [20/Dec/2022:19:52:48 -0800] "GET /pictures/2009_03_07/?C=D;O=D HTTP/1.1" 200 412 "-" "Mozilla/5.0 (compatible; MJ12bot/v1.4.8; http://mj12bot.com/)" "www.pattifamily.net"
173.212.246.178 - - [20/Dec/2022:19:52:55 -0800] "GET /1992/Patti/May181992/?C=N;O=D HTTP/1.1" 200 676 "-" "Mozilla/5.0 (compatible; MJ12bot/v1.4.8; http://mj12bot.com/)" "pattifamily.net"
185.234.69.220 - - [20/Dec/2022:19:52:56 -0800] "GET /pictures/2009_03_07/?C=M;O=A HTTP/1.1" 200 414 "-" "Mozilla/5.0 (compatible; MJ12bot/v1.4.8; http://mj12bot.com/)" "www.pattifamily.net"
185.234.69.220 - - [20/Dec/2022:19:53:04 -0800] "GET /pictures/2009_03_07/?C=M;O=D HTTP/1.1" 200 412 "-" "Mozilla/5.0 (compatible; MJ12bot/v1.4.8; http://mj12bot.com/)" "www.pattifamily.net"
173.212.246.178 - - [20/Dec/2022:19:53:05 -0800] "GET /1992/Patti/May181992/?C=S;O=A HTTP/1.1" 200 682 "-" "Mozilla/5.0 (compatible; MJ12bot/v1.4.8; http://mj12bot.com/)" "pattifamily.net"
185.234.69.220 - - [20/Dec/2022:19:53:13 -0800] "GET /pictures/2009_03_07/?C=N;O=A HTTP/1.1" 200 413 "-" "Mozilla/5.0 (compatible; MJ12bot/v1.4.8; http://mj12bot.com/)" "www.pattifamily.net"
173.212.246.178 - - [20/Dec/2022:19:53:20 -0800] "GET /1992/Patti/May181992/?C=S;O=D HTTP/1.1" 200 675 "-" "Mozilla/5.0 (compatible; MJ12bot/v1.4.8; http://mj12bot.com/)" "pattifamily.net"
185.234.69.220 - - [20/Dec/2022:19:53:20 -0800] "GET /pictures/2009_03_07/?C=N;O=D HTTP/1.1" 200 412 "-" "Mozilla/5.0 (compatible; MJ12bot/v1.4.8; http://mj12bot.com/)" "www.pattifamily.net"
185.234.69.220 - - [20/Dec/2022:19:53:27 -0800] "GET /pictures/2009_03_07/?C=S;O=A HTTP/1.1" 200 414 "-" "Mozilla/5.0 (compatible; MJ12bot/v1.4.8; http://mj12bot.com/)" "www.pattifamily.net"
173.212.246.178 - - [20/Dec/2022:19:53:32 -0800] "GET /1992/Patti/November51992/ HTTP/1.1" 200 1333 "-" "Mozilla/5.0 (compatible; MJ12bot/v1.4.8; http://mj12bot.com/)" "pattifamily.net"
185.234.69.220 - - [20/Dec/2022:19:53:35 -0800] "GET /pictures/2009_03_07/?C=S;O=D HTTP/1.1" 200 412 "-" "Mozilla/5.0 (compatible; MJ12bot/v1.4.8; http://mj12bot.com/)" "www.pattifamily.net"
173.212.246.178 - - [20/Dec/2022:19:53:43 -0800] "GET /1993/Patti/ HTTP/1.1" 200 498 "-" "Mozilla/5.0 (compatible; MJ12bot/v1.4.8; http://mj12bot.com/)" "pattifamily.net"
185.234.69.220 - - [20/Dec/2022:19:53:45 -0800] "GET /pictures/2009_03_23/?C=D;O=A HTTP/1.1" 200 399 "-" "Mozilla/5.0 (compatible; MJ12bot/v1.4.8; http://mj12bot.com/)" "www.pattifamily.net"
185.234.69.220 - - [20/Dec/2022:19:53:52 -0800] "GET /pictures/2009_03_23/?C=D;O=D HTTP/1.1" 200 397 "-" "Mozilla/5.0 (compatible; MJ12bot/v1.4.8; http://mj12bot.com/)" "www.pattifamily.net"
173.212.246.178 - - [20/Dec/2022:19:53:59 -0800] "GET /1993/Patti/?C=D;O=A HTTP/1.1" 200 498 "-" "Mozilla/5.0 (compatible; MJ12bot/v1.4.8; http://mj12bot.com/)" "pattifamily.net"
185.234.69.220 - - [20/Dec/2022:19:54:02 -0800] "GET /pictures/2009_03_23/?C=M;O=A HTTP/1.1" 200 399 "-" "Mozilla/5.0 (compatible; MJ12bot/v1.4.8; http://mj12bot.com/)" "www.pattifamily.net"
185.234.69.220 - - [20/Dec/2022:19:54:15 -0800] "GET /pictures/2009_03_23/?C=M;O=D HTTP/1.1" 200 397 "-" "Mozilla/5.0 (compatible; MJ12bot/v1.4.8; http://mj12bot.com/)" "www.pattifamily.net"
173.212.246.178 - - [20/Dec/2022:19:54:16 -0800] "GET /1993/Patti/?C=M;O=A HTTP/1.1" 200 499 "-" "Mozilla/5.0 (compatible; MJ12bot/v1.4.8; http://mj12bot.com/)" "pattifamily.net"
173.212.246.178 - - [20/Dec/2022:19:54:25 -0800] "GET /1993/Patti/?C=N;O=D HTTP/1.1" 200 492 "-" "Mozilla/5.0 (compatible; MJ12bot/v1.4.8; http://mj12bot.com/)" "pattifamily.net"
185.234.69.220 - - [20/Dec/2022:19:54:26 -0800] "GET /pictures/2009_03_23/?C=N;O=A HTTP/1.1" 200 399 "-" "Mozilla/5.0 (compatible; MJ12bot/v1.4.8; http://mj12bot.com/)" "www.pattifamily.net"
114.119.159.232 - - [20/Dec/2022:19:54:28 -0800] "GET /robots.txt HTTP/1.1" 404 88 "-" "Mozilla/5.0 (compatible;PetalBot;+https://webmaster.petalsearch.com/site/petalbot)" "www.pattifamily.net"
185.234.69.220 - - [20/Dec/2022:19:54:38 -0800] "GET /pictures/2009_03_23/?C=N;O=D HTTP/1.1" 200 397 "-" "Mozilla/5.0 (compatible; MJ12bot/v1.4.8; http://mj12bot.com/)" "www.pattifamily.net"
