216.244.66.196 - - [20/Dec/2022:02:12:49 -0800] "GET /pictures/2006_10_12/?D=D HTTP/1.1" 200 1068 "-" "Mozilla/5.0 (compatible; DotBot/1.2; +https://opensiteexplorer.org/dotbot; help@moz.com)" "pattifamily.net"
216.244.66.196 - - [20/Dec/2022:02:12:49 -0800] "GET /pictures/2006_12_27/?M=A HTTP/1.1" 200 746 "-" "Mozilla/5.0 (compatible; DotBot/1.2; +https://opensiteexplorer.org/dotbot; help@moz.com)" "pattifamily.net"
216.244.66.196 - - [20/Dec/2022:02:12:49 -0800] "GET /pictures/2007_01_27/?S=A HTTP/1.1" 200 907 "-" "Mozilla/5.0 (compatible; DotBot/1.2; +https://opensiteexplorer.org/dotbot; help@moz.com)" "pattifamily.net"
216.244.66.196 - - [20/Dec/2022:02:12:50 -0800] "GET /pictures/2007_02_13/?S=A HTTP/1.1" 200 2034 "-" "Mozilla/5.0 (compatible; DotBot/1.2; +https://opensiteexplorer.org/dotbot; help@moz.com)" "pattifamily.net"
216.244.66.196 - - [20/Dec/2022:02:12:50 -0800] "GET /pictures/2007_02_23/?D=A HTTP/1.1" 200 1068 "-" "Mozilla/5.0 (compatible; DotBot/1.2; +https://opensiteexplorer.org/dotbot; help@moz.com)" "pattifamily.net"
216.244.66.196 - - [20/Dec/2022:02:12:50 -0800] "GET /pictures/2007_04_07/?M=A HTTP/1.1" 200 1712 "-" "Mozilla/5.0 (compatible; DotBot/1.2; +https://opensiteexplorer.org/dotbot; help@moz.com)" "pattifamily.net"
216.244.66.196 - - [20/Dec/2022:02:12:51 -0800] "GET /pictures/2007_04_30/?D=A HTTP/1.1" 200 1390 "-" "Mozilla/5.0 (compatible; DotBot/1.2; +https://opensiteexplorer.org/dotbot; help@moz.com)" "pattifamily.net"
216.244.66.196 - - [20/Dec/2022:02:12:51 -0800] "GET /pictures/2007_06_01/?M=A HTTP/1.1" 200 2839 "-" "Mozilla/5.0 (compatible; DotBot/1.2; +https://opensiteexplorer.org/dotbot; help@moz.com)" "pattifamily.net"
216.244.66.196 - - [20/Dec/2022:02:12:51 -0800] "GET /pictures/2007_06_06/?N=D HTTP/1.1" 200 907 "-" "Mozilla/5.0 (compatible; DotBot/1.2; +https://opensiteexplorer.org/dotbot; help@moz.com)" "pattifamily.net"
216.244.66.196 - - [20/Dec/2022:02:12:52 -0800] "GET /pictures/2007_07_14/?S=A HTTP/1.1" 200 1390 "-" "Mozilla/5.0 (compatible; DotBot/1.2; +https://opensiteexplorer.org/dotbot; help@moz.com)" "pattifamily.net"
216.244.66.196 - - [20/Dec/2022:02:12:52 -0800] "GET /pictures/2007_10_25/?N=D HTTP/1.1" 200 1068 "-" "Mozilla/5.0 (compatible; DotBot/1.2; +https://opensiteexplorer.org/dotbot; help@moz.com)" "pattifamily.net"
216.244.66.196 - - [20/Dec/2022:02:12:52 -0800] "GET /pictures/2008_06_10/?N=D HTTP/1.1" 200 907 "-" "Mozilla/5.0 (compatible; DotBot/1.2; +https://opensiteexplorer.org/dotbot; help@moz.com)" "pattifamily.net"
216.244.66.196 - - [20/Dec/2022:02:12:53 -0800] "GET /pictures/2008_07_15/?M=A HTTP/1.1" 200 1390 "-" "Mozilla/5.0 (compatible; DotBot/1.2; +https://opensiteexplorer.org/dotbot; help@moz.com)" "pattifamily.net"
216.244.66.196 - - [20/Dec/2022:02:12:53 -0800] "GET /pictures/2008_09_24/?D=A HTTP/1.1" 200 3966 "-" "Mozilla/5.0 (compatible; DotBot/1.2; +https://opensiteexplorer.org/dotbot; help@moz.com)" "pattifamily.net"
216.244.66.196 - - [20/Dec/2022:02:12:53 -0800] "GET /pictures/2008_10_18/?S=A HTTP/1.1" 200 3000 "-" "Mozilla/5.0 (compatible; DotBot/1.2; +https://opensiteexplorer.org/dotbot; help@moz.com)" "pattifamily.net"
216.244.66.196 - - [20/Dec/2022:02:12:54 -0800] "GET /pictures/2009_06_24/?D=A HTTP/1.1" 200 907 "-" "Mozilla/5.0 (compatible; DotBot/1.2; +https://opensiteexplorer.org/dotbot; help@moz.com)" "pattifamily.net"
216.244.66.196 - - [20/Dec/2022:02:12:54 -0800] "GET /pictures/2009_08_16/?D=A HTTP/1.1" 200 746 "-" "Mozilla/5.0 (compatible; DotBot/1.2; +https://opensiteexplorer.org/dotbot; help@moz.com)" "pattifamily.net"
216.244.66.196 - - [20/Dec/2022:02:12:54 -0800] "GET /pictures/2009_09_27/?S=A HTTP/1.1" 200 746 "-" "Mozilla/5.0 (compatible; DotBot/1.2; +https://opensiteexplorer.org/dotbot; help@moz.com)" "pattifamily.net"
216.244.66.196 - - [20/Dec/2022:02:12:55 -0800] "GET /pictures/videos/2006/?S=A HTTP/1.1" 200 33887 "-" "Mozilla/5.0 (compatible; DotBot/1.2; +https://opensiteexplorer.org/dotbot; help@moz.com)" "pattifamily.net"
216.244.66.196 - - [20/Dec/2022:02:12:56 -0800] "GET /pictures/videos/2007/?D=D HTTP/1.1" 200 23265 "-" "Mozilla/5.0 (compatible; DotBot/1.2; +https://opensiteexplorer.org/dotbot; help@moz.com)" "pattifamily.net"
51.222.253.15 - - [20/Dec/2022:02:16:37 -0800] "GET /1998/Patti/?C=S;O=A HTTP/1.1" 200 2257 "-" "Mozilla/5.0 (compatible; AhrefsBot/7.0; +http://ahrefs.com/robot/)" "pattifamily.net"
114.119.145.86 - - [20/Dec/2022:02:18:25 -0800] "GET /1988/Patti/?C=S%3BO%3DA HTTP/1.1" 200 6147 "https://pattifamily.net/1988/Patti/?C=M%3BO%3DA" "Mozilla/5.0 (Linux; Android 7.0;) AppleWebKit/537.36 (KHTML, like Gecko) Mobile Safari/537.36 (compatible; PetalBot;+https://webmaster.petalsearch.com/site/petalbot)" "pattifamily.net"
216.244.66.196 - - [20/Dec/2022:02:19:00 -0800] "GET /1994/Patti/August231994/?D=A HTTP/1.1" 200 8081 "-" "Mozilla/5.0 (compatible; DotBot/1.2; +https://opensiteexplorer.org/dotbot; help@moz.com)" "pattifamily.net"
216.244.66.196 - - [20/Dec/2022:02:19:28 -0800] "GET /pictures/2004/December/?N=D HTTP/1.1" 200 3847 "-" "Mozilla/5.0 (compatible; DotBot/1.2; +https://opensiteexplorer.org/dotbot; help@moz.com)" "pattifamily.net"
114.119.142.100 - - [20/Dec/2022:02:19:48 -0800] "GET /august.htm HTTP/1.1" 200 629 "http://www.pattifamily.net/?C=S%3BO%3DA" "Mozilla/5.0 (Linux; Android 7.0;) AppleWebKit/537.36 (KHTML, like Gecko) Mobile Safari/537.36 (compatible; PetalBot;+https://webmaster.petalsearch.com/site/petalbot)" "www.pattifamily.net"
216.244.66.196 - - [20/Dec/2022:02:19:56 -0800] "GET /pictures/2010/2010_11_26/?D=A HTTP/1.1" 200 922 "-" "Mozilla/5.0 (compatible; DotBot/1.2; +https://opensiteexplorer.org/dotbot; help@moz.com)" "pattifamily.net"
216.244.66.196 - - [20/Dec/2022:02:20:22 -0800] "GET /pictures/2011/2011_01_26/?N=A HTTP/1.1" 200 922 "-" "Mozilla/5.0 (compatible; DotBot/1.2; +https://opensiteexplorer.org/dotbot; help@moz.com)" "pattifamily.net"
216.244.66.196 - - [20/Dec/2022:02:20:47 -0800] "GET /pictures/2011/2011_04_06/?S=A HTTP/1.1" 200 13319 "-" "Mozilla/5.0 (compatible; DotBot/1.2; +https://opensiteexplorer.org/dotbot; help@moz.com)" "pattifamily.net"
216.244.66.196 - - [20/Dec/2022:02:21:11 -0800] "GET /pictures/2011/2011_05_02/?S=A HTTP/1.1" 200 10743 "-" "Mozilla/5.0 (compatible; DotBot/1.2; +https://opensiteexplorer.org/dotbot; help@moz.com)" "pattifamily.net"
114.119.156.152 - - [20/Dec/2022:02:21:12 -0800] "GET /1998/?C=S%3BO%3DA HTTP/1.1" 200 374 "http://www.pattifamily.net/1998/?C=N%3BO%3DD" "Mozilla/5.0 (Linux; Android 7.0;) AppleWebKit/537.36 (KHTML, like Gecko) Mobile Safari/537.36 (compatible; PetalBot;+https://webmaster.petalsearch.com/site/petalbot)" "www.pattifamily.net"
216.244.66.196 - - [20/Dec/2022:02:21:35 -0800] "GET /pictures/2011/2011_06_02/?M=A HTTP/1.1" 200 3659 "-" "Mozilla/5.0 (compatible; DotBot/1.2; +https://opensiteexplorer.org/dotbot; help@moz.com)" "pattifamily.net"
216.244.66.196 - - [20/Dec/2022:02:21:57 -0800] "GET /pictures/2011/2011_06_15/?N=D HTTP/1.1" 200 4303 "-" "Mozilla/5.0 (compatible; DotBot/1.2; +https://opensiteexplorer.org/dotbot; help@moz.com)" "pattifamily.net"
216.244.66.196 - - [20/Dec/2022:02:22:18 -0800] "GET /pictures/2011/2011_06_16/?S=A HTTP/1.1" 200 922 "-" "Mozilla/5.0 (compatible; DotBot/1.2; +https://opensiteexplorer.org/dotbot; help@moz.com)" "pattifamily.net"
51.222.253.5 - - [20/Dec/2022:02:22:23 -0800] "GET /pictures/2005_01_08/?C=D;O=D HTTP/1.1" 200 435 "-" "Mozilla/5.0 (compatible; AhrefsBot/7.0; +http://ahrefs.com/robot/)" "pattifamily.net"
114.119.149.91 - - [20/Dec/2022:02:22:51 -0800] "GET /1981/?C=S%3BO%3DA HTTP/1.1" 200 352 "https://pattifamily.net/1981/?C=M%3BO%3DA" "Mozilla/5.0 (Linux; Android 7.0;) AppleWebKit/537.36 (KHTML, like Gecko) Mobile Safari/537.36 (compatible; PetalBot;+https://webmaster.petalsearch.com/site/petalbot)" "pattifamily.net"
114.119.151.206 - - [20/Dec/2022:02:23:43 -0800] "GET /1980/?C=D%3BO%3DA HTTP/1.1" 200 376 "http://pattifamily.net/1980/?C=M%3BO%3DA" "Mozilla/5.0 (Linux; Android 7.0;) AppleWebKit/537.36 (KHTML, like Gecko) Mobile Safari/537.36 (compatible; PetalBot;+https://webmaster.petalsearch.com/site/petalbot)" "pattifamily.net"
51.222.253.17 - - [20/Dec/2022:02:28:17 -0800] "GET /pictures/2005_02_08/?C=N;O=D HTTP/1.1" 200 420 "-" "Mozilla/5.0 (compatible; AhrefsBot/7.0; +http://ahrefs.com/robot/)" "pattifamily.net"
114.119.138.48 - - [20/Dec/2022:02:30:27 -0800] "GET /2004/ HTTP/1.1" 200 350 "http://www.pattifamily.net/?C=S%3BO%3DA" "Mozilla/5.0 (Linux; Android 7.0;) AppleWebKit/537.36 (KHTML, like Gecko) Mobile Safari/537.36 (compatible; PetalBot;+https://webmaster.petalsearch.com/site/petalbot)" "www.pattifamily.net"
51.222.253.8 - - [20/Dec/2022:02:34:44 -0800] "GET /pictures/2005_09_10/?C=S;O=D HTTP/1.1" 200 401 "-" "Mozilla/5.0 (compatible; AhrefsBot/7.0; +http://ahrefs.com/robot/)" "pattifamily.net"
216.244.66.196 - - [20/Dec/2022:02:38:01 -0800] "GET /robots.txt HTTP/1.1" 404 73 "-" "Mozilla/5.0 (compatible; DotBot/1.2; +https://opensiteexplorer.org/dotbot; help@moz.com)" "pattifamily.net"
51.222.253.2 - - [20/Dec/2022:02:41:01 -0800] "GET /pictures/2005_02_18/?C=N;O=D HTTP/1.1" 200 424 "-" "Mozilla/5.0 (compatible; AhrefsBot/7.0; +http://ahrefs.com/robot/)" "pattifamily.net"
51.222.253.5 - - [20/Dec/2022:02:47:56 -0800] "GET /pictures/2006_02_15/?C=N;O=A HTTP/1.1" 200 456 "-" "Mozilla/5.0 (compatible; AhrefsBot/7.0; +http://ahrefs.com/robot/)" "www.pattifamily.net"
51.222.253.8 - - [20/Dec/2022:02:54:05 -0800] "GET /pictures/2004_11_29/?C=S;O=A HTTP/1.1" 200 418 "-" "Mozilla/5.0 (compatible; AhrefsBot/7.0; +http://ahrefs.com/robot/)" "pattifamily.net"
40.77.167.82 - - [20/Dec/2022:02:58:51 -0800] "GET /pattieaster.html HTTP/1.1" 200 1453 "-" "Mozilla/5.0 (compatible; bingbot/2.0; +http://www.bing.com/bingbot.htm)" "pattifamily.net"
51.222.253.3 - - [20/Dec/2022:03:00:25 -0800] "GET /pictures/2006_03_09/?C=D;O=D HTTP/1.1" 200 450 "-" "Mozilla/5.0 (compatible; AhrefsBot/7.0; +http://ahrefs.com/robot/)" "www.pattifamily.net"
114.119.165.226 - - [20/Dec/2022:03:02:24 -0800] "GET /2004/Patti/November2004/ HTTP/1.1" 200 803 "https://pattifamily.net/2004/Patti/?C=S%3BO%3DA" "Mozilla/5.0 (Linux; Android 7.0;) AppleWebKit/537.36 (KHTML, like Gecko) Mobile Safari/537.36 (compatible; PetalBot;+https://webmaster.petalsearch.com/site/petalbot)" "pattifamily.net"
114.119.159.33 - - [20/Dec/2022:03:04:22 -0800] "GET /2000/Wedding/A005_149x120.jpg HTTP/1.1" 200 6404 "https://pattifamily.net/kimandchris.html" "Mozilla/5.0 (Linux; Android 7.0;) AppleWebKit/537.36 (KHTML, like Gecko) Mobile Safari/537.36 (compatible; PetalBot;+https://webmaster.petalsearch.com/site/petalbot)" "pattifamily.net"
114.119.150.32 - - [20/Dec/2022:03:05:14 -0800] "GET /1991/?C=S%3BO%3DA HTTP/1.1" 200 377 "https://pattifamily.net/1991/?C=M%3BO%3DA" "Mozilla/5.0 (Linux; Android 7.0;) AppleWebKit/537.36 (KHTML, like Gecko) Mobile Safari/537.36 (compatible; PetalBot;+https://webmaster.petalsearch.com/site/petalbot)" "pattifamily.net"
114.119.144.51 - - [20/Dec/2022:03:06:49 -0800] "GET /unknown/Lubold/310_160x106.jpg HTTP/1.1" 200 6523 "http://www.pattifamily.net/luboldunknown4.html" "Mozilla/5.0 (Linux; Android 7.0;) AppleWebKit/537.36 (KHTML, like Gecko) Mobile Safari/537.36 (compatible; PetalBot;+https://webmaster.petalsearch.com/site/petalbot)" "www.pattifamily.net"
51.222.253.10 - - [20/Dec/2022:03:07:51 -0800] "GET /pictures/2005_06_24/?C=N;O=D HTTP/1.1" 200 427 "-" "Mozilla/5.0 (compatible; AhrefsBot/7.0; +http://ahrefs.com/robot/)" "pattifamily.net"
114.119.138.127 - - [20/Dec/2022:03:08:26 -0800] "GET /bowling/videos/simpleScore/ HTTP/1.1" 200 403 "http://www.pattifamily.net/bowling/videos/" "Mozilla/5.0 (Linux; Android 7.0;) AppleWebKit/537.36 (KHTML, like Gecko) Mobile Safari/537.36 (compatible; PetalBot;+https://webmaster.petalsearch.com/site/petalbot)" "www.pattifamily.net"
114.119.130.30 - - [20/Dec/2022:03:09:34 -0800] "GET /1992/?C=S%3BO%3DA HTTP/1.1" 200 379 "http://www.pattifamily.net/1992/?C=D%3BO%3DA" "Mozilla/5.0 (Linux; Android 7.0;) AppleWebKit/537.36 (KHTML, like Gecko) Mobile Safari/537.36 (compatible; PetalBot;+https://webmaster.petalsearch.com/site/petalbot)" "www.pattifamily.net"
114.119.151.14 - - [20/Dec/2022:03:10:44 -0800] "GET /1984/Lubold/?C=D%3BO%3DA HTTP/1.1" 200 1766 "http://pattifamily.net/1984/Lubold/?C=S%3BO%3DA" "Mozilla/5.0 (Linux; Android 7.0;) AppleWebKit/537.36 (KHTML, like Gecko) Mobile Safari/537.36 (compatible; PetalBot;+https://webmaster.petalsearch.com/site/petalbot)" "pattifamily.net"
114.119.159.183 - - [20/Dec/2022:03:12:40 -0800] "GET /2000/Lubold/026_160x106.jpg HTTP/1.1" 200 6084 "https://pattifamily.net/lubold2000.html" "Mozilla/5.0 (Linux; Android 7.0;) AppleWebKit/537.36 (KHTML, like Gecko) Mobile Safari/537.36 (compatible; PetalBot;+https://webmaster.petalsearch.com/site/petalbot)" "pattifamily.net"
51.222.253.16 - - [20/Dec/2022:03:14:20 -0800] "GET /pictures/2005_11_19/?C=S;O=D HTTP/1.1" 200 403 "-" "Mozilla/5.0 (compatible; AhrefsBot/7.0; +http://ahrefs.com/robot/)" "pattifamily.net"
114.119.129.81 - - [20/Dec/2022:03:17:25 -0800] "GET /pictures/videos/?C=S%3BO%3DA HTTP/1.1" 200 321 "http://www.pattifamily.net/pictures/videos/?C=N%3BO%3DD" "Mozilla/5.0 (Linux; Android 7.0;) AppleWebKit/537.36 (KHTML, like Gecko) Mobile Safari/537.36 (compatible; PetalBot;+https://webmaster.petalsearch.com/site/petalbot)" "www.pattifamily.net"
114.119.158.251 - - [20/Dec/2022:03:18:38 -0800] "GET /murray/slides/?C=D%3BO%3DA HTTP/1.1" 200 360 "http://www.pattifamily.net/murray/slides/" "Mozilla/5.0 (Linux; Android 7.0;) AppleWebKit/537.36 (KHTML, like Gecko) Mobile Safari/537.36 (compatible; PetalBot;+https://webmaster.petalsearch.com/site/petalbot)" "www.pattifamily.net"
51.222.253.6 - - [20/Dec/2022:03:20:31 -0800] "GET /pictures/2005_02_05/?C=S;O=D HTTP/1.1" 200 442 "-" "Mozilla/5.0 (compatible; AhrefsBot/7.0; +http://ahrefs.com/robot/)" "pattifamily.net"
51.222.253.15 - - [20/Dec/2022:03:27:04 -0800] "GET /pictures/2005_02_05/?C=M;O=D HTTP/1.1" 200 442 "-" "Mozilla/5.0 (compatible; AhrefsBot/7.0; +http://ahrefs.com/robot/)" "pattifamily.net"
114.119.150.196 - - [20/Dec/2022:03:27:48 -0800] "GET /2004/Patti/November2004/?C=M%3BO%3DA HTTP/1.1" 200 803 "https://pattifamily.net/2004/Patti/November2004/?C=D%3BO%3DA" "Mozilla/5.0 (Linux; Android 7.0;) AppleWebKit/537.36 (KHTML, like Gecko) Mobile Safari/537.36 (compatible; PetalBot;+https://webmaster.petalsearch.com/site/petalbot)" "pattifamily.net"
114.119.152.204 - - [20/Dec/2022:03:29:11 -0800] "GET /1988/Patti/?C=D%3BO%3DA HTTP/1.1" 200 6147 "https://pattifamily.net/1988/Patti/?C=M%3BO%3DA" "Mozilla/5.0 (Linux; Android 7.0;) AppleWebKit/537.36 (KHTML, like Gecko) Mobile Safari/537.36 (compatible; PetalBot;+https://webmaster.petalsearch.com/site/petalbot)" "pattifamily.net"
216.244.66.196 - - [20/Dec/2022:03:32:35 -0800] "GET /robots.txt HTTP/1.1" 404 73 "-" "Mozilla/5.0 (compatible; DotBot/1.2; +https://opensiteexplorer.org/dotbot; help@moz.com)" "pattifamily.net"
51.222.253.1 - - [20/Dec/2022:03:33:29 -0800] "GET /pictures/2005_04_21/ HTTP/1.1" 200 441 "-" "Mozilla/5.0 (compatible; AhrefsBot/7.0; +http://ahrefs.com/robot/)" "pattifamily.net"
51.222.253.20 - - [20/Dec/2022:03:39:33 -0800] "GET /pictures/2005_10_10/?C=D;O=D HTTP/1.1" 200 424 "-" "Mozilla/5.0 (compatible; AhrefsBot/7.0; +http://ahrefs.com/robot/)" "www.pattifamily.net"
51.222.253.16 - - [20/Dec/2022:03:45:25 -0800] "GET /pictures/2004_11_08/?C=M;O=D HTTP/1.1" 200 456 "-" "Mozilla/5.0 (compatible; AhrefsBot/7.0; +http://ahrefs.com/robot/)" "pattifamily.net"
51.222.253.13 - - [20/Dec/2022:03:50:53 -0800] "GET /pictures/2006_05_09/?C=N;O=D HTTP/1.1" 200 403 "-" "Mozilla/5.0 (compatible; AhrefsBot/7.0; +http://ahrefs.com/robot/)" "pattifamily.net"
51.222.253.3 - - [20/Dec/2022:03:57:01 -0800] "GET /pictures/2004_11_29/?C=D;O=A HTTP/1.1" 200 418 "-" "Mozilla/5.0 (compatible; AhrefsBot/7.0; +http://ahrefs.com/robot/)" "pattifamily.net"
114.119.136.120 - - [20/Dec/2022:04:02:57 -0800] "GET /unknown/Lubold/ HTTP/1.1" 200 7271 "https://pattifamily.net/unknown/?C=D%3BO%3DA" "Mozilla/5.0 (Linux; Android 7.0;) AppleWebKit/537.36 (KHTML, like Gecko) Mobile Safari/537.36 (compatible; PetalBot;+https://webmaster.petalsearch.com/site/petalbot)" "pattifamily.net"
51.222.253.19 - - [20/Dec/2022:04:03:11 -0800] "GET /pictures/2005_08_15/?C=N;O=D HTTP/1.1" 200 397 "-" "Mozilla/5.0 (compatible; AhrefsBot/7.0; +http://ahrefs.com/robot/)" "pattifamily.net"
114.119.151.237 - - [20/Dec/2022:04:04:13 -0800] "GET /1995/Lubold/?C=M%3BO%3DA HTTP/1.1" 200 1508 "https://pattifamily.net/1995/Lubold/" "Mozilla/5.0 (Linux; Android 7.0;) AppleWebKit/537.36 (KHTML, like Gecko) Mobile Safari/537.36 (compatible; PetalBot;+https://webmaster.petalsearch.com/site/petalbot)" "pattifamily.net"
114.119.140.237 - - [20/Dec/2022:04:05:35 -0800] "GET /1998/Lubold/ HTTP/1.1" 200 3980 "https://pattifamily.net/1998/" "Mozilla/5.0 (Linux; Android 7.0;) AppleWebKit/537.36 (KHTML, like Gecko) Mobile Safari/537.36 (compatible; PetalBot;+https://webmaster.petalsearch.com/site/petalbot)" "pattifamily.net"
114.119.145.249 - - [20/Dec/2022:04:07:08 -0800] "GET /1992/Patti/August211992/ HTTP/1.1" 200 644 "https://pattifamily.net/1992/Patti/?C=D%3BO%3DA" "Mozilla/5.0 (Linux; Android 7.0;) AppleWebKit/537.36 (KHTML, like Gecko) Mobile Safari/537.36 (compatible; PetalBot;+https://webmaster.petalsearch.com/site/petalbot)" "pattifamily.net"
34.219.85.173 - - [20/Dec/2022:04:09:59 -0800] "GET / HTTP/1.1" 200 2014 "-" "Mozilla/5.0 (X11; Linux x86_64) AppleWebKit/537.36 (KHTML, like Gecko) Chrome/83.0.4103.97 Safari/537.36" "pattifamily.net"
35.89.149.207 - - [20/Dec/2022:04:10:13 -0800] "GET / HTTP/1.1" 200 2014 "-" "Mozilla/5.0 (X11; Linux x86_64) AppleWebKit/537.36 (KHTML, like Gecko) Chrome/83.0.4103.97 Safari/537.36" "pattifamily.net"
51.222.253.20 - - [20/Dec/2022:04:10:56 -0800] "GET /pictures/2006_06_10/?C=N;O=A HTTP/1.1" 200 426 "-" "Mozilla/5.0 (compatible; AhrefsBot/7.0; +http://ahrefs.com/robot/)" "www.pattifamily.net"
34.219.230.40 - - [20/Dec/2022:04:11:26 -0800] "GET / HTTP/1.1" 200 2014 "-" "Mozilla/5.0 (X11; Linux x86_64) AppleWebKit/537.36 (KHTML, like Gecko) Chrome/83.0.4103.97 Safari/537.36" "pattifamily.net"
34.220.90.163 - - [20/Dec/2022:04:11:49 -0800] "GET /favicon.ico HTTP/1.1" 404 88 "-" "Mozilla/5.0 (X11; Linux x86_64) AppleWebKit/537.36 (KHTML, like Gecko) Chrome/83.0.4103.97 Safari/537.36" "pattifamily.net"
34.220.90.163 - - [20/Dec/2022:04:11:50 -0800] "GET / HTTP/1.1" 200 2014 "-" "Mozilla/5.0 (X11; Linux x86_64) AppleWebKit/537.36 (KHTML, like Gecko) Chrome/83.0.4103.97 Safari/537.36" "pattifamily.net"
114.119.150.248 - - [20/Dec/2022:04:12:37 -0800] "GET /1992/Lubold/ HTTP/1.1" 200 3934 "http://www.pattifamily.net/1992/?C=D%3BO%3DA" "Mozilla/5.0 (Linux; Android 7.0;) AppleWebKit/537.36 (KHTML, like Gecko) Mobile Safari/537.36 (compatible; PetalBot;+https://webmaster.petalsearch.com/site/petalbot)" "www.pattifamily.net"
54.184.32.224 - - [20/Dec/2022:04:14:14 -0800] "GET /favicon.ico HTTP/1.1" 404 88 "-" "Mozilla/5.0 (X11; Linux x86_64) AppleWebKit/537.36 (KHTML, like Gecko) Chrome/83.0.4103.97 Safari/537.36" "pattifamily.net"
51.222.253.12 - - [20/Dec/2022:04:16:08 -0800] "GET /pictures/2006_02_15/?C=D;O=A HTTP/1.1" 200 456 "-" "Mozilla/5.0 (compatible; AhrefsBot/7.0; +http://ahrefs.com/robot/)" "www.pattifamily.net"
35.89.149.207 - - [20/Dec/2022:04:18:53 -0800] "GET / HTTP/1.1" 200 2014 "-" "Mozilla/5.0 (X11; Linux x86_64) AppleWebKit/537.36 (KHTML, like Gecko) Chrome/83.0.4103.97 Safari/537.36" "pattifamily.net"
51.222.253.9 - - [20/Dec/2022:04:21:45 -0800] "GET /pictures/2005_02_20/ HTTP/1.1" 200 447 "-" "Mozilla/5.0 (compatible; AhrefsBot/7.0; +http://ahrefs.com/robot/)" "pattifamily.net"
18.237.242.142 - - [20/Dec/2022:04:24:41 -0800] "GET / HTTP/1.1" 200 2014 "-" "Mozilla/5.0 (X11; Linux x86_64) AppleWebKit/537.36 (KHTML, like Gecko) Chrome/83.0.4103.97 Safari/537.36" "pattifamily.net"
51.222.253.11 - - [20/Dec/2022:04:27:34 -0800] "GET /pictures/2005_09_22/?C=D;O=D HTTP/1.1" 200 400 "-" "Mozilla/5.0 (compatible; AhrefsBot/7.0; +http://ahrefs.com/robot/)" "pattifamily.net"
216.244.66.196 - - [20/Dec/2022:04:30:47 -0800] "GET /robots.txt HTTP/1.1" 404 73 "-" "Mozilla/5.0 (compatible; DotBot/1.2; +https://opensiteexplorer.org/dotbot; help@moz.com)" "pattifamily.net"
51.222.253.7 - - [20/Dec/2022:04:33:38 -0800] "GET /pictures/2005_10_13/ HTTP/1.1" 200 465 "-" "Mozilla/5.0 (compatible; AhrefsBot/7.0; +http://ahrefs.com/robot/)" "www.pattifamily.net"
51.222.253.6 - - [20/Dec/2022:04:39:43 -0800] "GET /1989/Patti/?C=S;O=D HTTP/1.1" 200 2008 "-" "Mozilla/5.0 (compatible; AhrefsBot/7.0; +http://ahrefs.com/robot/)" "pattifamily.net"
51.222.253.15 - - [20/Dec/2022:04:45:31 -0800] "GET /pictures/2006_06_09/?C=M;O=D HTTP/1.1" 200 397 "-" "Mozilla/5.0 (compatible; AhrefsBot/7.0; +http://ahrefs.com/robot/)" "www.pattifamily.net"
51.222.253.6 - - [20/Dec/2022:04:51:20 -0800] "GET /robots.txt HTTP/1.1" 404 88 "-" "Mozilla/5.0 (compatible; AhrefsBot/7.0; +http://ahrefs.com/robot/)" "pattifamily.net"
51.222.253.20 - - [20/Dec/2022:04:51:22 -0800] "GET /pictures/2005_11_05/?C=S;O=D HTTP/1.1" 200 423 "-" "Mozilla/5.0 (compatible; AhrefsBot/7.0; +http://ahrefs.com/robot/)" "pattifamily.net"
51.222.253.4 - - [20/Dec/2022:04:56:56 -0800] "GET /pictures/2006_03_11/?C=N;O=A HTTP/1.1" 200 421 "-" "Mozilla/5.0 (compatible; AhrefsBot/7.0; +http://ahrefs.com/robot/)" "www.pattifamily.net"
51.222.253.2 - - [20/Dec/2022:05:03:28 -0800] "GET /pictures/2006_03_11/?C=D;O=A HTTP/1.1" 200 421 "-" "Mozilla/5.0 (compatible; AhrefsBot/7.0; +http://ahrefs.com/robot/)" "www.pattifamily.net"
114.119.129.36 - - [20/Dec/2022:05:08:34 -0800] "GET /robots.txt HTTP/1.1" 404 88 "-" "Mozilla/5.0 (compatible;PetalBot;+https://webmaster.petalsearch.com/site/petalbot)" "pattifamily.net"
51.222.253.11 - - [20/Dec/2022:05:09:07 -0800] "GET /pictures/2005_06_26/?C=D;O=D HTTP/1.1" 200 534 "-" "Mozilla/5.0 (compatible; AhrefsBot/7.0; +http://ahrefs.com/robot/)" "pattifamily.net"
87.250.224.28 - - [20/Dec/2022:05:14:45 -0800] "GET /robots.txt HTTP/1.1" 404 73 "-" "Mozilla/5.0 (compatible; YandexBot/3.0; +http://yandex.com/bots)" "pattifamily.net"
5.255.253.111 - - [20/Dec/2022:05:14:48 -0800] "GET /pictures/2010/2010_10_12/ HTTP/1.1" 200 425 "-" "Mozilla/5.0 (compatible; YandexBot/3.0; +http://yandex.com/bots)" "pattifamily.net"
51.222.253.7 - - [20/Dec/2022:05:15:17 -0800] "GET /pictures/2004_10_25/?C=S;O=D HTTP/1.1" 200 432 "-" "Mozilla/5.0 (compatible; AhrefsBot/7.0; +http://ahrefs.com/robot/)" "pattifamily.net"
114.119.151.113 - - [20/Dec/2022:05:17:04 -0800] "GET /2004/Patti/October2004/ HTTP/1.1" 200 1201 "http://www.pattifamily.net/2004/Patti/" "Mozilla/5.0 (Linux; Android 7.0;) AppleWebKit/537.36 (KHTML, like Gecko) Mobile Safari/537.36 (compatible; PetalBot;+https://webmaster.petalsearch.com/site/petalbot)" "www.pattifamily.net"
114.119.143.69 - - [20/Dec/2022:05:18:31 -0800] "GET /1984/?C=D%3BO%3DA HTTP/1.1" 200 378 "http://www.pattifamily.net/1984/?C=S%3BO%3DA" "Mozilla/5.0 (Linux; Android 7.0;) AppleWebKit/537.36 (KHTML, like Gecko) Mobile Safari/537.36 (compatible; PetalBot;+https://webmaster.petalsearch.com/site/petalbot)" "www.pattifamily.net"
51.222.253.3 - - [20/Dec/2022:05:21:06 -0800] "GET /pictures/2004_11_25/?C=D;O=D HTTP/1.1" 200 413 "-" "Mozilla/5.0 (compatible; AhrefsBot/7.0; +http://ahrefs.com/robot/)" "pattifamily.net"
51.222.253.12 - - [20/Dec/2022:05:26:42 -0800] "GET /1990/Patti/?C=N;O=A HTTP/1.1" 200 2381 "-" "Mozilla/5.0 (compatible; AhrefsBot/7.0; +http://ahrefs.com/robot/)" "pattifamily.net"
216.244.66.196 - - [20/Dec/2022:05:28:05 -0800] "GET /robots.txt HTTP/1.1" 404 73 "-" "Mozilla/5.0 (compatible; DotBot/1.2; +https://opensiteexplorer.org/dotbot; help@moz.com)" "pattifamily.net"
114.119.135.202 - - [20/Dec/2022:05:31:17 -0800] "GET /1994/Lubold/?C=S%3BO%3DA HTTP/1.1" 200 4180 "http://pattifamily.net/1994/Lubold/?C=D%3BO%3DA" "Mozilla/5.0 (Linux; Android 7.0;) AppleWebKit/537.36 (KHTML, like Gecko) Mobile Safari/537.36 (compatible; PetalBot;+https://webmaster.petalsearch.com/site/petalbot)" "pattifamily.net"
51.222.253.1 - - [20/Dec/2022:05:32:21 -0800] "GET /pictures/2005_02_01/ HTTP/1.1" 200 464 "-" "Mozilla/5.0 (compatible; AhrefsBot/7.0; +http://ahrefs.com/robot/)" "pattifamily.net"
54.36.148.4 - - [20/Dec/2022:05:38:24 -0800] "GET /robots.txt HTTP/1.1" 404 88 "-" "Mozilla/5.0 (compatible; AhrefsBot/7.0; +http://ahrefs.com/robot/)" "www.pattifamily.net"
51.222.253.16 - - [20/Dec/2022:05:38:25 -0800] "GET /pictures/2005_09_03/?C=N;O=A HTTP/1.1" 200 413 "-" "Mozilla/5.0 (compatible; AhrefsBot/7.0; +http://ahrefs.com/robot/)" "www.pattifamily.net"
95.91.111.111 - - [20/Dec/2022:05:43:24 -0800] "GET /robots.txt HTTP/1.1" 404 73 "-" "Mozilla/5.0 (compatible; MJ12bot/v1.4.8; http://mj12bot.com/)" "www.pattifamily.net"
95.91.111.111 - - [20/Dec/2022:05:43:26 -0800] "GET /murray/slides/1972/March1972/?C=N;O=A HTTP/1.1" 200 1079 "-" "Mozilla/5.0 (compatible; MJ12bot/v1.4.8; http://mj12bot.com/)" "www.pattifamily.net"
95.91.111.111 - - [20/Dec/2022:05:43:27 -0800] "GET /pictures/2004_12_10/?C=M;O=A HTTP/1.1" 200 473 "-" "Mozilla/5.0 (compatible; MJ12bot/v1.4.8; http://mj12bot.com/)" "www.pattifamily.net"
95.91.111.111 - - [20/Dec/2022:05:43:29 -0800] "GET /pictures/2004_12_10/?C=N;O=A HTTP/1.1" 200 473 "-" "Mozilla/5.0 (compatible; MJ12bot/v1.4.8; http://mj12bot.com/)" "www.pattifamily.net"
95.91.111.111 - - [20/Dec/2022:05:43:31 -0800] "GET /pictures/2005_10_15/?C=S;O=D HTTP/1.1" 200 435 "-" "Mozilla/5.0 (compatible; MJ12bot/v1.4.8; http://mj12bot.com/)" "www.pattifamily.net"
95.91.111.111 - - [20/Dec/2022:05:43:32 -0800] "GET /pictures/2005_10_16/?C=D;O=D HTTP/1.1" 200 490 "-" "Mozilla/5.0 (compatible; MJ12bot/v1.4.8; http://mj12bot.com/)" "www.pattifamily.net"
95.91.111.111 - - [20/Dec/2022:05:43:34 -0800] "GET /pictures/2005_10_16/?C=M;O=D HTTP/1.1" 200 490 "-" "Mozilla/5.0 (compatible; MJ12bot/v1.4.8; http://mj12bot.com/)" "www.pattifamily.net"
95.91.111.111 - - [20/Dec/2022:05:43:36 -0800] "GET /pictures/2006_10_20/?C=S;O=A HTTP/1.1" 200 413 "-" "Mozilla/5.0 (compatible; MJ12bot/v1.4.8; http://mj12bot.com/)" "www.pattifamily.net"
95.91.111.111 - - [20/Dec/2022:05:43:37 -0800] "GET /pictures/2007_02_03/?C=S;O=A HTTP/1.1" 200 399 "-" "Mozilla/5.0 (compatible; MJ12bot/v1.4.8; http://mj12bot.com/)" "www.pattifamily.net"
95.91.111.111 - - [20/Dec/2022:05:43:39 -0800] "GET /pictures/2007_05_15/?C=N;O=A HTTP/1.1" 200 386 "-" "Mozilla/5.0 (compatible; MJ12bot/v1.4.8; http://mj12bot.com/)" "www.pattifamily.net"
51.222.253.18 - - [20/Dec/2022:05:44:29 -0800] "GET /pictures/2005_09_03/?C=S;O=D HTTP/1.1" 200 412 "-" "Mozilla/5.0 (compatible; AhrefsBot/7.0; +http://ahrefs.com/robot/)" "pattifamily.net"
51.222.253.9 - - [20/Dec/2022:05:55:54 -0800] "GET /pictures/2005_10_13/?C=N;O=D HTTP/1.1" 200 464 "-" "Mozilla/5.0 (compatible; AhrefsBot/7.0; +http://ahrefs.com/robot/)" "www.pattifamily.net"
216.244.66.196 - - [20/Dec/2022:05:56:31 -0800] "GET /pictures/2006_06_17/ HTTP/1.1" 200 907 "-" "Mozilla/5.0 (compatible; DotBot/1.2; +https://opensiteexplorer.org/dotbot; help@moz.com)" "pattifamily.net"
216.244.66.196 - - [20/Dec/2022:05:56:37 -0800] "GET /pictures/2006_12_01/ HTTP/1.1" 200 1068 "-" "Mozilla/5.0 (compatible; DotBot/1.2; +https://opensiteexplorer.org/dotbot; help@moz.com)" "pattifamily.net"
216.244.66.196 - - [20/Dec/2022:05:56:42 -0800] "GET /pictures/2008_03_27/ HTTP/1.1" 200 746 "-" "Mozilla/5.0 (compatible; DotBot/1.2; +https://opensiteexplorer.org/dotbot; help@moz.com)" "pattifamily.net"
216.244.66.196 - - [20/Dec/2022:05:56:47 -0800] "GET /pictures/2008_06_27/ HTTP/1.1" 200 907 "-" "Mozilla/5.0 (compatible; DotBot/1.2; +https://opensiteexplorer.org/dotbot; help@moz.com)" "pattifamily.net"
216.244.66.196 - - [20/Dec/2022:05:56:51 -0800] "GET /pictures/2008_08_04/ HTTP/1.1" 200 746 "-" "Mozilla/5.0 (compatible; DotBot/1.2; +https://opensiteexplorer.org/dotbot; help@moz.com)" "pattifamily.net"
216.244.66.196 - - [20/Dec/2022:05:56:54 -0800] "GET /pictures/2008_08_20/ HTTP/1.1" 200 907 "-" "Mozilla/5.0 (compatible; DotBot/1.2; +https://opensiteexplorer.org/dotbot; help@moz.com)" "pattifamily.net"
216.244.66.196 - - [20/Dec/2022:05:56:57 -0800] "GET /pictures/2008_09_24/ HTTP/1.1" 200 3966 "-" "Mozilla/5.0 (compatible; DotBot/1.2; +https://opensiteexplorer.org/dotbot; help@moz.com)" "pattifamily.net"
216.244.66.196 - - [20/Dec/2022:05:56:59 -0800] "GET /pictures/2009_07_09/ HTTP/1.1" 200 907 "-" "Mozilla/5.0 (compatible; DotBot/1.2; +https://opensiteexplorer.org/dotbot; help@moz.com)" "pattifamily.net"
216.244.66.196 - - [20/Dec/2022:05:57:01 -0800] "GET /pictures/2009_10_24/ HTTP/1.1" 200 8152 "-" "Mozilla/5.0 (compatible; DotBot/1.2; +https://opensiteexplorer.org/dotbot; help@moz.com)" "pattifamily.net"
216.244.66.196 - - [20/Dec/2022:05:57:17 -0800] "GET /pictures/2011/2011_07_23/ HTTP/1.1" 200 1083 "-" "Mozilla/5.0 (compatible; DotBot/1.2; +https://opensiteexplorer.org/dotbot; help@moz.com)" "pattifamily.net"
216.244.66.196 - - [20/Dec/2022:05:58:31 -0800] "GET /murray/slides/1970/August1970/ HTTP/1.1" 200 6231 "-" "Mozilla/5.0 (compatible; DotBot/1.2; +https://opensiteexplorer.org/dotbot; help@moz.com)" "pattifamily.net"
216.244.66.196 - - [20/Dec/2022:05:58:32 -0800] "GET /murray/slides/1971/September1971/ HTTP/1.1" 200 22127 "-" "Mozilla/5.0 (compatible; DotBot/1.2; +https://opensiteexplorer.org/dotbot; help@moz.com)" "pattifamily.net"
216.244.66.196 - - [20/Dec/2022:06:01:55 -0800] "GET /1975/Patti/?S=D HTTP/1.1" 200 11169 "-" "Mozilla/5.0 (compatible; DotBot/1.2; +https://opensiteexplorer.org/dotbot; help@moz.com)" "pattifamily.net"
216.244.66.196 - - [20/Dec/2022:06:02:20 -0800] "GET /1978/Patti/?D=D HTTP/1.1" 200 17403 "-" "Mozilla/5.0 (compatible; DotBot/1.2; +https://opensiteexplorer.org/dotbot; help@moz.com)" "pattifamily.net"
216.244.66.196 - - [20/Dec/2022:06:02:45 -0800] "GET /1979/Lubold/?M=A HTTP/1.1" 200 3372 "-" "Mozilla/5.0 (compatible; DotBot/1.2; +https://opensiteexplorer.org/dotbot; help@moz.com)" "pattifamily.net"
216.244.66.196 - - [20/Dec/2022:06:03:08 -0800] "GET /1989/?D=D HTTP/1.1" 200 841 "-" "Mozilla/5.0 (compatible; DotBot/1.2; +https://opensiteexplorer.org/dotbot; help@moz.com)" "pattifamily.net"
216.244.66.196 - - [20/Dec/2022:06:03:30 -0800] "GET /1995/Lubold/?M=D HTTP/1.1" 200 18641 "-" "Mozilla/5.0 (compatible; DotBot/1.2; +https://opensiteexplorer.org/dotbot; help@moz.com)" "pattifamily.net"
216.244.66.196 - - [20/Dec/2022:06:03:52 -0800] "GET /murray/slides/?N=D HTTP/1.1" 200 720 "-" "Mozilla/5.0 (compatible; DotBot/1.2; +https://opensiteexplorer.org/dotbot; help@moz.com)" "pattifamily.net"
51.222.253.3 - - [20/Dec/2022:06:06:26 -0800] "GET /pictures/2005_10_07/ HTTP/1.1" 200 461 "-" "Mozilla/5.0 (compatible; AhrefsBot/7.0; +http://ahrefs.com/robot/)" "www.pattifamily.net"
114.119.156.131 - - [20/Dec/2022:06:12:32 -0800] "GET /1993/Patti/March81993/ HTTP/1.1" 200 627 "http://www.pattifamily.net/1993/Patti/?C=N%3BO%3DD" "Mozilla/5.0 (Linux; Android 7.0;) AppleWebKit/537.36 (KHTML, like Gecko) Mobile Safari/537.36 (compatible; PetalBot;+https://webmaster.petalsearch.com/site/petalbot)" "www.pattifamily.net"
114.119.140.217 - - [20/Dec/2022:06:13:53 -0800] "GET /1981/Lubold/ HTTP/1.1" 200 6238 "https://pattifamily.net/1981/?C=M%3BO%3DA" "Mozilla/5.0 (Linux; Android 7.0;) AppleWebKit/537.36 (KHTML, like Gecko) Mobile Safari/537.36 (compatible; PetalBot;+https://webmaster.petalsearch.com/site/petalbot)" "pattifamily.net"
51.222.253.10 - - [20/Dec/2022:06:20:08 -0800] "GET /pictures/2005_07_01/?C=N;O=A HTTP/1.1" 200 403 "-" "Mozilla/5.0 (compatible; AhrefsBot/7.0; +http://ahrefs.com/robot/)" "pattifamily.net"
216.244.66.196 - - [20/Dec/2022:06:23:33 -0800] "GET /robots.txt HTTP/1.1" 404 73 "-" "Mozilla/5.0 (compatible; DotBot/1.2; +https://opensiteexplorer.org/dotbot; help@moz.com)" "pattifamily.net"
65.109.26.42 - - [20/Dec/2022:06:27:31 -0800] "GET /robots.txt HTTP/1.1" 404 73 "-" "Mozilla/5.0 (compatible; MJ12bot/v1.4.8; http://mj12bot.com/)" "pattifamily.net"
65.109.26.42 - - [20/Dec/2022:06:27:31 -0800] "GET /robots.txt HTTP/1.1" 404 73 "-" "Mozilla/5.0 (compatible; MJ12bot/v1.4.8; http://mj12bot.com/)" "pattifamily.net"
65.109.26.42 - - [20/Dec/2022:06:27:40 -0800] "GET /pictures/2009_02_15/?C=N;O=A HTTP/1.1" 200 746 "-" "Mozilla/5.0 (compatible; MJ12bot/v1.4.8; http://mj12bot.com/)" "pattifamily.net"
51.222.253.15 - - [20/Dec/2022:06:34:16 -0800] "GET /1985/ HTTP/1.1" 200 352 "-" "Mozilla/5.0 (compatible; AhrefsBot/7.0; +http://ahrefs.com/robot/)" "pattifamily.net"
216.244.66.196 - - [20/Dec/2022:06:43:35 -0800] "GET /pictures/2006_03_31/ HTTP/1.1" 200 1551 "-" "Mozilla/5.0 (compatible; DotBot/1.2; +https://opensiteexplorer.org/dotbot; help@moz.com)" "pattifamily.net"
216.244.66.196 - - [20/Dec/2022:06:43:36 -0800] "GET /pictures/2006_08_16/ HTTP/1.1" 200 1229 "-" "Mozilla/5.0 (compatible; DotBot/1.2; +https://opensiteexplorer.org/dotbot; help@moz.com)" "pattifamily.net"
216.244.66.196 - - [20/Dec/2022:06:43:38 -0800] "GET /pictures/2008_08_09/ HTTP/1.1" 200 907 "-" "Mozilla/5.0 (compatible; DotBot/1.2; +https://opensiteexplorer.org/dotbot; help@moz.com)" "pattifamily.net"
216.244.66.196 - - [20/Dec/2022:06:43:47 -0800] "GET /pictures/2011/2011_05_07/ HTTP/1.1" 200 761 "-" "Mozilla/5.0 (compatible; DotBot/1.2; +https://opensiteexplorer.org/dotbot; help@moz.com)" "pattifamily.net"
216.244.66.196 - - [20/Dec/2022:06:43:48 -0800] "GET /pictures/2011/2011_07_06/ HTTP/1.1" 200 1566 "-" "Mozilla/5.0 (compatible; DotBot/1.2; +https://opensiteexplorer.org/dotbot; help@moz.com)" "pattifamily.net"
51.222.253.6 - - [20/Dec/2022:06:47:34 -0800] "GET /pictures/2005_11_23/?C=M;O=D HTTP/1.1" 200 384 "-" "Mozilla/5.0 (compatible; AhrefsBot/7.0; +http://ahrefs.com/robot/)" "pattifamily.net"
216.244.66.196 - - [20/Dec/2022:06:48:54 -0800] "GET /1970/Patti/?S=D HTTP/1.1" 200 8051 "-" "Mozilla/5.0 (compatible; DotBot/1.2; +https://opensiteexplorer.org/dotbot; help@moz.com)" "pattifamily.net"
216.244.66.196 - - [20/Dec/2022:06:49:25 -0800] "GET /1974/Wedding/?N=A HTTP/1.1" 200 19543 "-" "Mozilla/5.0 (compatible; DotBot/1.2; +https://opensiteexplorer.org/dotbot; help@moz.com)" "pattifamily.net"
216.244.66.196 - - [20/Dec/2022:06:49:54 -0800] "GET /1976/Lubold/?N=D HTTP/1.1" 200 12415 "-" "Mozilla/5.0 (compatible; DotBot/1.2; +https://opensiteexplorer.org/dotbot; help@moz.com)" "pattifamily.net"
216.244.66.196 - - [20/Dec/2022:06:50:21 -0800] "GET /1978/?S=A HTTP/1.1" 200 841 "-" "Mozilla/5.0 (compatible; DotBot/1.2; +https://opensiteexplorer.org/dotbot; help@moz.com)" "pattifamily.net"
216.244.66.196 - - [20/Dec/2022:06:50:48 -0800] "GET /1986/Lubold/?M=A HTTP/1.1" 200 7417 "-" "Mozilla/5.0 (compatible; DotBot/1.2; +https://opensiteexplorer.org/dotbot; help@moz.com)" "pattifamily.net"
140.246.136.252 - - [20/Dec/2022:06:53:44 -0800] "GET / HTTP/1.1" 200 2014 "-" "Mozilla/5.0 (iPhone; CPU iPhone OS 13_2_3 like Mac OS X) AppleWebKit/605.1.15 (KHTML, like Gecko) Version/13.0.3 Mobile/15E148 Safari/604.1" "pattifamily.net"
216.244.66.196 - - [20/Dec/2022:06:54:15 -0800] "GET /familytree/?D=A HTTP/1.1" 200 18349 "-" "Mozilla/5.0 (compatible; DotBot/1.2; +https://opensiteexplorer.org/dotbot; help@moz.com)" "pattifamily.net"
216.244.66.196 - - [20/Dec/2022:06:54:44 -0800] "GET /murray/slides/1966/?D=A HTTP/1.1" 200 588 "-" "Mozilla/5.0 (compatible; DotBot/1.2; +https://opensiteexplorer.org/dotbot; help@moz.com)" "pattifamily.net"
216.244.66.196 - - [20/Dec/2022:06:55:13 -0800] "GET /murray/slides/1966/?D=D HTTP/1.1" 200 588 "-" "Mozilla/5.0 (compatible; DotBot/1.2; +https://opensiteexplorer.org/dotbot; help@moz.com)" "pattifamily.net"
216.244.66.196 - - [20/Dec/2022:06:55:40 -0800] "GET /pictures/2004_12_08/?N=A HTTP/1.1" 200 907 "-" "Mozilla/5.0 (compatible; DotBot/1.2; +https://opensiteexplorer.org/dotbot; help@moz.com)" "pattifamily.net"
216.244.66.196 - - [20/Dec/2022:06:56:06 -0800] "GET /pictures/2004_12_11/?S=A HTTP/1.1" 200 1229 "-" "Mozilla/5.0 (compatible; DotBot/1.2; +https://opensiteexplorer.org/dotbot; help@moz.com)" "pattifamily.net"
216.244.66.196 - - [20/Dec/2022:06:56:31 -0800] "GET /pictures/2004_12_15/?S=A HTTP/1.1" 200 907 "-" "Mozilla/5.0 (compatible; DotBot/1.2; +https://opensiteexplorer.org/dotbot; help@moz.com)" "pattifamily.net"
216.244.66.196 - - [20/Dec/2022:06:56:56 -0800] "GET /pictures/2005/June/?D=A HTTP/1.1" 200 5391 "-" "Mozilla/5.0 (compatible; DotBot/1.2; +https://opensiteexplorer.org/dotbot; help@moz.com)" "pattifamily.net"
185.180.143.148 - - [20/Dec/2022:06:56:58 -0800] "GET / HTTP/1.1" 200 2014 "-" "Mozilla/5.0 (Windows NT 10.0; WOW64) AppleWebKit/537.36 (KHTML, like Gecko) Chrome/66.0.3359.117 Safari/537.36" "www.pattifamily.net"
216.244.66.196 - - [20/Dec/2022:06:57:19 -0800] "GET /pictures/2005_02_13/?N=D HTTP/1.1" 200 907 "-" "Mozilla/5.0 (compatible; DotBot/1.2; +https://opensiteexplorer.org/dotbot; help@moz.com)" "pattifamily.net"
216.244.66.196 - - [20/Dec/2022:06:57:41 -0800] "GET /pictures/2005_03_04/?M=A HTTP/1.1" 200 1390 "-" "Mozilla/5.0 (compatible; DotBot/1.2; +https://opensiteexplorer.org/dotbot; help@moz.com)" "pattifamily.net"
216.244.66.196 - - [20/Dec/2022:06:58:02 -0800] "GET /pictures/2005_04_01/?M=A HTTP/1.1" 200 1873 "-" "Mozilla/5.0 (compatible; DotBot/1.2; +https://opensiteexplorer.org/dotbot; help@moz.com)" "pattifamily.net"
216.244.66.196 - - [20/Dec/2022:06:58:23 -0800] "GET /pictures/2005_04_03/?M=A HTTP/1.1" 200 1229 "-" "Mozilla/5.0 (compatible; DotBot/1.2; +https://opensiteexplorer.org/dotbot; help@moz.com)" "pattifamily.net"
216.244.66.196 - - [20/Dec/2022:06:58:42 -0800] "GET /pictures/2005_04_16/?N=A HTTP/1.1" 200 1873 "-" "Mozilla/5.0 (compatible; DotBot/1.2; +https://opensiteexplorer.org/dotbot; help@moz.com)" "pattifamily.net"
216.244.66.196 - - [20/Dec/2022:06:59:00 -0800] "GET /pictures/2005_04_16/?S=D HTTP/1.1" 200 1873 "-" "Mozilla/5.0 (compatible; DotBot/1.2; +https://opensiteexplorer.org/dotbot; help@moz.com)" "pattifamily.net"
216.244.66.196 - - [20/Dec/2022:06:59:17 -0800] "GET /pictures/2005_05_06/?S=A HTTP/1.1" 200 907 "-" "Mozilla/5.0 (compatible; DotBot/1.2; +https://opensiteexplorer.org/dotbot; help@moz.com)" "pattifamily.net"
216.244.66.196 - - [20/Dec/2022:06:59:34 -0800] "GET /pictures/2005_05_17/?S=A HTTP/1.1" 200 1068 "-" "Mozilla/5.0 (compatible; DotBot/1.2; +https://opensiteexplorer.org/dotbot; help@moz.com)" "pattifamily.net"
216.244.66.196 - - [20/Dec/2022:06:59:49 -0800] "GET /pictures/2005_05_19/?S=D HTTP/1.1" 200 2195 "-" "Mozilla/5.0 (compatible; DotBot/1.2; +https://opensiteexplorer.org/dotbot; help@moz.com)" "pattifamily.net"
216.244.66.196 - - [20/Dec/2022:07:00:03 -0800] "GET /pictures/2005_06_10/?S=A HTTP/1.1" 200 1068 "-" "Mozilla/5.0 (compatible; DotBot/1.2; +https://opensiteexplorer.org/dotbot; help@moz.com)" "pattifamily.net"
51.222.253.1 - - [20/Dec/2022:07:01:34 -0800] "GET /pictures/2005_12_04/?C=S;O=D HTTP/1.1" 200 425 "-" "Mozilla/5.0 (compatible; AhrefsBot/7.0; +http://ahrefs.com/robot/)" "pattifamily.net"
51.222.253.15 - - [20/Dec/2022:07:14:17 -0800] "GET /pictures/2006_01_23/?C=N;O=D HTTP/1.1" 200 411 "-" "Mozilla/5.0 (compatible; AhrefsBot/7.0; +http://ahrefs.com/robot/)" "pattifamily.net"
216.244.66.196 - - [20/Dec/2022:07:16:22 -0800] "GET /robots.txt HTTP/1.1" 404 73 "-" "Mozilla/5.0 (compatible; DotBot/1.2; +https://opensiteexplorer.org/dotbot; help@moz.com)" "pattifamily.net"
51.222.253.12 - - [20/Dec/2022:07:26:32 -0800] "GET /pictures/2005_05_14/ HTTP/1.1" 200 450 "-" "Mozilla/5.0 (compatible; AhrefsBot/7.0; +http://ahrefs.com/robot/)" "pattifamily.net"
51.222.253.1 - - [20/Dec/2022:07:39:05 -0800] "GET /pictures/2006_03_06/?C=S;O=A HTTP/1.1" 200 422 "-" "Mozilla/5.0 (compatible; AhrefsBot/7.0; +http://ahrefs.com/robot/)" "www.pattifamily.net"
51.222.253.9 - - [20/Dec/2022:07:52:30 -0800] "GET /pictures/2005_05_13/?C=M;O=D HTTP/1.1" 200 382 "-" "Mozilla/5.0 (compatible; AhrefsBot/7.0; +http://ahrefs.com/robot/)" "pattifamily.net"
51.222.253.16 - - [20/Dec/2022:07:58:14 -0800] "GET /1985/?C=S;O=A HTTP/1.1" 200 353 "-" "Mozilla/5.0 (compatible; AhrefsBot/7.0; +http://ahrefs.com/robot/)" "pattifamily.net"
51.222.253.11 - - [20/Dec/2022:08:02:45 -0800] "GET /pictures/2005_02_01/?C=N;O=D HTTP/1.1" 200 462 "-" "Mozilla/5.0 (compatible; AhrefsBot/7.0; +http://ahrefs.com/robot/)" "pattifamily.net"
51.222.253.12 - - [20/Dec/2022:08:07:48 -0800] "GET /pictures/2005_07_01/?C=S;O=A HTTP/1.1" 200 403 "-" "Mozilla/5.0 (compatible; AhrefsBot/7.0; +http://ahrefs.com/robot/)" "pattifamily.net"
216.244.66.196 - - [20/Dec/2022:08:11:49 -0800] "GET /robots.txt HTTP/1.1" 404 73 "-" "Mozilla/5.0 (compatible; DotBot/1.2; +https://opensiteexplorer.org/dotbot; help@moz.com)" "pattifamily.net"
51.222.253.6 - - [20/Dec/2022:08:14:13 -0800] "GET /pictures/2005_12_31/?C=D;O=A HTTP/1.1" 200 430 "-" "Mozilla/5.0 (compatible; AhrefsBot/7.0; +http://ahrefs.com/robot/)" "www.pattifamily.net"
5.255.253.111 - - [20/Dec/2022:08:15:20 -0800] "GET /robots.txt HTTP/1.1" 404 73 "-" "Mozilla/5.0 (compatible; YandexBot/3.0; +http://yandex.com/bots)" "pattifamily.net"
5.255.253.111 - - [20/Dec/2022:08:15:24 -0800] "GET /unknown/Patti/FrankBirthday/ HTTP/1.1" 200 519 "-" "Mozilla/5.0 (compatible; YandexBot/3.0; +http://yandex.com/bots)" "pattifamily.net"
51.222.253.2 - - [20/Dec/2022:08:21:04 -0800] "GET /pictures/2005_07_01/?C=D;O=A HTTP/1.1" 200 403 "-" "Mozilla/5.0 (compatible; AhrefsBot/7.0; +http://ahrefs.com/robot/)" "pattifamily.net"
51.222.253.6 - - [20/Dec/2022:08:27:54 -0800] "GET /pictures/2005_09_15/ HTTP/1.1" 200 455 "-" "Mozilla/5.0 (compatible; AhrefsBot/7.0; +http://ahrefs.com/robot/)" "www.pattifamily.net"
66.249.66.139 - - [20/Dec/2022:08:29:23 -0800] "GET /robots.txt HTTP/1.1" 404 88 "-" "Mozilla/5.0 (compatible; Googlebot/2.1; +http://www.google.com/bot.html)" "pattifamily.net"
51.222.253.8 - - [20/Dec/2022:08:34:33 -0800] "GET /pictures/2005_07_01/?C=M;O=A HTTP/1.1" 200 403 "-" "Mozilla/5.0 (compatible; AhrefsBot/7.0; +http://ahrefs.com/robot/)" "pattifamily.net"
162.218.123.196 - - [20/Dec/2022:08:36:31 -0800] "GET / HTTP/1.1" 200 2014 "-" "Mozilla/5.0 (Macintosh; Intel Mac OS X 10_10_5) AppleWebKit/603.3.8 (KHTML, like Gecko)" "pattifamily.net"
192.99.15.17 - - [20/Dec/2022:08:41:02 -0800] "GET /robots.txt HTTP/1.1" 404 73 "-" "Mozilla/5.0 (compatible; MJ12bot/v1.4.8; http://mj12bot.com/)" "www.pattifamily.net"
192.99.15.17 - - [20/Dec/2022:08:41:04 -0800] "GET /pictures/2008_08_20/?C=M;O=D HTTP/1.1" 200 397 "-" "Mozilla/5.0 (compatible; MJ12bot/v1.4.8; http://mj12bot.com/)" "www.pattifamily.net"
192.99.15.17 - - [20/Dec/2022:08:41:07 -0800] "GET /pictures/2008_08_20/?C=N;O=A HTTP/1.1" 200 399 "-" "Mozilla/5.0 (compatible; MJ12bot/v1.4.8; http://mj12bot.com/)" "www.pattifamily.net"
51.222.253.15 - - [20/Dec/2022:08:41:35 -0800] "GET /pictures/2005_11_01/?C=S;O=D HTTP/1.1" 200 421 "-" "Mozilla/5.0 (compatible; AhrefsBot/7.0; +http://ahrefs.com/robot/)" "pattifamily.net"
192.99.15.17 - - [20/Dec/2022:08:47:19 -0800] "GET /pictures/2008_08_20/?C=S;O=D HTTP/1.1" 200 397 "-" "Mozilla/5.0 (compatible; MJ12bot/v1.4.8; http://mj12bot.com/)" "www.pattifamily.net"
192.99.15.17 - - [20/Dec/2022:08:47:23 -0800] "GET /pictures/2008_08_24/?C=D;O=D HTTP/1.1" 200 420 "-" "Mozilla/5.0 (compatible; MJ12bot/v1.4.8; http://mj12bot.com/)" "www.pattifamily.net"
192.99.15.17 - - [20/Dec/2022:08:47:32 -0800] "GET /pictures/2010/2010_10_22/?C=D;O=A HTTP/1.1" 200 448 "-" "Mozilla/5.0 (compatible; MJ12bot/v1.4.8; http://mj12bot.com/)" "www.pattifamily.net"
192.99.15.17 - - [20/Dec/2022:08:47:35 -0800] "GET /pictures/2010/2010_10_22/?C=M;O=A HTTP/1.1" 200 448 "-" "Mozilla/5.0 (compatible; MJ12bot/v1.4.8; http://mj12bot.com/)" "www.pattifamily.net"
192.99.15.17 - - [20/Dec/2022:08:47:40 -0800] "GET /pictures/2010/2010_10_22/?C=S;O=A HTTP/1.1" 200 448 "-" "Mozilla/5.0 (compatible; MJ12bot/v1.4.8; http://mj12bot.com/)" "www.pattifamily.net"
192.99.15.17 - - [20/Dec/2022:08:47:43 -0800] "GET /pictures/2011/2011_04_28/?C=S;O=D HTTP/1.1" 200 780 "-" "Mozilla/5.0 (compatible; MJ12bot/v1.4.8; http://mj12bot.com/)" "www.pattifamily.net"
51.222.253.20 - - [20/Dec/2022:08:48:19 -0800] "GET /pictures/2005_04_08/ HTTP/1.1" 200 443 "-" "Mozilla/5.0 (compatible; AhrefsBot/7.0; +http://ahrefs.com/robot/)" "pattifamily.net"
51.222.253.6 - - [20/Dec/2022:08:55:14 -0800] "GET /pictures/2005_12_07/ HTTP/1.1" 200 399 "-" "Mozilla/5.0 (compatible; AhrefsBot/7.0; +http://ahrefs.com/robot/)" "pattifamily.net"
54.36.148.20 - - [20/Dec/2022:09:02:28 -0800] "GET /robots.txt HTTP/1.1" 404 88 "-" "Mozilla/5.0 (compatible; AhrefsBot/7.0; +http://ahrefs.com/robot/)" "pattifamily.net"
51.222.253.1 - - [20/Dec/2022:09:02:31 -0800] "GET /2002/ HTTP/1.1" 200 350 "-" "Mozilla/5.0 (compatible; AhrefsBot/7.0; +http://ahrefs.com/robot/)" "pattifamily.net"
216.244.66.196 - - [20/Dec/2022:09:07:55 -0800] "GET /robots.txt HTTP/1.1" 404 73 "-" "Mozilla/5.0 (compatible; DotBot/1.2; +https://opensiteexplorer.org/dotbot; help@moz.com)" "pattifamily.net"
51.222.253.5 - - [20/Dec/2022:09:09:34 -0800] "GET /pictures/2005_09_12/ HTTP/1.1" 200 464 "-" "Mozilla/5.0 (compatible; AhrefsBot/7.0; +http://ahrefs.com/robot/)" "www.pattifamily.net"
51.222.253.19 - - [20/Dec/2022:09:16:25 -0800] "GET /pictures/2005_01_25/?C=S;O=D HTTP/1.1" 200 428 "-" "Mozilla/5.0 (compatible; AhrefsBot/7.0; +http://ahrefs.com/robot/)" "pattifamily.net"
51.222.253.3 - - [20/Dec/2022:09:23:18 -0800] "GET /pictures/2004_10_28/?C=S;O=D HTTP/1.1" 200 415 "-" "Mozilla/5.0 (compatible; AhrefsBot/7.0; +http://ahrefs.com/robot/)" "pattifamily.net"
51.222.253.10 - - [20/Dec/2022:09:30:35 -0800] "GET /pictures/2005_05_06/?C=M;O=D HTTP/1.1" 200 394 "-" "Mozilla/5.0 (compatible; AhrefsBot/7.0; +http://ahrefs.com/robot/)" "pattifamily.net"
51.222.253.2 - - [20/Dec/2022:09:37:36 -0800] "GET /pictures/2005_03_16/?C=N;O=A HTTP/1.1" 200 456 "-" "Mozilla/5.0 (compatible; AhrefsBot/7.0; +http://ahrefs.com/robot/)" "pattifamily.net"
51.222.253.15 - - [20/Dec/2022:09:44:18 -0800] "GET /pictures/2005_10_08/?C=N;O=D HTTP/1.1" 200 452 "-" "Mozilla/5.0 (compatible; AhrefsBot/7.0; +http://ahrefs.com/robot/)" "pattifamily.net"
51.222.253.15 - - [20/Dec/2022:09:51:20 -0800] "GET /pictures/2005_12_08/?C=D;O=A HTTP/1.1" 200 424 "-" "Mozilla/5.0 (compatible; AhrefsBot/7.0; +http://ahrefs.com/robot/)" "pattifamily.net"
51.222.253.20 - - [20/Dec/2022:09:57:16 -0800] "GET /pictures/2005_05_11/?C=S;O=A HTTP/1.1" 200 399 "-" "Mozilla/5.0 (compatible; AhrefsBot/7.0; +http://ahrefs.com/robot/)" "pattifamily.net"
51.222.253.6 - - [20/Dec/2022:10:03:13 -0800] "GET /pictures/2005_05_11/?C=D;O=A HTTP/1.1" 200 399 "-" "Mozilla/5.0 (compatible; AhrefsBot/7.0; +http://ahrefs.com/robot/)" "pattifamily.net"
216.244.66.196 - - [20/Dec/2022:10:04:30 -0800] "GET /robots.txt HTTP/1.1" 404 73 "-" "Mozilla/5.0 (compatible; DotBot/1.2; +https://opensiteexplorer.org/dotbot; help@moz.com)" "pattifamily.net"
51.222.253.3 - - [20/Dec/2022:10:09:47 -0800] "GET /pictures/2005_09_15/?C=N;O=D HTTP/1.1" 200 452 "-" "Mozilla/5.0 (compatible; AhrefsBot/7.0; +http://ahrefs.com/robot/)" "www.pattifamily.net"
51.222.253.16 - - [20/Dec/2022:10:16:25 -0800] "GET /pictures/2005_09_12/?C=N;O=D HTTP/1.1" 200 461 "-" "Mozilla/5.0 (compatible; AhrefsBot/7.0; +http://ahrefs.com/robot/)" "www.pattifamily.net"
51.222.253.17 - - [20/Dec/2022:10:22:29 -0800] "GET /pictures/2005_10_07/?C=S;O=D HTTP/1.1" 200 458 "-" "Mozilla/5.0 (compatible; AhrefsBot/7.0; +http://ahrefs.com/robot/)" "www.pattifamily.net"
51.222.253.5 - - [20/Dec/2022:10:28:32 -0800] "GET /pictures/2005_08_25/?C=M;O=D HTTP/1.1" 200 401 "-" "Mozilla/5.0 (compatible; AhrefsBot/7.0; +http://ahrefs.com/robot/)" "pattifamily.net"
216.244.66.196 - - [20/Dec/2022:10:29:24 -0800] "GET /pictures/2005_03_12/ HTTP/1.1" 200 3310 "-" "Mozilla/5.0 (compatible; DotBot/1.2; +https://opensiteexplorer.org/dotbot; help@moz.com)" "pattifamily.net"
216.244.66.196 - - [20/Dec/2022:10:29:39 -0800] "GET /pictures/2006_07_26/ HTTP/1.1" 200 907 "-" "Mozilla/5.0 (compatible; DotBot/1.2; +https://opensiteexplorer.org/dotbot; help@moz.com)" "pattifamily.net"
216.244.66.196 - - [20/Dec/2022:10:29:54 -0800] "GET /pictures/2006_10_27/ HTTP/1.1" 200 2034 "-" "Mozilla/5.0 (compatible; DotBot/1.2; +https://opensiteexplorer.org/dotbot; help@moz.com)" "pattifamily.net"
216.244.66.196 - - [20/Dec/2022:10:30:08 -0800] "GET /pictures/2008_09_06/ HTTP/1.1" 200 746 "-" "Mozilla/5.0 (compatible; DotBot/1.2; +https://opensiteexplorer.org/dotbot; help@moz.com)" "pattifamily.net"
216.244.66.196 - - [20/Dec/2022:10:30:21 -0800] "GET /pictures/2009_12_28/ HTTP/1.1" 200 2034 "-" "Mozilla/5.0 (compatible; DotBot/1.2; +https://opensiteexplorer.org/dotbot; help@moz.com)" "pattifamily.net"
216.244.66.196 - - [20/Dec/2022:10:33:02 -0800] "GET /pictures/2010/2010_08_25/ HTTP/1.1" 200 912 "-" "Mozilla/5.0 (compatible; DotBot/1.2; +https://opensiteexplorer.org/dotbot; help@moz.com)" "pattifamily.net"
216.244.66.196 - - [20/Dec/2022:10:33:08 -0800] "GET /pictures/2011/2011_01_01/ HTTP/1.1" 200 1083 "-" "Mozilla/5.0 (compatible; DotBot/1.2; +https://opensiteexplorer.org/dotbot; help@moz.com)" "pattifamily.net"
216.244.66.196 - - [20/Dec/2022:10:33:12 -0800] "GET /pictures/2011/2011_04_23/ HTTP/1.1" 200 5752 "-" "Mozilla/5.0 (compatible; DotBot/1.2; +https://opensiteexplorer.org/dotbot; help@moz.com)" "pattifamily.net"
216.244.66.196 - - [20/Dec/2022:10:33:16 -0800] "GET /pictures/2011/2011_06_12/ HTTP/1.1" 200 2371 "-" "Mozilla/5.0 (compatible; DotBot/1.2; +https://opensiteexplorer.org/dotbot; help@moz.com)" "pattifamily.net"
51.222.253.11 - - [20/Dec/2022:10:35:00 -0800] "GET /pictures/2006_01_13/?C=D;O=A HTTP/1.1" 200 446 "-" "Mozilla/5.0 (compatible; AhrefsBot/7.0; +http://ahrefs.com/robot/)" "www.pattifamily.net"
51.222.253.13 - - [20/Dec/2022:10:42:10 -0800] "GET /pictures/2006_06_06/?C=S;O=D HTTP/1.1" 200 397 "-" "Mozilla/5.0 (compatible; AhrefsBot/7.0; +http://ahrefs.com/robot/)" "pattifamily.net"
