173.212.246.178 - - [20/Dec/2022:19:54:45 -0800] "GET /1993/Patti/?C=S;O=A HTTP/1.1" 200 492 "-" "Mozilla/5.0 (compatible; MJ12bot/v1.4.8; http://mj12bot.com/)" "pattifamily.net"
185.234.69.220 - - [20/Dec/2022:19:54:49 -0800] "GET /pictures/2009_03_23/?C=S;O=A HTTP/1.1" 200 399 "-" "Mozilla/5.0 (compatible; MJ12bot/v1.4.8; http://mj12bot.com/)" "www.pattifamily.net"
173.212.246.178 - - [20/Dec/2022:19:54:54 -0800] "GET /1994/Patti/August231994/ HTTP/1.1" 200 870 "-" "Mozilla/5.0 (compatible; MJ12bot/v1.4.8; http://mj12bot.com/)" "pattifamily.net"
185.234.69.220 - - [20/Dec/2022:19:54:58 -0800] "GET /pictures/2009_03_23/?C=S;O=D HTTP/1.1" 200 397 "-" "Mozilla/5.0 (compatible; MJ12bot/v1.4.8; http://mj12bot.com/)" "www.pattifamily.net"
185.234.69.220 - - [20/Dec/2022:19:55:08 -0800] "GET /pictures/2009_04_04/?C=D;O=D HTTP/1.1" 200 382 "-" "Mozilla/5.0 (compatible; MJ12bot/v1.4.8; http://mj12bot.com/)" "www.pattifamily.net"
173.212.246.178 - - [20/Dec/2022:19:55:11 -0800] "GET /1994/Patti/January241994/ HTTP/1.1" 200 1508 "-" "Mozilla/5.0 (compatible; MJ12bot/v1.4.8; http://mj12bot.com/)" "pattifamily.net"
185.234.69.220 - - [20/Dec/2022:19:55:15 -0800] "GET /pictures/2009_04_10/?C=M;O=D HTTP/1.1" 200 400 "-" "Mozilla/5.0 (compatible; MJ12bot/v1.4.8; http://mj12bot.com/)" "www.pattifamily.net"
185.234.69.220 - - [20/Dec/2022:19:55:25 -0800] "GET /pictures/2009_04_13/?C=D;O=D HTTP/1.1" 200 398 "-" "Mozilla/5.0 (compatible; MJ12bot/v1.4.8; http://mj12bot.com/)" "www.pattifamily.net"
185.234.69.220 - - [20/Dec/2022:19:55:31 -0800] "GET /pictures/2009_04_13/?C=M;O=D HTTP/1.1" 200 398 "-" "Mozilla/5.0 (compatible; MJ12bot/v1.4.8; http://mj12bot.com/)" "www.pattifamily.net"
173.212.246.178 - - [20/Dec/2022:19:55:32 -0800] "GET /1994/Patti/July71994/ HTTP/1.1" 200 1108 "-" "Mozilla/5.0 (compatible; MJ12bot/v1.4.8; http://mj12bot.com/)" "pattifamily.net"
87.250.224.28 - - [20/Dec/2022:19:55:38 -0800] "GET /robots.txt HTTP/1.1" 404 73 "-" "Mozilla/5.0 (compatible; YandexBot/3.0; +http://yandex.com/bots)" "pattifamily.net"
185.234.69.220 - - [20/Dec/2022:19:55:39 -0800] "GET /pictures/2009_04_13/?C=N;O=A HTTP/1.1" 200 402 "-" "Mozilla/5.0 (compatible; MJ12bot/v1.4.8; http://mj12bot.com/)" "www.pattifamily.net"
5.255.231.206 - - [20/Dec/2022:19:55:41 -0800] "GET /unknown/Lubold/CapeCod/ HTTP/1.1" 200 757 "-" "Mozilla/5.0 (compatible; YandexBot/3.0; +http://yandex.com/bots)" "pattifamily.net"
173.212.246.178 - - [20/Dec/2022:19:55:48 -0800] "GET /1994/Patti/May161994/ HTTP/1.1" 200 1027 "-" "Mozilla/5.0 (compatible; MJ12bot/v1.4.8; http://mj12bot.com/)" "pattifamily.net"
185.234.69.220 - - [20/Dec/2022:19:55:48 -0800] "GET /pictures/2009_04_13/?C=S;O=D HTTP/1.1" 200 398 "-" "Mozilla/5.0 (compatible; MJ12bot/v1.4.8; http://mj12bot.com/)" "www.pattifamily.net"
173.212.246.178 - - [20/Dec/2022:19:55:59 -0800] "GET /1994/Patti/October61994/ HTTP/1.1" 200 856 "-" "Mozilla/5.0 (compatible; MJ12bot/v1.4.8; http://mj12bot.com/)" "pattifamily.net"
185.234.69.220 - - [20/Dec/2022:19:55:59 -0800] "GET /pictures/2009_04_16/?C=D;O=D HTTP/1.1" 200 409 "-" "Mozilla/5.0 (compatible; MJ12bot/v1.4.8; http://mj12bot.com/)" "www.pattifamily.net"
185.234.69.220 - - [20/Dec/2022:19:56:11 -0800] "GET /pictures/2009_04_16/?C=M;O=D HTTP/1.1" 200 409 "-" "Mozilla/5.0 (compatible; MJ12bot/v1.4.8; http://mj12bot.com/)" "www.pattifamily.net"
185.234.69.220 - - [20/Dec/2022:19:56:20 -0800] "GET /pictures/2009_04_16/?C=N;O=A HTTP/1.1" 200 412 "-" "Mozilla/5.0 (compatible; MJ12bot/v1.4.8; http://mj12bot.com/)" "www.pattifamily.net"
185.234.69.220 - - [20/Dec/2022:19:56:24 -0800] "GET /pictures/2009_04_16/?C=S;O=D HTTP/1.1" 200 410 "-" "Mozilla/5.0 (compatible; MJ12bot/v1.4.8; http://mj12bot.com/)" "www.pattifamily.net"
185.234.69.220 - - [20/Dec/2022:19:56:32 -0800] "GET /pictures/2009_04_25/?C=D;O=D HTTP/1.1" 200 1219 "-" "Mozilla/5.0 (compatible; MJ12bot/v1.4.8; http://mj12bot.com/)" "www.pattifamily.net"
173.212.246.178 - - [20/Dec/2022:19:56:33 -0800] "GET /1997/Patti/ HTTP/1.1" 200 2317 "-" "Mozilla/5.0 (compatible; MJ12bot/v1.4.8; http://mj12bot.com/)" "pattifamily.net"
185.234.69.220 - - [20/Dec/2022:19:56:44 -0800] "GET /pictures/2009_04_25/?C=M;O=D HTTP/1.1" 200 1218 "-" "Mozilla/5.0 (compatible; MJ12bot/v1.4.8; http://mj12bot.com/)" "www.pattifamily.net"
173.212.246.178 - - [20/Dec/2022:19:56:44 -0800] "GET /2003/Patti/?S=D HTTP/1.1" 200 1621 "-" "Mozilla/5.0 (compatible; MJ12bot/v1.4.8; http://mj12bot.com/)" "pattifamily.net"
173.212.246.178 - - [20/Dec/2022:19:56:54 -0800] "GET /2004/Patti/ HTTP/1.1" 200 389 "-" "Mozilla/5.0 (compatible; MJ12bot/v1.4.8; http://mj12bot.com/)" "pattifamily.net"
185.234.69.220 - - [20/Dec/2022:19:56:56 -0800] "GET /pictures/2009_04_25/?C=N;O=A HTTP/1.1" 200 1226 "-" "Mozilla/5.0 (compatible; MJ12bot/v1.4.8; http://mj12bot.com/)" "www.pattifamily.net"
185.234.69.220 - - [20/Dec/2022:19:57:04 -0800] "GET /pictures/2009_04_25/?C=S;O=D HTTP/1.1" 200 1242 "-" "Mozilla/5.0 (compatible; MJ12bot/v1.4.8; http://mj12bot.com/)" "www.pattifamily.net"
173.212.246.178 - - [20/Dec/2022:19:57:06 -0800] "GET /2004/Patti/November2004/?D=A HTTP/1.1" 200 803 "-" "Mozilla/5.0 (compatible; MJ12bot/v1.4.8; http://mj12bot.com/)" "pattifamily.net"
185.234.69.220 - - [20/Dec/2022:19:57:09 -0800] "GET /pictures/2010/2010_06_04/?C=D;O=A HTTP/1.1" 200 420 "-" "Mozilla/5.0 (compatible; MJ12bot/v1.4.8; http://mj12bot.com/)" "www.pattifamily.net"
185.234.69.220 - - [20/Dec/2022:19:57:17 -0800] "GET /pictures/2010/2010_06_04/?C=M;O=A HTTP/1.1" 200 420 "-" "Mozilla/5.0 (compatible; MJ12bot/v1.4.8; http://mj12bot.com/)" "www.pattifamily.net"
173.212.246.178 - - [20/Dec/2022:19:57:24 -0800] "GET /2004/Patti/November2004/?M=A HTTP/1.1" 200 803 "-" "Mozilla/5.0 (compatible; MJ12bot/v1.4.8; http://mj12bot.com/)" "pattifamily.net"
185.234.69.220 - - [20/Dec/2022:19:57:24 -0800] "GET /pictures/2010/2010_06_04/?C=N;O=D HTTP/1.1" 200 417 "-" "Mozilla/5.0 (compatible; MJ12bot/v1.4.8; http://mj12bot.com/)" "www.pattifamily.net"
185.234.69.220 - - [20/Dec/2022:19:57:33 -0800] "GET /pictures/2010/2010_06_04/?C=S;O=A HTTP/1.1" 200 420 "-" "Mozilla/5.0 (compatible; MJ12bot/v1.4.8; http://mj12bot.com/)" "www.pattifamily.net"
173.212.246.178 - - [20/Dec/2022:19:57:38 -0800] "GET /2004/Patti/November2004/?N=D HTTP/1.1" 200 803 "-" "Mozilla/5.0 (compatible; MJ12bot/v1.4.8; http://mj12bot.com/)" "pattifamily.net"
185.234.69.220 - - [20/Dec/2022:19:57:42 -0800] "GET /pictures/2010/2010_06_05/?C=D;O=A HTTP/1.1" 200 406 "-" "Mozilla/5.0 (compatible; MJ12bot/v1.4.8; http://mj12bot.com/)" "www.pattifamily.net"
173.212.246.178 - - [20/Dec/2022:19:57:48 -0800] "GET /2004/Patti/November2004/?S=A HTTP/1.1" 200 803 "-" "Mozilla/5.0 (compatible; MJ12bot/v1.4.8; http://mj12bot.com/)" "pattifamily.net"
185.234.69.220 - - [20/Dec/2022:19:57:49 -0800] "GET /pictures/2010/2010_06_05/?C=M;O=A HTTP/1.1" 200 406 "-" "Mozilla/5.0 (compatible; MJ12bot/v1.4.8; http://mj12bot.com/)" "www.pattifamily.net"
185.234.69.220 - - [20/Dec/2022:19:57:57 -0800] "GET /pictures/2010/2010_06_05/?C=N;O=D HTTP/1.1" 200 404 "-" "Mozilla/5.0 (compatible; MJ12bot/v1.4.8; http://mj12bot.com/)" "www.pattifamily.net"
173.212.246.178 - - [20/Dec/2022:19:57:59 -0800] "GET /murray/slides/1967/?D=A HTTP/1.1" 200 326 "-" "Mozilla/5.0 (compatible; MJ12bot/v1.4.8; http://mj12bot.com/)" "pattifamily.net"
185.234.69.220 - - [20/Dec/2022:19:58:04 -0800] "GET /pictures/2010/2010_06_05/?C=S;O=A HTTP/1.1" 200 406 "-" "Mozilla/5.0 (compatible; MJ12bot/v1.4.8; http://mj12bot.com/)" "www.pattifamily.net"
173.212.246.178 - - [20/Dec/2022:19:58:11 -0800] "GET /murray/slides/1967/?M=A HTTP/1.1" 200 326 "-" "Mozilla/5.0 (compatible; MJ12bot/v1.4.8; http://mj12bot.com/)" "pattifamily.net"
185.234.69.220 - - [20/Dec/2022:19:58:13 -0800] "GET /pictures/2010/2010_06_18/?C=D;O=A HTTP/1.1" 200 502 "-" "Mozilla/5.0 (compatible; MJ12bot/v1.4.8; http://mj12bot.com/)" "www.pattifamily.net"
185.234.69.220 - - [20/Dec/2022:19:58:25 -0800] "GET /pictures/2010/2010_06_18/?C=M;O=A HTTP/1.1" 200 502 "-" "Mozilla/5.0 (compatible; MJ12bot/v1.4.8; http://mj12bot.com/)" "www.pattifamily.net"
173.212.246.178 - - [20/Dec/2022:19:58:25 -0800] "GET /pictures/2004_10_24/?C=D;O=A HTTP/1.1" 200 448 "-" "Mozilla/5.0 (compatible; MJ12bot/v1.4.8; http://mj12bot.com/)" "pattifamily.net"
173.212.246.178 - - [20/Dec/2022:19:58:33 -0800] "GET /pictures/2004_10_24/?C=M;O=A HTTP/1.1" 200 448 "-" "Mozilla/5.0 (compatible; MJ12bot/v1.4.8; http://mj12bot.com/)" "pattifamily.net"
185.234.69.220 - - [20/Dec/2022:19:58:46 -0800] "GET /pictures/2010/2010_06_18/?C=S;O=A HTTP/1.1" 200 506 "-" "Mozilla/5.0 (compatible; MJ12bot/v1.4.8; http://mj12bot.com/)" "www.pattifamily.net"
173.212.246.178 - - [20/Dec/2022:19:58:50 -0800] "GET /pictures/2004_10_24/?C=N;O=D HTTP/1.1" 200 444 "-" "Mozilla/5.0 (compatible; MJ12bot/v1.4.8; http://mj12bot.com/)" "pattifamily.net"
185.234.69.220 - - [20/Dec/2022:19:58:52 -0800] "GET /pictures/2010/2010_06_28/?C=D;O=A HTTP/1.1" 200 427 "-" "Mozilla/5.0 (compatible; MJ12bot/v1.4.8; http://mj12bot.com/)" "www.pattifamily.net"
173.212.246.178 - - [20/Dec/2022:19:59:00 -0800] "GET /pictures/2004_10_24/?C=S;O=A HTTP/1.1" 200 448 "-" "Mozilla/5.0 (compatible; MJ12bot/v1.4.8; http://mj12bot.com/)" "pattifamily.net"
185.234.69.220 - - [20/Dec/2022:19:59:03 -0800] "GET /pictures/2010/2010_06_28/?C=M;O=A HTTP/1.1" 200 427 "-" "Mozilla/5.0 (compatible; MJ12bot/v1.4.8; http://mj12bot.com/)" "www.pattifamily.net"
173.212.246.178 - - [20/Dec/2022:19:59:09 -0800] "GET /pictures/2004_11_13/?C=N;O=A HTTP/1.1" 200 428 "-" "Mozilla/5.0 (compatible; MJ12bot/v1.4.8; http://mj12bot.com/)" "pattifamily.net"
185.234.69.220 - - [20/Dec/2022:19:59:12 -0800] "GET /pictures/2010/2010_06_28/?C=N;O=D HTTP/1.1" 200 426 "-" "Mozilla/5.0 (compatible; MJ12bot/v1.4.8; http://mj12bot.com/)" "www.pattifamily.net"
185.234.69.220 - - [20/Dec/2022:19:59:19 -0800] "GET /pictures/2010/2010_06_28/?C=S;O=A HTTP/1.1" 200 428 "-" "Mozilla/5.0 (compatible; MJ12bot/v1.4.8; http://mj12bot.com/)" "www.pattifamily.net"
173.212.246.178 - - [20/Dec/2022:19:59:25 -0800] "GET /pictures/2005/December/?C=D;O=A HTTP/1.1" 200 631 "-" "Mozilla/5.0 (compatible; MJ12bot/v1.4.8; http://mj12bot.com/)" "pattifamily.net"
185.234.69.220 - - [20/Dec/2022:19:59:27 -0800] "GET /pictures/2010/2010_07_19/?C=D;O=A HTTP/1.1" 200 449 "-" "Mozilla/5.0 (compatible; MJ12bot/v1.4.8; http://mj12bot.com/)" "www.pattifamily.net"
185.234.69.220 - - [20/Dec/2022:19:59:34 -0800] "GET /pictures/2010/2010_07_19/?C=M;O=A HTTP/1.1" 200 450 "-" "Mozilla/5.0 (compatible; MJ12bot/v1.4.8; http://mj12bot.com/)" "www.pattifamily.net"
173.212.246.178 - - [20/Dec/2022:19:59:34 -0800] "GET /pictures/2005/December/?C=M;O=A HTTP/1.1" 200 630 "-" "Mozilla/5.0 (compatible; MJ12bot/v1.4.8; http://mj12bot.com/)" "pattifamily.net"
185.234.69.220 - - [20/Dec/2022:19:59:47 -0800] "GET /pictures/2010/2010_07_19/?C=S;O=A HTTP/1.1" 200 449 "-" "Mozilla/5.0 (compatible; MJ12bot/v1.4.8; http://mj12bot.com/)" "www.pattifamily.net"
173.212.246.178 - - [20/Dec/2022:19:59:47 -0800] "GET /pictures/2005/December/?C=N;O=D HTTP/1.1" 200 632 "-" "Mozilla/5.0 (compatible; MJ12bot/v1.4.8; http://mj12bot.com/)" "pattifamily.net"
185.234.69.220 - - [20/Dec/2022:19:59:58 -0800] "GET /pictures/2010/2010_10_03/?N=A HTTP/1.1" 200 491 "-" "Mozilla/5.0 (compatible; MJ12bot/v1.4.8; http://mj12bot.com/)" "www.pattifamily.net"
173.212.246.178 - - [20/Dec/2022:20:00:07 -0800] "GET /pictures/2005/December/?C=S;O=A HTTP/1.1" 200 634 "-" "Mozilla/5.0 (compatible; MJ12bot/v1.4.8; http://mj12bot.com/)" "pattifamily.net"
185.234.69.220 - - [20/Dec/2022:20:00:11 -0800] "GET /pictures/2010/2010_10_07/?C=D;O=A HTTP/1.1" 200 529 "-" "Mozilla/5.0 (compatible; MJ12bot/v1.4.8; http://mj12bot.com/)" "www.pattifamily.net"
173.212.246.178 - - [20/Dec/2022:20:00:15 -0800] "GET /pictures/2005/February/?C=D;O=A HTTP/1.1" 200 642 "-" "Mozilla/5.0 (compatible; MJ12bot/v1.4.8; http://mj12bot.com/)" "pattifamily.net"
185.234.69.220 - - [20/Dec/2022:20:00:23 -0800] "GET /pictures/2010/2010_10_07/?C=M;O=A HTTP/1.1" 200 529 "-" "Mozilla/5.0 (compatible; MJ12bot/v1.4.8; http://mj12bot.com/)" "www.pattifamily.net"
173.212.246.178 - - [20/Dec/2022:20:00:26 -0800] "GET /pictures/2005/February/?C=M;O=A HTTP/1.1" 200 642 "-" "Mozilla/5.0 (compatible; MJ12bot/v1.4.8; http://mj12bot.com/)" "pattifamily.net"
185.234.69.220 - - [20/Dec/2022:20:00:35 -0800] "GET /pictures/2010/2010_10_07/?C=S;O=A HTTP/1.1" 200 524 "-" "Mozilla/5.0 (compatible; MJ12bot/v1.4.8; http://mj12bot.com/)" "www.pattifamily.net"
173.212.246.178 - - [20/Dec/2022:20:00:36 -0800] "GET /pictures/2005/February/?C=N;O=D HTTP/1.1" 200 639 "-" "Mozilla/5.0 (compatible; MJ12bot/v1.4.8; http://mj12bot.com/)" "pattifamily.net"
185.234.69.220 - - [20/Dec/2022:20:00:49 -0800] "GET /pictures/2010/2010_10_20/?N=A HTTP/1.1" 200 436 "-" "Mozilla/5.0 (compatible; MJ12bot/v1.4.8; http://mj12bot.com/)" "www.pattifamily.net"
185.234.69.220 - - [20/Dec/2022:20:00:55 -0800] "GET /pictures/2010/2010_10_21/?D=D HTTP/1.1" 200 428 "-" "Mozilla/5.0 (compatible; MJ12bot/v1.4.8; http://mj12bot.com/)" "www.pattifamily.net"
173.212.246.178 - - [20/Dec/2022:20:00:57 -0800] "GET /pictures/2005/February/?C=S;O=A HTTP/1.1" 200 638 "-" "Mozilla/5.0 (compatible; MJ12bot/v1.4.8; http://mj12bot.com/)" "pattifamily.net"
185.234.69.220 - - [20/Dec/2022:20:01:03 -0800] "GET /pictures/2010/2010_10_21/?M=D HTTP/1.1" 200 428 "-" "Mozilla/5.0 (compatible; MJ12bot/v1.4.8; http://mj12bot.com/)" "www.pattifamily.net"
173.212.246.178 - - [20/Dec/2022:20:01:09 -0800] "GET /pictures/2005/January/?C=D;O=A HTTP/1.1" 200 611 "-" "Mozilla/5.0 (compatible; MJ12bot/v1.4.8; http://mj12bot.com/)" "pattifamily.net"
185.234.69.220 - - [20/Dec/2022:20:01:17 -0800] "GET /pictures/2010/2010_10_21/?N=A HTTP/1.1" 200 428 "-" "Mozilla/5.0 (compatible; MJ12bot/v1.4.8; http://mj12bot.com/)" "www.pattifamily.net"
173.212.246.178 - - [20/Dec/2022:20:01:23 -0800] "GET /pictures/2005/January/?C=M;O=A HTTP/1.1" 200 611 "-" "Mozilla/5.0 (compatible; MJ12bot/v1.4.8; http://mj12bot.com/)" "pattifamily.net"
185.234.69.220 - - [20/Dec/2022:20:01:26 -0800] "GET /pictures/2010/2010_10_21/?S=D HTTP/1.1" 200 428 "-" "Mozilla/5.0 (compatible; MJ12bot/v1.4.8; http://mj12bot.com/)" "www.pattifamily.net"
173.212.246.178 - - [20/Dec/2022:20:01:35 -0800] "GET /pictures/2005/January/?C=N;O=D HTTP/1.1" 200 614 "-" "Mozilla/5.0 (compatible; MJ12bot/v1.4.8; http://mj12bot.com/)" "pattifamily.net"
185.234.69.220 - - [20/Dec/2022:20:01:36 -0800] "GET /pictures/2010/2010_10_22/?D=D HTTP/1.1" 200 448 "-" "Mozilla/5.0 (compatible; MJ12bot/v1.4.8; http://mj12bot.com/)" "www.pattifamily.net"
185.234.69.220 - - [20/Dec/2022:20:01:48 -0800] "GET /pictures/2010/2010_10_22/?M=D HTTP/1.1" 200 448 "-" "Mozilla/5.0 (compatible; MJ12bot/v1.4.8; http://mj12bot.com/)" "www.pattifamily.net"
173.212.246.178 - - [20/Dec/2022:20:01:48 -0800] "GET /pictures/2005/January/?C=S;O=A HTTP/1.1" 200 617 "-" "Mozilla/5.0 (compatible; MJ12bot/v1.4.8; http://mj12bot.com/)" "pattifamily.net"
173.212.246.178 - - [20/Dec/2022:20:01:55 -0800] "GET /pictures/2005/May/?C=D;O=A HTTP/1.1" 200 643 "-" "Mozilla/5.0 (compatible; MJ12bot/v1.4.8; http://mj12bot.com/)" "pattifamily.net"
185.234.69.220 - - [20/Dec/2022:20:01:58 -0800] "GET /pictures/2010/2010_10_22/?N=A HTTP/1.1" 200 448 "-" "Mozilla/5.0 (compatible; MJ12bot/v1.4.8; http://mj12bot.com/)" "www.pattifamily.net"
173.212.246.178 - - [20/Dec/2022:20:02:06 -0800] "GET /pictures/2005/May/?C=M;O=A HTTP/1.1" 200 643 "-" "Mozilla/5.0 (compatible; MJ12bot/v1.4.8; http://mj12bot.com/)" "pattifamily.net"
185.234.69.220 - - [20/Dec/2022:20:02:08 -0800] "GET /pictures/2010/2010_10_22/?S=D HTTP/1.1" 200 448 "-" "Mozilla/5.0 (compatible; MJ12bot/v1.4.8; http://mj12bot.com/)" "www.pattifamily.net"
185.234.69.220 - - [20/Dec/2022:20:02:13 -0800] "GET /pictures/2010/2010_10_23/?S=A HTTP/1.1" 200 644 "-" "Mozilla/5.0 (compatible; MJ12bot/v1.4.8; http://mj12bot.com/)" "www.pattifamily.net"
173.212.246.178 - - [20/Dec/2022:20:02:19 -0800] "GET /pictures/2005/May/?C=N;O=D HTTP/1.1" 200 646 "-" "Mozilla/5.0 (compatible; MJ12bot/v1.4.8; http://mj12bot.com/)" "pattifamily.net"
185.234.69.220 - - [20/Dec/2022:20:02:20 -0800] "GET /pictures/2010/2010_10_24/?M=A HTTP/1.1" 200 467 "-" "Mozilla/5.0 (compatible; MJ12bot/v1.4.8; http://mj12bot.com/)" "www.pattifamily.net"
185.234.69.220 - - [20/Dec/2022:20:02:28 -0800] "GET /pictures/2010/2010_10_24/?S=A HTTP/1.1" 200 467 "-" "Mozilla/5.0 (compatible; MJ12bot/v1.4.8; http://mj12bot.com/)" "www.pattifamily.net"
173.212.246.178 - - [20/Dec/2022:20:02:30 -0800] "GET /pictures/2005/May/?C=S;O=A HTTP/1.1" 200 657 "-" "Mozilla/5.0 (compatible; MJ12bot/v1.4.8; http://mj12bot.com/)" "pattifamily.net"
185.234.69.220 - - [20/Dec/2022:20:02:36 -0800] "GET /pictures/2010/2010_10_28/?D=D HTTP/1.1" 200 559 "-" "Mozilla/5.0 (compatible; MJ12bot/v1.4.8; http://mj12bot.com/)" "www.pattifamily.net"
173.212.246.178 - - [20/Dec/2022:20:02:40 -0800] "GET /pictures/2005/November/?C=D;O=A HTTP/1.1" 200 553 "-" "Mozilla/5.0 (compatible; MJ12bot/v1.4.8; http://mj12bot.com/)" "pattifamily.net"
173.212.246.178 - - [20/Dec/2022:20:02:52 -0800] "GET /pictures/2005/November/?C=D;O=D HTTP/1.1" 200 546 "-" "Mozilla/5.0 (compatible; MJ12bot/v1.4.8; http://mj12bot.com/)" "pattifamily.net"
185.234.69.220 - - [20/Dec/2022:20:02:54 -0800] "GET /pictures/2010/2010_10_28/?M=D HTTP/1.1" 200 559 "-" "Mozilla/5.0 (compatible; MJ12bot/v1.4.8; http://mj12bot.com/)" "www.pattifamily.net"
185.234.69.220 - - [20/Dec/2022:20:03:03 -0800] "GET /pictures/2010/2010_10_28/?N=A HTTP/1.1" 200 559 "-" "Mozilla/5.0 (compatible; MJ12bot/v1.4.8; http://mj12bot.com/)" "www.pattifamily.net"
173.212.246.178 - - [20/Dec/2022:20:03:04 -0800] "GET /pictures/2005/November/?C=M;O=A HTTP/1.1" 200 553 "-" "Mozilla/5.0 (compatible; MJ12bot/v1.4.8; http://mj12bot.com/)" "pattifamily.net"
173.212.246.178 - - [20/Dec/2022:20:03:12 -0800] "GET /pictures/2005/November/?C=N;O=D HTTP/1.1" 200 546 "-" "Mozilla/5.0 (compatible; MJ12bot/v1.4.8; http://mj12bot.com/)" "pattifamily.net"
185.234.69.220 - - [20/Dec/2022:20:03:16 -0800] "GET /pictures/2010/2010_10_28/?S=D HTTP/1.1" 200 559 "-" "Mozilla/5.0 (compatible; MJ12bot/v1.4.8; http://mj12bot.com/)" "www.pattifamily.net"
185.234.69.220 - - [20/Dec/2022:20:03:20 -0800] "GET /pictures/2010/2010_11_20/?C=M;O=A HTTP/1.1" 200 429 "-" "Mozilla/5.0 (compatible; MJ12bot/v1.4.8; http://mj12bot.com/)" "www.pattifamily.net"
173.212.246.178 - - [20/Dec/2022:20:03:25 -0800] "GET /pictures/2005/November/?C=S;O=A HTTP/1.1" 200 544 "-" "Mozilla/5.0 (compatible; MJ12bot/v1.4.8; http://mj12bot.com/)" "pattifamily.net"
185.234.69.220 - - [20/Dec/2022:20:03:33 -0800] "GET /pictures/2010/2010_11_20/?C=N;O=A HTTP/1.1" 200 430 "-" "Mozilla/5.0 (compatible; MJ12bot/v1.4.8; http://mj12bot.com/)" "www.pattifamily.net"
173.212.246.178 - - [20/Dec/2022:20:03:38 -0800] "GET /pictures/2005_03_03/?C=M;O=D HTTP/1.1" 200 510 "-" "Mozilla/5.0 (compatible; MJ12bot/v1.4.8; http://mj12bot.com/)" "pattifamily.net"
185.234.69.220 - - [20/Dec/2022:20:03:43 -0800] "GET /pictures/2010/2010_11_20/?C=S;O=A HTTP/1.1" 200 429 "-" "Mozilla/5.0 (compatible; MJ12bot/v1.4.8; http://mj12bot.com/)" "www.pattifamily.net"
185.234.69.220 - - [20/Dec/2022:20:03:50 -0800] "GET /pictures/2010/2010_11_20/?D=D HTTP/1.1" 200 430 "-" "Mozilla/5.0 (compatible; MJ12bot/v1.4.8; http://mj12bot.com/)" "www.pattifamily.net"
173.212.246.178 - - [20/Dec/2022:20:03:51 -0800] "GET /pictures/2005_03_19/?C=M;O=A HTTP/1.1" 200 457 "-" "Mozilla/5.0 (compatible; MJ12bot/v1.4.8; http://mj12bot.com/)" "pattifamily.net"
185.234.69.220 - - [20/Dec/2022:20:03:57 -0800] "GET /pictures/2010/2010_11_20/?M=D HTTP/1.1" 200 430 "-" "Mozilla/5.0 (compatible; MJ12bot/v1.4.8; http://mj12bot.com/)" "www.pattifamily.net"
173.212.246.178 - - [20/Dec/2022:20:04:04 -0800] "GET /pictures/2005_03_19/?C=S;O=A HTTP/1.1" 200 459 "-" "Mozilla/5.0 (compatible; MJ12bot/v1.4.8; http://mj12bot.com/)" "pattifamily.net"
185.234.69.220 - - [20/Dec/2022:20:04:10 -0800] "GET /pictures/2010/2010_11_20/?N=A HTTP/1.1" 200 430 "-" "Mozilla/5.0 (compatible; MJ12bot/v1.4.8; http://mj12bot.com/)" "www.pattifamily.net"
173.212.246.178 - - [20/Dec/2022:20:04:14 -0800] "GET /pictures/2005_04_24/?N=D HTTP/1.1" 200 476 "-" "Mozilla/5.0 (compatible; MJ12bot/v1.4.8; http://mj12bot.com/)" "pattifamily.net"
185.234.69.220 - - [20/Dec/2022:20:04:17 -0800] "GET /pictures/2010/2010_11_20/?S=D HTTP/1.1" 200 430 "-" "Mozilla/5.0 (compatible; MJ12bot/v1.4.8; http://mj12bot.com/)" "www.pattifamily.net"
173.212.246.178 - - [20/Dec/2022:20:04:23 -0800] "GET /pictures/2005_05_01/?N=D HTTP/1.1" 200 453 "-" "Mozilla/5.0 (compatible; MJ12bot/v1.4.8; http://mj12bot.com/)" "pattifamily.net"
185.234.69.220 - - [20/Dec/2022:20:04:28 -0800] "GET /pictures/2010/2010_11_25/?M=D HTTP/1.1" 200 436 "-" "Mozilla/5.0 (compatible; MJ12bot/v1.4.8; http://mj12bot.com/)" "www.pattifamily.net"
173.212.246.178 - - [20/Dec/2022:20:04:34 -0800] "GET /pictures/2005_05_14/?D=A HTTP/1.1" 200 450 "-" "Mozilla/5.0 (compatible; MJ12bot/v1.4.8; http://mj12bot.com/)" "pattifamily.net"
185.234.69.220 - - [20/Dec/2022:20:04:40 -0800] "GET /pictures/2010/2010_11_25/?N=A HTTP/1.1" 200 436 "-" "Mozilla/5.0 (compatible; MJ12bot/v1.4.8; http://mj12bot.com/)" "www.pattifamily.net"
173.212.246.178 - - [20/Dec/2022:20:04:46 -0800] "GET /pictures/2005_05_14/?M=A HTTP/1.1" 200 450 "-" "Mozilla/5.0 (compatible; MJ12bot/v1.4.8; http://mj12bot.com/)" "pattifamily.net"
185.234.69.220 - - [20/Dec/2022:20:04:50 -0800] "GET /pictures/2010/2010_11_25/?S=D HTTP/1.1" 200 436 "-" "Mozilla/5.0 (compatible; MJ12bot/v1.4.8; http://mj12bot.com/)" "www.pattifamily.net"
173.212.246.178 - - [20/Dec/2022:20:04:56 -0800] "GET /pictures/2005_05_14/?N=D HTTP/1.1" 200 450 "-" "Mozilla/5.0 (compatible; MJ12bot/v1.4.8; http://mj12bot.com/)" "pattifamily.net"
185.234.69.220 - - [20/Dec/2022:20:04:58 -0800] "GET /pictures/2010/2010_11_26/?D=D HTTP/1.1" 200 399 "-" "Mozilla/5.0 (compatible; MJ12bot/v1.4.8; http://mj12bot.com/)" "www.pattifamily.net"
185.234.69.220 - - [20/Dec/2022:20:05:10 -0800] "GET /pictures/2010/2010_11_26/?M=D HTTP/1.1" 200 399 "-" "Mozilla/5.0 (compatible; MJ12bot/v1.4.8; http://mj12bot.com/)" "www.pattifamily.net"
185.234.69.220 - - [20/Dec/2022:20:05:17 -0800] "GET /pictures/2010/2010_11_26/?N=A HTTP/1.1" 200 399 "-" "Mozilla/5.0 (compatible; MJ12bot/v1.4.8; http://mj12bot.com/)" "www.pattifamily.net"
185.234.69.220 - - [20/Dec/2022:20:05:25 -0800] "GET /pictures/2010/2010_11_26/?S=D HTTP/1.1" 200 399 "-" "Mozilla/5.0 (compatible; MJ12bot/v1.4.8; http://mj12bot.com/)" "www.pattifamily.net"
173.212.246.178 - - [20/Dec/2022:20:05:28 -0800] "GET /pictures/2005_05_15/?N=D HTTP/1.1" 200 549 "-" "Mozilla/5.0 (compatible; MJ12bot/v1.4.8; http://mj12bot.com/)" "pattifamily.net"
185.234.69.220 - - [20/Dec/2022:20:05:31 -0800] "GET /pictures/2010/2010_11_27/?D=D HTTP/1.1" 200 406 "-" "Mozilla/5.0 (compatible; MJ12bot/v1.4.8; http://mj12bot.com/)" "www.pattifamily.net"
185.234.69.220 - - [20/Dec/2022:20:05:36 -0800] "GET /pictures/2010/2010_11_27/?M=D HTTP/1.1" 200 406 "-" "Mozilla/5.0 (compatible; MJ12bot/v1.4.8; http://mj12bot.com/)" "www.pattifamily.net"
173.212.246.178 - - [20/Dec/2022:20:05:44 -0800] "GET /pictures/2005_05_30/?S=D HTTP/1.1" 200 433 "-" "Mozilla/5.0 (compatible; MJ12bot/v1.4.8; http://mj12bot.com/)" "pattifamily.net"
185.234.69.220 - - [20/Dec/2022:20:05:48 -0800] "GET /pictures/2010/2010_11_27/?N=A HTTP/1.1" 200 406 "-" "Mozilla/5.0 (compatible; MJ12bot/v1.4.8; http://mj12bot.com/)" "www.pattifamily.net"
185.234.69.220 - - [20/Dec/2022:20:05:59 -0800] "GET /pictures/2010/2010_11_27/?S=D HTTP/1.1" 200 406 "-" "Mozilla/5.0 (compatible; MJ12bot/v1.4.8; http://mj12bot.com/)" "www.pattifamily.net"
173.212.246.178 - - [20/Dec/2022:20:06:05 -0800] "GET /pictures/2005_06_01/?D=A HTTP/1.1" 200 460 "-" "Mozilla/5.0 (compatible; MJ12bot/v1.4.8; http://mj12bot.com/)" "pattifamily.net"
185.234.69.220 - - [20/Dec/2022:20:06:08 -0800] "GET /pictures/2010/2010_12_04/?D=D HTTP/1.1" 200 426 "-" "Mozilla/5.0 (compatible; MJ12bot/v1.4.8; http://mj12bot.com/)" "www.pattifamily.net"
185.234.69.220 - - [20/Dec/2022:20:06:16 -0800] "GET /pictures/2010/2010_12_04/?M=D HTTP/1.1" 200 426 "-" "Mozilla/5.0 (compatible; MJ12bot/v1.4.8; http://mj12bot.com/)" "www.pattifamily.net"
173.212.246.178 - - [20/Dec/2022:20:06:19 -0800] "GET /pictures/2005_06_01/?D=D HTTP/1.1" 200 460 "-" "Mozilla/5.0 (compatible; MJ12bot/v1.4.8; http://mj12bot.com/)" "pattifamily.net"
185.234.69.220 - - [20/Dec/2022:20:06:25 -0800] "GET /pictures/2010/2010_12_04/?N=A HTTP/1.1" 200 426 "-" "Mozilla/5.0 (compatible; MJ12bot/v1.4.8; http://mj12bot.com/)" "www.pattifamily.net"
173.212.246.178 - - [20/Dec/2022:20:06:32 -0800] "GET /pictures/2005_06_01/?M=A HTTP/1.1" 200 460 "-" "Mozilla/5.0 (compatible; MJ12bot/v1.4.8; http://mj12bot.com/)" "pattifamily.net"
185.234.69.220 - - [20/Dec/2022:20:06:41 -0800] "GET /pictures/2010/2010_12_04/?S=D HTTP/1.1" 200 426 "-" "Mozilla/5.0 (compatible; MJ12bot/v1.4.8; http://mj12bot.com/)" "www.pattifamily.net"
173.212.246.178 - - [20/Dec/2022:20:06:44 -0800] "GET /pictures/2005_06_01/?M=D HTTP/1.1" 200 460 "-" "Mozilla/5.0 (compatible; MJ12bot/v1.4.8; http://mj12bot.com/)" "pattifamily.net"
185.234.69.220 - - [20/Dec/2022:20:06:49 -0800] "GET /pictures/2010/2010_12_06/?D=D HTTP/1.1" 200 406 "-" "Mozilla/5.0 (compatible; MJ12bot/v1.4.8; http://mj12bot.com/)" "www.pattifamily.net"
185.234.69.220 - - [20/Dec/2022:20:06:57 -0800] "GET /pictures/2010/2010_12_06/?M=D HTTP/1.1" 200 406 "-" "Mozilla/5.0 (compatible; MJ12bot/v1.4.8; http://mj12bot.com/)" "www.pattifamily.net"
173.212.246.178 - - [20/Dec/2022:20:07:03 -0800] "GET /pictures/2005_06_01/?S=A HTTP/1.1" 200 460 "-" "Mozilla/5.0 (compatible; MJ12bot/v1.4.8; http://mj12bot.com/)" "pattifamily.net"
185.234.69.220 - - [20/Dec/2022:20:07:03 -0800] "GET /pictures/2010/2010_12_06/?N=A HTTP/1.1" 200 406 "-" "Mozilla/5.0 (compatible; MJ12bot/v1.4.8; http://mj12bot.com/)" "www.pattifamily.net"
185.234.69.220 - - [20/Dec/2022:20:07:10 -0800] "GET /pictures/2010/2010_12_06/?S=D HTTP/1.1" 200 406 "-" "Mozilla/5.0 (compatible; MJ12bot/v1.4.8; http://mj12bot.com/)" "www.pattifamily.net"
173.212.246.178 - - [20/Dec/2022:20:07:19 -0800] "GET /pictures/2005_06_01/?S=D HTTP/1.1" 200 460 "-" "Mozilla/5.0 (compatible; MJ12bot/v1.4.8; http://mj12bot.com/)" "pattifamily.net"
185.234.69.220 - - [20/Dec/2022:20:07:21 -0800] "GET /pictures/2010/2010_12_07/?D=D HTTP/1.1" 200 401 "-" "Mozilla/5.0 (compatible; MJ12bot/v1.4.8; http://mj12bot.com/)" "www.pattifamily.net"
185.234.69.220 - - [20/Dec/2022:20:07:31 -0800] "GET /pictures/2010/2010_12_07/?M=D HTTP/1.1" 200 401 "-" "Mozilla/5.0 (compatible; MJ12bot/v1.4.8; http://mj12bot.com/)" "www.pattifamily.net"
173.212.246.178 - - [20/Dec/2022:20:07:36 -0800] "GET /pictures/2005_06_03/?N=A HTTP/1.1" 200 404 "-" "Mozilla/5.0 (compatible; MJ12bot/v1.4.8; http://mj12bot.com/)" "pattifamily.net"
185.234.69.220 - - [20/Dec/2022:20:07:38 -0800] "GET /pictures/2010/2010_12_07/?N=A HTTP/1.1" 200 401 "-" "Mozilla/5.0 (compatible; MJ12bot/v1.4.8; http://mj12bot.com/)" "www.pattifamily.net"
185.234.69.220 - - [20/Dec/2022:20:07:49 -0800] "GET /pictures/2010/2010_12_12/?D=D HTTP/1.1" 200 422 "-" "Mozilla/5.0 (compatible; MJ12bot/v1.4.8; http://mj12bot.com/)" "www.pattifamily.net"
173.212.246.178 - - [20/Dec/2022:20:07:51 -0800] "GET /pictures/2005_06_09/?M=A HTTP/1.1" 200 462 "-" "Mozilla/5.0 (compatible; MJ12bot/v1.4.8; http://mj12bot.com/)" "pattifamily.net"
5.255.253.158 - - [20/Dec/2022:20:08:02 -0800] "GET /murray/slides/1965/ HTTP/1.1" 200 326 "-" "Mozilla/5.0 (compatible; YandexBot/3.0; +http://yandex.com/bots)" "pattifamily.net"
185.234.69.220 - - [20/Dec/2022:20:08:03 -0800] "GET /pictures/2010/2010_12_12/?M=D HTTP/1.1" 200 422 "-" "Mozilla/5.0 (compatible; MJ12bot/v1.4.8; http://mj12bot.com/)" "www.pattifamily.net"
173.212.246.178 - - [20/Dec/2022:20:08:05 -0800] "GET /pictures/2005_06_09/?S=A HTTP/1.1" 200 462 "-" "Mozilla/5.0 (compatible; MJ12bot/v1.4.8; http://mj12bot.com/)" "pattifamily.net"
185.234.69.220 - - [20/Dec/2022:20:08:09 -0800] "GET /pictures/2010/2010_12_12/?N=A HTTP/1.1" 200 422 "-" "Mozilla/5.0 (compatible; MJ12bot/v1.4.8; http://mj12bot.com/)" "www.pattifamily.net"
185.234.69.220 - - [20/Dec/2022:20:08:16 -0800] "GET /pictures/2010/2010_12_12/?S=D HTTP/1.1" 200 422 "-" "Mozilla/5.0 (compatible; MJ12bot/v1.4.8; http://mj12bot.com/)" "www.pattifamily.net"
173.212.246.178 - - [20/Dec/2022:20:08:16 -0800] "GET /pictures/2005_06_11/?D=A HTTP/1.1" 200 425 "-" "Mozilla/5.0 (compatible; MJ12bot/v1.4.8; http://mj12bot.com/)" "pattifamily.net"
185.234.69.220 - - [20/Dec/2022:20:08:24 -0800] "GET /pictures/2010/2010_12_19/?D=D HTTP/1.1" 200 406 "-" "Mozilla/5.0 (compatible; MJ12bot/v1.4.8; http://mj12bot.com/)" "www.pattifamily.net"
173.212.246.178 - - [20/Dec/2022:20:08:34 -0800] "GET /pictures/2005_06_25/?M=D HTTP/1.1" 200 462 "-" "Mozilla/5.0 (compatible; MJ12bot/v1.4.8; http://mj12bot.com/)" "pattifamily.net"
185.234.69.220 - - [20/Dec/2022:20:08:34 -0800] "GET /pictures/2010/2010_12_19/?M=D HTTP/1.1" 200 406 "-" "Mozilla/5.0 (compatible; MJ12bot/v1.4.8; http://mj12bot.com/)" "www.pattifamily.net"
185.234.69.220 - - [20/Dec/2022:20:08:44 -0800] "GET /pictures/2010/2010_12_19/?N=A HTTP/1.1" 200 406 "-" "Mozilla/5.0 (compatible; MJ12bot/v1.4.8; http://mj12bot.com/)" "www.pattifamily.net"
173.212.246.178 - - [20/Dec/2022:20:08:52 -0800] "GET /pictures/2005_07_07/?D=A HTTP/1.1" 200 433 "-" "Mozilla/5.0 (compatible; MJ12bot/v1.4.8; http://mj12bot.com/)" "pattifamily.net"
185.234.69.220 - - [20/Dec/2022:20:08:54 -0800] "GET /pictures/2010/2010_12_19/?S=D HTTP/1.1" 200 406 "-" "Mozilla/5.0 (compatible; MJ12bot/v1.4.8; http://mj12bot.com/)" "www.pattifamily.net"
173.212.246.178 - - [20/Dec/2022:20:09:03 -0800] "GET /pictures/2005_07_07/?N=D HTTP/1.1" 200 433 "-" "Mozilla/5.0 (compatible; MJ12bot/v1.4.8; http://mj12bot.com/)" "pattifamily.net"
185.234.69.220 - - [20/Dec/2022:20:09:04 -0800] "GET /pictures/2010/2010_12_20/?D=D HTTP/1.1" 200 392 "-" "Mozilla/5.0 (compatible; MJ12bot/v1.4.8; http://mj12bot.com/)" "www.pattifamily.net"
185.234.69.220 - - [20/Dec/2022:20:09:12 -0800] "GET /pictures/2010/2010_12_20/?M=D HTTP/1.1" 200 392 "-" "Mozilla/5.0 (compatible; MJ12bot/v1.4.8; http://mj12bot.com/)" "www.pattifamily.net"
185.234.69.220 - - [20/Dec/2022:20:09:19 -0800] "GET /pictures/2010/2010_12_20/?N=A HTTP/1.1" 200 392 "-" "Mozilla/5.0 (compatible; MJ12bot/v1.4.8; http://mj12bot.com/)" "www.pattifamily.net"
173.212.246.178 - - [20/Dec/2022:20:09:19 -0800] "GET /pictures/2005_07_07?D=A HTTP/1.1" 301 1422 "-" "Mozilla/5.0 (compatible; MJ12bot/v1.4.8; http://mj12bot.com/)" "pattifamily.net"
185.234.69.220 - - [20/Dec/2022:20:09:24 -0800] "GET /pictures/2010/2010_12_20/?S=D HTTP/1.1" 200 392 "-" "Mozilla/5.0 (compatible; MJ12bot/v1.4.8; http://mj12bot.com/)" "www.pattifamily.net"
173.212.246.178 - - [20/Dec/2022:20:09:33 -0800] "GET /pictures/2005_07_07/?D=A HTTP/1.1" 200 433 "-" "Mozilla/5.0 (compatible; MJ12bot/v1.4.8; http://mj12bot.com/)" "pattifamily.net"
185.234.69.220 - - [20/Dec/2022:20:09:34 -0800] "GET /pictures/2010/2010_12_22/?D=D HTTP/1.1" 200 391 "-" "Mozilla/5.0 (compatible; MJ12bot/v1.4.8; http://mj12bot.com/)" "www.pattifamily.net"
173.212.246.178 - - [20/Dec/2022:20:09:39 -0800] "GET /pictures/2005_07_07?N=D HTTP/1.1" 301 1422 "-" "Mozilla/5.0 (compatible; MJ12bot/v1.4.8; http://mj12bot.com/)" "pattifamily.net"
185.234.69.220 - - [20/Dec/2022:20:09:42 -0800] "GET /pictures/2010/2010_12_22/?M=D HTTP/1.1" 200 391 "-" "Mozilla/5.0 (compatible; MJ12bot/v1.4.8; http://mj12bot.com/)" "www.pattifamily.net"
173.212.246.178 - - [20/Dec/2022:20:09:51 -0800] "GET /pictures/2005_07_07/?N=D HTTP/1.1" 200 433 "-" "Mozilla/5.0 (compatible; MJ12bot/v1.4.8; http://mj12bot.com/)" "pattifamily.net"
185.234.69.220 - - [20/Dec/2022:20:09:53 -0800] "GET /pictures/2010/2010_12_22/?S=D HTTP/1.1" 200 391 "-" "Mozilla/5.0 (compatible; MJ12bot/v1.4.8; http://mj12bot.com/)" "www.pattifamily.net"
173.212.246.178 - - [20/Dec/2022:20:10:06 -0800] "GET /pictures/2005_07_08/?M=D HTTP/1.1" 200 517 "-" "Mozilla/5.0 (compatible; MJ12bot/v1.4.8; http://mj12bot.com/)" "pattifamily.net"
185.234.69.220 - - [20/Dec/2022:20:10:07 -0800] "GET /pictures/2010/2010_12_23/?D=D HTTP/1.1" 200 403 "-" "Mozilla/5.0 (compatible; MJ12bot/v1.4.8; http://mj12bot.com/)" "www.pattifamily.net"
65.109.67.81 - - [20/Dec/2022:20:10:10 -0800] "GET /unknown/Patti/Basketball/?C=N;O=A HTTP/1.1" 200 1457 "-" "Mozilla/5.0 (compatible; MJ12bot/v1.4.8; http://mj12bot.com/)" "www.pattifamily.net"
65.109.67.81 - - [20/Dec/2022:20:10:11 -0800] "GET /unknown/Patti/Basketball/?C=S;O=D HTTP/1.1" 200 1466 "-" "Mozilla/5.0 (compatible; MJ12bot/v1.4.8; http://mj12bot.com/)" "www.pattifamily.net"
65.109.67.81 - - [20/Dec/2022:20:10:13 -0800] "GET /unknown/Patti/BavosaAnniversary/?C=D;O=D HTTP/1.1" 200 647 "-" "Mozilla/5.0 (compatible; MJ12bot/v1.4.8; http://mj12bot.com/)" "www.pattifamily.net"
65.109.67.81 - - [20/Dec/2022:20:10:15 -0800] "GET /unknown/Patti/BavosaAnniversary/?C=M;O=D HTTP/1.1" 200 645 "-" "Mozilla/5.0 (compatible; MJ12bot/v1.4.8; http://mj12bot.com/)" "www.pattifamily.net"
65.109.67.81 - - [20/Dec/2022:20:10:16 -0800] "GET /unknown/Patti/BavosaAnniversary/?C=N;O=A HTTP/1.1" 200 648 "-" "Mozilla/5.0 (compatible; MJ12bot/v1.4.8; http://mj12bot.com/)" "www.pattifamily.net"
185.234.69.220 - - [20/Dec/2022:20:10:17 -0800] "GET /pictures/2010/2010_12_23/?M=D HTTP/1.1" 200 403 "-" "Mozilla/5.0 (compatible; MJ12bot/v1.4.8; http://mj12bot.com/)" "www.pattifamily.net"
65.109.67.81 - - [20/Dec/2022:20:10:18 -0800] "GET /unknown/Patti/BavosaAnniversary/?C=S;O=D HTTP/1.1" 200 650 "-" "Mozilla/5.0 (compatible; MJ12bot/v1.4.8; http://mj12bot.com/)" "www.pattifamily.net"
65.109.67.81 - - [20/Dec/2022:20:10:20 -0800] "GET /unknown/Patti/ChrisScottBirthday/?C=D;O=D HTTP/1.1" 200 883 "-" "Mozilla/5.0 (compatible; MJ12bot/v1.4.8; http://mj12bot.com/)" "www.pattifamily.net"
65.109.67.81 - - [20/Dec/2022:20:10:21 -0800] "GET /unknown/Patti/ChrisScottBirthday/?C=M;O=D HTTP/1.1" 200 881 "-" "Mozilla/5.0 (compatible; MJ12bot/v1.4.8; http://mj12bot.com/)" "www.pattifamily.net"
65.109.67.81 - - [20/Dec/2022:20:10:23 -0800] "GET /unknown/Patti/ChrisScottBirthday/?C=N;O=A HTTP/1.1" 200 888 "-" "Mozilla/5.0 (compatible; MJ12bot/v1.4.8; http://mj12bot.com/)" "www.pattifamily.net"
173.212.246.178 - - [20/Dec/2022:20:10:23 -0800] "GET /pictures/2005_07_08/?N=A HTTP/1.1" 200 517 "-" "Mozilla/5.0 (compatible; MJ12bot/v1.4.8; http://mj12bot.com/)" "pattifamily.net"
65.109.67.81 - - [20/Dec/2022:20:10:25 -0800] "GET /unknown/Patti/ChrisScottBirthday/?C=S;O=D HTTP/1.1" 200 880 "-" "Mozilla/5.0 (compatible; MJ12bot/v1.4.8; http://mj12bot.com/)" "www.pattifamily.net"
185.234.69.220 - - [20/Dec/2022:20:10:27 -0800] "GET /pictures/2010/2010_12_23/?N=A HTTP/1.1" 200 403 "-" "Mozilla/5.0 (compatible; MJ12bot/v1.4.8; http://mj12bot.com/)" "www.pattifamily.net"
65.109.67.81 - - [20/Dec/2022:20:10:27 -0800] "GET /unknown/Patti/Christmas/?C=D;O=D HTTP/1.1" 200 14282 "-" "Mozilla/5.0 (compatible; MJ12bot/v1.4.8; http://mj12bot.com/)" "www.pattifamily.net"
173.212.246.178 - - [20/Dec/2022:20:10:31 -0800] "GET /pictures/2005_07_13/?M=D HTTP/1.1" 200 415 "-" "Mozilla/5.0 (compatible; MJ12bot/v1.4.8; http://mj12bot.com/)" "pattifamily.net"
65.109.67.81 - - [20/Dec/2022:20:10:31 -0800] "GET /unknown/Patti/Christmas/?C=M;O=D HTTP/1.1" 200 14264 "-" "Mozilla/5.0 (compatible; MJ12bot/v1.4.8; http://mj12bot.com/)" "www.pattifamily.net"
65.109.67.81 - - [20/Dec/2022:20:10:35 -0800] "GET /unknown/Patti/Christmas/?C=N;O=A HTTP/1.1" 200 14328 "-" "Mozilla/5.0 (compatible; MJ12bot/v1.4.8; http://mj12bot.com/)" "www.pattifamily.net"
185.234.69.220 - - [20/Dec/2022:20:10:37 -0800] "GET /pictures/2010/2010_12_23/?S=D HTTP/1.1" 200 403 "-" "Mozilla/5.0 (compatible; MJ12bot/v1.4.8; http://mj12bot.com/)" "www.pattifamily.net"
65.109.67.81 - - [20/Dec/2022:20:10:38 -0800] "GET /unknown/Patti/Christmas/?C=S;O=D HTTP/1.1" 200 14364 "-" "Mozilla/5.0 (compatible; MJ12bot/v1.4.8; http://mj12bot.com/)" "www.pattifamily.net"
65.109.67.81 - - [20/Dec/2022:20:10:41 -0800] "GET /unknown/Patti/Dancing/?C=D;O=D HTTP/1.1" 200 766 "-" "Mozilla/5.0 (compatible; MJ12bot/v1.4.8; http://mj12bot.com/)" "www.pattifamily.net"
173.212.246.178 - - [20/Dec/2022:20:10:42 -0800] "GET /pictures/2005_07_13/?N=A HTTP/1.1" 200 415 "-" "Mozilla/5.0 (compatible; MJ12bot/v1.4.8; http://mj12bot.com/)" "pattifamily.net"
65.109.67.81 - - [20/Dec/2022:20:10:43 -0800] "GET /unknown/Patti/Dancing/?C=M;O=D HTTP/1.1" 200 766 "-" "Mozilla/5.0 (compatible; MJ12bot/v1.4.8; http://mj12bot.com/)" "www.pattifamily.net"
65.109.67.81 - - [20/Dec/2022:20:10:44 -0800] "GET /unknown/Patti/Dancing/?C=N;O=A HTTP/1.1" 200 779 "-" "Mozilla/5.0 (compatible; MJ12bot/v1.4.8; http://mj12bot.com/)" "www.pattifamily.net"
185.234.69.220 - - [20/Dec/2022:20:10:46 -0800] "GET /pictures/2010/2010_12_24/?D=D HTTP/1.1" 200 750 "-" "Mozilla/5.0 (compatible; MJ12bot/v1.4.8; http://mj12bot.com/)" "www.pattifamily.net"
65.109.67.81 - - [20/Dec/2022:20:10:46 -0800] "GET /unknown/Patti/Dancing/?C=S;O=D HTTP/1.1" 200 782 "-" "Mozilla/5.0 (compatible; MJ12bot/v1.4.8; http://mj12bot.com/)" "www.pattifamily.net"
65.109.67.81 - - [20/Dec/2022:20:10:48 -0800] "GET /unknown/Patti/Deanna16/?C=D;O=D HTTP/1.1" 200 1636 "-" "Mozilla/5.0 (compatible; MJ12bot/v1.4.8; http://mj12bot.com/)" "www.pattifamily.net"
65.109.67.81 - - [20/Dec/2022:20:10:50 -0800] "GET /unknown/Patti/Deanna16/?C=M;O=D HTTP/1.1" 200 1655 "-" "Mozilla/5.0 (compatible; MJ12bot/v1.4.8; http://mj12bot.com/)" "www.pattifamily.net"
173.212.246.178 - - [20/Dec/2022:20:10:51 -0800] "GET /pictures/2005_07_13/?S=D HTTP/1.1" 200 415 "-" "Mozilla/5.0 (compatible; MJ12bot/v1.4.8; http://mj12bot.com/)" "pattifamily.net"
65.109.67.81 - - [20/Dec/2022:20:10:52 -0800] "GET /unknown/Patti/Deanna16/?C=N;O=A HTTP/1.1" 200 1655 "-" "Mozilla/5.0 (compatible; MJ12bot/v1.4.8; http://mj12bot.com/)" "www.pattifamily.net"
65.109.67.81 - - [20/Dec/2022:20:10:53 -0800] "GET /unknown/Patti/Deanna16/?C=S;O=D HTTP/1.1" 200 1615 "-" "Mozilla/5.0 (compatible; MJ12bot/v1.4.8; http://mj12bot.com/)" "www.pattifamily.net"
185.234.69.220 - - [20/Dec/2022:20:10:54 -0800] "GET /pictures/2010/2010_12_24/?M=D HTTP/1.1" 200 750 "-" "Mozilla/5.0 (compatible; MJ12bot/v1.4.8; http://mj12bot.com/)" "www.pattifamily.net"
65.109.67.81 - - [20/Dec/2022:20:10:55 -0800] "GET /unknown/Patti/DeannasProm/?C=D;O=D HTTP/1.1" 200 566 "-" "Mozilla/5.0 (compatible; MJ12bot/v1.4.8; http://mj12bot.com/)" "www.pattifamily.net"
65.109.67.81 - - [20/Dec/2022:20:10:57 -0800] "GET /unknown/Patti/DeannasProm/?C=M;O=D HTTP/1.1" 200 568 "-" "Mozilla/5.0 (compatible; MJ12bot/v1.4.8; http://mj12bot.com/)" "www.pattifamily.net"
65.109.67.81 - - [20/Dec/2022:20:10:59 -0800] "GET /unknown/Patti/DeannasProm/?C=N;O=A HTTP/1.1" 200 570 "-" "Mozilla/5.0 (compatible; MJ12bot/v1.4.8; http://mj12bot.com/)" "www.pattifamily.net"
65.109.67.81 - - [20/Dec/2022:20:11:00 -0800] "GET /unknown/Patti/DeannasProm/?C=S;O=D HTTP/1.1" 200 563 "-" "Mozilla/5.0 (compatible; MJ12bot/v1.4.8; http://mj12bot.com/)" "www.pattifamily.net"
185.234.69.220 - - [20/Dec/2022:20:11:02 -0800] "GET /pictures/2010/2010_12_24/?S=D HTTP/1.1" 200 750 "-" "Mozilla/5.0 (compatible; MJ12bot/v1.4.8; http://mj12bot.com/)" "www.pattifamily.net"
65.109.67.81 - - [20/Dec/2022:20:11:02 -0800] "GET /unknown/Patti/Easter/?C=D;O=D HTTP/1.1" 200 3391 "-" "Mozilla/5.0 (compatible; MJ12bot/v1.4.8; http://mj12bot.com/)" "www.pattifamily.net"
173.212.246.178 - - [20/Dec/2022:20:11:02 -0800] "GET /pictures/2005_07_14/?D=D HTTP/1.1" 200 426 "-" "Mozilla/5.0 (compatible; MJ12bot/v1.4.8; http://mj12bot.com/)" "pattifamily.net"
65.109.67.81 - - [20/Dec/2022:20:11:04 -0800] "GET /unknown/Patti/Easter/?C=M;O=D HTTP/1.1" 200 3396 "-" "Mozilla/5.0 (compatible; MJ12bot/v1.4.8; http://mj12bot.com/)" "www.pattifamily.net"
65.109.67.81 - - [20/Dec/2022:20:11:06 -0800] "GET /unknown/Patti/Easter/?C=N;O=A HTTP/1.1" 200 3343 "-" "Mozilla/5.0 (compatible; MJ12bot/v1.4.8; http://mj12bot.com/)" "www.pattifamily.net"
65.109.67.81 - - [20/Dec/2022:20:11:08 -0800] "GET /unknown/Patti/Easter/?C=S;O=D HTTP/1.1" 200 3371 "-" "Mozilla/5.0 (compatible; MJ12bot/v1.4.8; http://mj12bot.com/)" "www.pattifamily.net"
65.109.67.81 - - [20/Dec/2022:20:11:10 -0800] "GET /unknown/Patti/Easter/?D=D HTTP/1.1" 200 3343 "-" "Mozilla/5.0 (compatible; MJ12bot/v1.4.8; http://mj12bot.com/)" "www.pattifamily.net"
65.109.67.81 - - [20/Dec/2022:20:11:12 -0800] "GET /unknown/Patti/Easter/?M=D HTTP/1.1" 200 3343 "-" "Mozilla/5.0 (compatible; MJ12bot/v1.4.8; http://mj12bot.com/)" "www.pattifamily.net"
185.234.69.220 - - [20/Dec/2022:20:11:14 -0800] "GET /pictures/2010/2010_12_25/?D=D HTTP/1.1" 200 1122 "-" "Mozilla/5.0 (compatible; MJ12bot/v1.4.8; http://mj12bot.com/)" "www.pattifamily.net"
65.109.67.81 - - [20/Dec/2022:20:11:14 -0800] "GET /unknown/Patti/Easter/?N=A HTTP/1.1" 200 3343 "-" "Mozilla/5.0 (compatible; MJ12bot/v1.4.8; http://mj12bot.com/)" "www.pattifamily.net"
173.212.246.178 - - [20/Dec/2022:20:11:16 -0800] "GET /pictures/2005_07_14/?M=D HTTP/1.1" 200 426 "-" "Mozilla/5.0 (compatible; MJ12bot/v1.4.8; http://mj12bot.com/)" "pattifamily.net"
65.109.67.81 - - [20/Dec/2022:20:11:16 -0800] "GET /unknown/Patti/Easter/?S=D HTTP/1.1" 200 3343 "-" "Mozilla/5.0 (compatible; MJ12bot/v1.4.8; http://mj12bot.com/)" "www.pattifamily.net"
65.109.67.81 - - [20/Dec/2022:20:11:18 -0800] "GET /unknown/Patti/FrankBirthday/?C=D;O=D HTTP/1.1" 200 517 "-" "Mozilla/5.0 (compatible; MJ12bot/v1.4.8; http://mj12bot.com/)" "www.pattifamily.net"
65.109.67.81 - - [20/Dec/2022:20:11:20 -0800] "GET /unknown/Patti/FrankBirthday/?C=M;O=D HTTP/1.1" 200 517 "-" "Mozilla/5.0 (compatible; MJ12bot/v1.4.8; http://mj12bot.com/)" "www.pattifamily.net"
65.109.67.81 - - [20/Dec/2022:20:11:22 -0800] "GET /unknown/Patti/FrankBirthday/?C=N;O=A HTTP/1.1" 200 519 "-" "Mozilla/5.0 (compatible; MJ12bot/v1.4.8; http://mj12bot.com/)" "www.pattifamily.net"
65.109.67.81 - - [20/Dec/2022:20:11:23 -0800] "GET /unknown/Patti/FrankBirthday/?C=S;O=D HTTP/1.1" 200 517 "-" "Mozilla/5.0 (compatible; MJ12bot/v1.4.8; http://mj12bot.com/)" "www.pattifamily.net"
65.109.67.81 - - [20/Dec/2022:20:11:25 -0800] "GET /unknown/Patti/FrankBirthday/?M=D HTTP/1.1" 200 519 "-" "Mozilla/5.0 (compatible; MJ12bot/v1.4.8; http://mj12bot.com/)" "www.pattifamily.net"
65.109.67.81 - - [20/Dec/2022:20:11:27 -0800] "GET /unknown/Patti/FrankBirthday/?N=A HTTP/1.1" 200 519 "-" "Mozilla/5.0 (compatible; MJ12bot/v1.4.8; http://mj12bot.com/)" "www.pattifamily.net"
65.109.67.81 - - [20/Dec/2022:20:11:29 -0800] "GET /unknown/Patti/FrankBirthday/?S=D HTTP/1.1" 200 519 "-" "Mozilla/5.0 (compatible; MJ12bot/v1.4.8; http://mj12bot.com/)" "www.pattifamily.net"
65.109.67.81 - - [20/Dec/2022:20:11:30 -0800] "GET /unknown/Patti/GrangeFair/?C=D;O=D HTTP/1.1" 200 775 "-" "Mozilla/5.0 (compatible; MJ12bot/v1.4.8; http://mj12bot.com/)" "www.pattifamily.net"
173.212.246.178 - - [20/Dec/2022:20:11:31 -0800] "GET /pictures/2005_07_14/?N=A HTTP/1.1" 200 426 "-" "Mozilla/5.0 (compatible; MJ12bot/v1.4.8; http://mj12bot.com/)" "pattifamily.net"
65.109.67.81 - - [20/Dec/2022:20:11:32 -0800] "GET /unknown/Patti/GrangeFair/?C=M;O=D HTTP/1.1" 200 775 "-" "Mozilla/5.0 (compatible; MJ12bot/v1.4.8; http://mj12bot.com/)" "www.pattifamily.net"
65.109.67.81 - - [20/Dec/2022:20:11:34 -0800] "GET /unknown/Patti/GrangeFair/?C=N;O=A HTTP/1.1" 200 773 "-" "Mozilla/5.0 (compatible; MJ12bot/v1.4.8; http://mj12bot.com/)" "www.pattifamily.net"
216.244.66.196 - - [20/Dec/2022:20:11:34 -0800] "GET /robots.txt HTTP/1.1" 404 73 "-" "Mozilla/5.0 (compatible; DotBot/1.2; +https://opensiteexplorer.org/dotbot; help@moz.com)" "pattifamily.net"
65.109.67.81 - - [20/Dec/2022:20:11:36 -0800] "GET /unknown/Patti/GrangeFair/?C=S;O=D HTTP/1.1" 200 780 "-" "Mozilla/5.0 (compatible; MJ12bot/v1.4.8; http://mj12bot.com/)" "www.pattifamily.net"
65.109.67.81 - - [20/Dec/2022:20:11:38 -0800] "GET /unknown/Patti/GrangeFair/?D=D HTTP/1.1" 200 773 "-" "Mozilla/5.0 (compatible; MJ12bot/v1.4.8; http://mj12bot.com/)" "www.pattifamily.net"
185.234.69.220 - - [20/Dec/2022:20:11:39 -0800] "GET /pictures/2010/2010_12_25/?N=A HTTP/1.1" 200 1122 "-" "Mozilla/5.0 (compatible; MJ12bot/v1.4.8; http://mj12bot.com/)" "www.pattifamily.net"
65.109.67.81 - - [20/Dec/2022:20:11:40 -0800] "GET /unknown/Patti/GrangeFair/?M=D HTTP/1.1" 200 773 "-" "Mozilla/5.0 (compatible; MJ12bot/v1.4.8; http://mj12bot.com/)" "www.pattifamily.net"
65.109.67.81 - - [20/Dec/2022:20:11:41 -0800] "GET /unknown/Patti/GrangeFair/?S=D HTTP/1.1" 200 773 "-" "Mozilla/5.0 (compatible; MJ12bot/v1.4.8; http://mj12bot.com/)" "www.pattifamily.net"
185.234.69.220 - - [20/Dec/2022:20:11:43 -0800] "GET /pictures/2010/2010_12_25/?S=D HTTP/1.1" 200 1122 "-" "Mozilla/5.0 (compatible; MJ12bot/v1.4.8; http://mj12bot.com/)" "www.pattifamily.net"
65.109.67.81 - - [20/Dec/2022:20:11:43 -0800] "GET /unknown/Patti/Halloween/?C=D;O=D HTTP/1.1" 200 1161 "-" "Mozilla/5.0 (compatible; MJ12bot/v1.4.8; http://mj12bot.com/)" "www.pattifamily.net"
173.212.246.178 - - [20/Dec/2022:20:11:44 -0800] "GET /pictures/2005_07_14/?S=D HTTP/1.1" 200 426 "-" "Mozilla/5.0 (compatible; MJ12bot/v1.4.8; http://mj12bot.com/)" "pattifamily.net"
65.109.67.81 - - [20/Dec/2022:20:11:45 -0800] "GET /unknown/Patti/Halloween/?C=M;O=D HTTP/1.1" 200 1164 "-" "Mozilla/5.0 (compatible; MJ12bot/v1.4.8; http://mj12bot.com/)" "www.pattifamily.net"
65.109.67.81 - - [20/Dec/2022:20:11:47 -0800] "GET /unknown/Patti/Halloween/?C=N;O=A HTTP/1.1" 200 1177 "-" "Mozilla/5.0 (compatible; MJ12bot/v1.4.8; http://mj12bot.com/)" "www.pattifamily.net"
65.109.67.81 - - [20/Dec/2022:20:11:48 -0800] "GET /unknown/Patti/Halloween/?C=S;O=D HTTP/1.1" 200 1151 "-" "Mozilla/5.0 (compatible; MJ12bot/v1.4.8; http://mj12bot.com/)" "www.pattifamily.net"
65.109.67.81 - - [20/Dec/2022:20:11:50 -0800] "GET /unknown/Patti/Halloween/?D=D HTTP/1.1" 200 1177 "-" "Mozilla/5.0 (compatible; MJ12bot/v1.4.8; http://mj12bot.com/)" "www.pattifamily.net"
65.109.67.81 - - [20/Dec/2022:20:11:53 -0800] "GET /unknown/Patti/Halloween/?M=D HTTP/1.1" 200 1177 "-" "Mozilla/5.0 (compatible; MJ12bot/v1.4.8; http://mj12bot.com/)" "www.pattifamily.net"
185.234.69.220 - - [20/Dec/2022:20:11:54 -0800] "GET /pictures/2010/2010_12_26/?D=D HTTP/1.1" 200 432 "-" "Mozilla/5.0 (compatible; MJ12bot/v1.4.8; http://mj12bot.com/)" "www.pattifamily.net"
65.109.67.81 - - [20/Dec/2022:20:11:55 -0800] "GET /unknown/Patti/Halloween/?S=D HTTP/1.1" 200 1177 "-" "Mozilla/5.0 (compatible; MJ12bot/v1.4.8; http://mj12bot.com/)" "www.pattifamily.net"
65.109.67.81 - - [20/Dec/2022:20:11:57 -0800] "GET /unknown/Patti/JoeWedding/?C=D;O=D HTTP/1.1" 200 836 "-" "Mozilla/5.0 (compatible; MJ12bot/v1.4.8; http://mj12bot.com/)" "www.pattifamily.net"
173.212.246.178 - - [20/Dec/2022:20:11:57 -0800] "GET /pictures/2005_07_15/?D=D HTTP/1.1" 200 449 "-" "Mozilla/5.0 (compatible; MJ12bot/v1.4.8; http://mj12bot.com/)" "pattifamily.net"
65.109.67.81 - - [20/Dec/2022:20:11:59 -0800] "GET /unknown/Patti/JoeWedding/?C=M;O=D HTTP/1.1" 200 836 "-" "Mozilla/5.0 (compatible; MJ12bot/v1.4.8; http://mj12bot.com/)" "www.pattifamily.net"
65.109.67.81 - - [20/Dec/2022:20:12:02 -0800] "GET /unknown/Patti/JoeWedding/?C=N;O=A HTTP/1.1" 200 841 "-" "Mozilla/5.0 (compatible; MJ12bot/v1.4.8; http://mj12bot.com/)" "www.pattifamily.net"
65.109.67.81 - - [20/Dec/2022:20:12:03 -0800] "GET /unknown/Patti/JoeWedding/?C=S;O=D HTTP/1.1" 200 829 "-" "Mozilla/5.0 (compatible; MJ12bot/v1.4.8; http://mj12bot.com/)" "www.pattifamily.net"
65.109.67.81 - - [20/Dec/2022:20:12:06 -0800] "GET /unknown/Patti/JoeWedding/?D=D HTTP/1.1" 200 841 "-" "Mozilla/5.0 (compatible; MJ12bot/v1.4.8; http://mj12bot.com/)" "www.pattifamily.net"
65.109.67.81 - - [20/Dec/2022:20:12:08 -0800] "GET /unknown/Patti/JoeWedding/?M=D HTTP/1.1" 200 841 "-" "Mozilla/5.0 (compatible; MJ12bot/v1.4.8; http://mj12bot.com/)" "www.pattifamily.net"
185.234.69.220 - - [20/Dec/2022:20:12:09 -0800] "GET /pictures/2010/2010_12_26/?M=D HTTP/1.1" 200 432 "-" "Mozilla/5.0 (compatible; MJ12bot/v1.4.8; http://mj12bot.com/)" "www.pattifamily.net"
65.109.67.81 - - [20/Dec/2022:20:12:10 -0800] "GET /unknown/Patti/JoeWedding/?N=A HTTP/1.1" 200 841 "-" "Mozilla/5.0 (compatible; MJ12bot/v1.4.8; http://mj12bot.com/)" "www.pattifamily.net"
173.212.246.178 - - [20/Dec/2022:20:12:11 -0800] "GET /pictures/2005_07_15/?M=D HTTP/1.1" 200 449 "-" "Mozilla/5.0 (compatible; MJ12bot/v1.4.8; http://mj12bot.com/)" "pattifamily.net"
65.109.67.81 - - [20/Dec/2022:20:12:12 -0800] "GET /unknown/Patti/JoeWedding/?S=D HTTP/1.1" 200 841 "-" "Mozilla/5.0 (compatible; MJ12bot/v1.4.8; http://mj12bot.com/)" "www.pattifamily.net"
65.109.67.81 - - [20/Dec/2022:20:12:14 -0800] "GET /unknown/Patti/KristinWedding/?C=D;O=D HTTP/1.1" 200 867 "-" "Mozilla/5.0 (compatible; MJ12bot/v1.4.8; http://mj12bot.com/)" "www.pattifamily.net"
65.109.67.81 - - [20/Dec/2022:20:12:15 -0800] "GET /unknown/Patti/KristinWedding/?C=S;O=D HTTP/1.1" 200 878 "-" "Mozilla/5.0 (compatible; MJ12bot/v1.4.8; http://mj12bot.com/)" "www.pattifamily.net"
65.109.67.81 - - [20/Dec/2022:20:12:17 -0800] "GET /unknown/Patti/NannyPo/?C=D;O=D HTTP/1.1" 200 852 "-" "Mozilla/5.0 (compatible; MJ12bot/v1.4.8; http://mj12bot.com/)" "www.pattifamily.net"
65.109.67.81 - - [20/Dec/2022:20:12:19 -0800] "GET /unknown/Patti/NannyPo/?C=N;O=A HTTP/1.1" 200 864 "-" "Mozilla/5.0 (compatible; MJ12bot/v1.4.8; http://mj12bot.com/)" "www.pattifamily.net"
185.234.69.220 - - [20/Dec/2022:20:12:20 -0800] "GET /pictures/2010/2010_12_26/?N=A HTTP/1.1" 200 432 "-" "Mozilla/5.0 (compatible; MJ12bot/v1.4.8; http://mj12bot.com/)" "www.pattifamily.net"
65.109.67.81 - - [20/Dec/2022:20:12:21 -0800] "GET /unknown/Patti/NannyPo/?C=S;O=D HTTP/1.1" 200 852 "-" "Mozilla/5.0 (compatible; MJ12bot/v1.4.8; http://mj12bot.com/)" "www.pattifamily.net"
