173.212.246.178 - - [20/Dec/2022:20:12:23 -0800] "GET /pictures/2005_07_15/?N=A HTTP/1.1" 200 449 "-" "Mozilla/5.0 (compatible; MJ12bot/v1.4.8; http://mj12bot.com/)" "pattifamily.net"
65.109.67.81 - - [20/Dec/2022:20:12:23 -0800] "GET /unknown/Patti/NannyPo/?D=D HTTP/1.1" 200 864 "-" "Mozilla/5.0 (compatible; MJ12bot/v1.4.8; http://mj12bot.com/)" "www.pattifamily.net"
65.109.67.81 - - [20/Dec/2022:20:12:25 -0800] "GET /unknown/Patti/NannyPo/?M=D HTTP/1.1" 200 864 "-" "Mozilla/5.0 (compatible; MJ12bot/v1.4.8; http://mj12bot.com/)" "www.pattifamily.net"
65.109.67.81 - - [20/Dec/2022:20:12:28 -0800] "GET /unknown/Patti/NannyPo/?N=A HTTP/1.1" 200 864 "-" "Mozilla/5.0 (compatible; MJ12bot/v1.4.8; http://mj12bot.com/)" "www.pattifamily.net"
65.109.67.81 - - [20/Dec/2022:20:12:31 -0800] "GET /unknown/Patti/NannyPo/?S=D HTTP/1.1" 200 864 "-" "Mozilla/5.0 (compatible; MJ12bot/v1.4.8; http://mj12bot.com/)" "www.pattifamily.net"
185.234.69.220 - - [20/Dec/2022:20:12:34 -0800] "GET /pictures/2010/2010_12_26/?S=D HTTP/1.1" 200 432 "-" "Mozilla/5.0 (compatible; MJ12bot/v1.4.8; http://mj12bot.com/)" "www.pattifamily.net"
65.109.67.81 - - [20/Dec/2022:20:12:34 -0800] "GET /unknown/Patti/PattiAnniversary/?C=D;O=D HTTP/1.1" 200 828 "-" "Mozilla/5.0 (compatible; MJ12bot/v1.4.8; http://mj12bot.com/)" "www.pattifamily.net"
65.109.67.81 - - [20/Dec/2022:20:12:36 -0800] "GET /unknown/Patti/PattiAnniversary/?C=M;O=D HTTP/1.1" 200 828 "-" "Mozilla/5.0 (compatible; MJ12bot/v1.4.8; http://mj12bot.com/)" "www.pattifamily.net"
65.109.67.81 - - [20/Dec/2022:20:12:38 -0800] "GET /unknown/Patti/PattiAnniversary/?C=N;O=A HTTP/1.1" 200 827 "-" "Mozilla/5.0 (compatible; MJ12bot/v1.4.8; http://mj12bot.com/)" "www.pattifamily.net"
65.109.67.81 - - [20/Dec/2022:20:12:40 -0800] "GET /unknown/Patti/PattiAnniversary/?C=S;O=D HTTP/1.1" 200 826 "-" "Mozilla/5.0 (compatible; MJ12bot/v1.4.8; http://mj12bot.com/)" "www.pattifamily.net"
173.212.246.178 - - [20/Dec/2022:20:12:41 -0800] "GET /pictures/2005_07_16/?N=D HTTP/1.1" 200 464 "-" "Mozilla/5.0 (compatible; MJ12bot/v1.4.8; http://mj12bot.com/)" "pattifamily.net"
185.234.69.220 - - [20/Dec/2022:20:12:42 -0800] "GET /pictures/2010/2010_12_27/?D=D HTTP/1.1" 200 415 "-" "Mozilla/5.0 (compatible; MJ12bot/v1.4.8; http://mj12bot.com/)" "www.pattifamily.net"
65.109.67.81 - - [20/Dec/2022:20:12:42 -0800] "GET /unknown/Patti/PattiAnniversary/?D=D HTTP/1.1" 200 827 "-" "Mozilla/5.0 (compatible; MJ12bot/v1.4.8; http://mj12bot.com/)" "www.pattifamily.net"
65.109.67.81 - - [20/Dec/2022:20:12:44 -0800] "GET /unknown/Patti/PattiAnniversary/?M=D HTTP/1.1" 200 827 "-" "Mozilla/5.0 (compatible; MJ12bot/v1.4.8; http://mj12bot.com/)" "www.pattifamily.net"
65.109.67.81 - - [20/Dec/2022:20:12:46 -0800] "GET /unknown/Patti/PattiAnniversary/?N=A HTTP/1.1" 200 827 "-" "Mozilla/5.0 (compatible; MJ12bot/v1.4.8; http://mj12bot.com/)" "www.pattifamily.net"
65.109.67.81 - - [20/Dec/2022:20:12:48 -0800] "GET /unknown/Patti/PattiAnniversary/?S=D HTTP/1.1" 200 827 "-" "Mozilla/5.0 (compatible; MJ12bot/v1.4.8; http://mj12bot.com/)" "www.pattifamily.net"
65.109.67.81 - - [20/Dec/2022:20:12:50 -0800] "GET /unknown/Patti/Sinkos/?C=D;O=D HTTP/1.1" 200 3118 "-" "Mozilla/5.0 (compatible; MJ12bot/v1.4.8; http://mj12bot.com/)" "www.pattifamily.net"
185.234.69.220 - - [20/Dec/2022:20:12:51 -0800] "GET /pictures/2010/2010_12_27/?M=D HTTP/1.1" 200 415 "-" "Mozilla/5.0 (compatible; MJ12bot/v1.4.8; http://mj12bot.com/)" "www.pattifamily.net"
65.109.67.81 - - [20/Dec/2022:20:12:52 -0800] "GET /unknown/Patti/Sinkos/?C=M;O=D HTTP/1.1" 200 3117 "-" "Mozilla/5.0 (compatible; MJ12bot/v1.4.8; http://mj12bot.com/)" "www.pattifamily.net"
173.212.246.178 - - [20/Dec/2022:20:12:53 -0800] "GET /pictures/2005_08_03/?S=A HTTP/1.1" 200 423 "-" "Mozilla/5.0 (compatible; MJ12bot/v1.4.8; http://mj12bot.com/)" "pattifamily.net"
65.109.67.81 - - [20/Dec/2022:20:12:55 -0800] "GET /unknown/Patti/Sinkos/?C=N;O=A HTTP/1.1" 200 3163 "-" "Mozilla/5.0 (compatible; MJ12bot/v1.4.8; http://mj12bot.com/)" "www.pattifamily.net"
65.109.67.81 - - [20/Dec/2022:20:12:58 -0800] "GET /unknown/Patti/Sinkos/?C=S;O=D HTTP/1.1" 200 3104 "-" "Mozilla/5.0 (compatible; MJ12bot/v1.4.8; http://mj12bot.com/)" "www.pattifamily.net"
65.109.67.81 - - [20/Dec/2022:20:13:01 -0800] "GET /unknown/Patti/Sinkos/?D=D HTTP/1.1" 200 3163 "-" "Mozilla/5.0 (compatible; MJ12bot/v1.4.8; http://mj12bot.com/)" "www.pattifamily.net"
185.234.69.220 - - [20/Dec/2022:20:13:01 -0800] "GET /pictures/2010/2010_12_27/?N=A HTTP/1.1" 200 415 "-" "Mozilla/5.0 (compatible; MJ12bot/v1.4.8; http://mj12bot.com/)" "www.pattifamily.net"
173.212.246.178 - - [20/Dec/2022:20:13:04 -0800] "GET /pictures/2005_08_04/?S=D HTTP/1.1" 200 461 "-" "Mozilla/5.0 (compatible; MJ12bot/v1.4.8; http://mj12bot.com/)" "pattifamily.net"
65.109.67.81 - - [20/Dec/2022:20:13:05 -0800] "GET /unknown/Patti/Sinkos/?N=A HTTP/1.1" 200 3163 "-" "Mozilla/5.0 (compatible; MJ12bot/v1.4.8; http://mj12bot.com/)" "www.pattifamily.net"
65.109.67.81 - - [20/Dec/2022:20:13:09 -0800] "GET /unknown/Patti/Sinkos/?S=D HTTP/1.1" 200 3163 "-" "Mozilla/5.0 (compatible; MJ12bot/v1.4.8; http://mj12bot.com/)" "www.pattifamily.net"
65.109.67.81 - - [20/Dec/2022:20:13:12 -0800] "GET /unknown/Patti/TalentShow/?C=D;O=D HTTP/1.1" 200 785 "-" "Mozilla/5.0 (compatible; MJ12bot/v1.4.8; http://mj12bot.com/)" "www.pattifamily.net"
185.234.69.220 - - [20/Dec/2022:20:13:12 -0800] "GET /pictures/2010/2010_12_27/?S=D HTTP/1.1" 200 415 "-" "Mozilla/5.0 (compatible; MJ12bot/v1.4.8; http://mj12bot.com/)" "www.pattifamily.net"
65.109.67.81 - - [20/Dec/2022:20:13:15 -0800] "GET /unknown/Patti/TalentShow/?C=M;O=D HTTP/1.1" 200 785 "-" "Mozilla/5.0 (compatible; MJ12bot/v1.4.8; http://mj12bot.com/)" "www.pattifamily.net"
173.212.246.178 - - [20/Dec/2022:20:13:17 -0800] "GET /pictures/2005_08_07/?D=A HTTP/1.1" 200 454 "-" "Mozilla/5.0 (compatible; MJ12bot/v1.4.8; http://mj12bot.com/)" "pattifamily.net"
185.234.69.220 - - [20/Dec/2022:20:13:17 -0800] "GET /pictures/2010/2010_12_28/?D=D HTTP/1.1" 200 699 "-" "Mozilla/5.0 (compatible; MJ12bot/v1.4.8; http://mj12bot.com/)" "www.pattifamily.net"
65.109.67.81 - - [20/Dec/2022:20:13:18 -0800] "GET /unknown/Patti/TalentShow/?C=N;O=A HTTP/1.1" 200 788 "-" "Mozilla/5.0 (compatible; MJ12bot/v1.4.8; http://mj12bot.com/)" "www.pattifamily.net"
185.234.69.220 - - [20/Dec/2022:20:13:28 -0800] "GET /pictures/2010/2010_12_28/?M=D HTTP/1.1" 200 699 "-" "Mozilla/5.0 (compatible; MJ12bot/v1.4.8; http://mj12bot.com/)" "www.pattifamily.net"
173.212.246.178 - - [20/Dec/2022:20:13:32 -0800] "GET /pictures/2005_08_07/?M=A HTTP/1.1" 200 454 "-" "Mozilla/5.0 (compatible; MJ12bot/v1.4.8; http://mj12bot.com/)" "pattifamily.net"
185.234.69.220 - - [20/Dec/2022:20:13:36 -0800] "GET /pictures/2010/2010_12_28/?N=A HTTP/1.1" 200 699 "-" "Mozilla/5.0 (compatible; MJ12bot/v1.4.8; http://mj12bot.com/)" "www.pattifamily.net"
173.212.246.178 - - [20/Dec/2022:20:13:45 -0800] "GET /pictures/2005_08_07/?N=D HTTP/1.1" 200 454 "-" "Mozilla/5.0 (compatible; MJ12bot/v1.4.8; http://mj12bot.com/)" "pattifamily.net"
185.234.69.220 - - [20/Dec/2022:20:13:48 -0800] "GET /pictures/2010/2010_12_28/?S=D HTTP/1.1" 200 699 "-" "Mozilla/5.0 (compatible; MJ12bot/v1.4.8; http://mj12bot.com/)" "www.pattifamily.net"
185.234.69.220 - - [20/Dec/2022:20:13:59 -0800] "GET /pictures/2010/2010_12_29/?D=D HTTP/1.1" 200 463 "-" "Mozilla/5.0 (compatible; MJ12bot/v1.4.8; http://mj12bot.com/)" "www.pattifamily.net"
173.212.246.178 - - [20/Dec/2022:20:13:59 -0800] "GET /pictures/2005_08_07/?S=A HTTP/1.1" 200 454 "-" "Mozilla/5.0 (compatible; MJ12bot/v1.4.8; http://mj12bot.com/)" "pattifamily.net"
173.212.246.178 - - [20/Dec/2022:20:14:10 -0800] "GET /pictures/2005_08_10/?D=A HTTP/1.1" 200 403 "-" "Mozilla/5.0 (compatible; MJ12bot/v1.4.8; http://mj12bot.com/)" "pattifamily.net"
185.234.69.220 - - [20/Dec/2022:20:14:10 -0800] "GET /pictures/2010/2010_12_29/?M=D HTTP/1.1" 200 463 "-" "Mozilla/5.0 (compatible; MJ12bot/v1.4.8; http://mj12bot.com/)" "www.pattifamily.net"
185.234.69.220 - - [20/Dec/2022:20:14:20 -0800] "GET /pictures/2010/2010_12_29/?N=A HTTP/1.1" 200 463 "-" "Mozilla/5.0 (compatible; MJ12bot/v1.4.8; http://mj12bot.com/)" "www.pattifamily.net"
173.212.246.178 - - [20/Dec/2022:20:14:28 -0800] "GET /pictures/2005_08_10/?M=A HTTP/1.1" 200 403 "-" "Mozilla/5.0 (compatible; MJ12bot/v1.4.8; http://mj12bot.com/)" "pattifamily.net"
185.234.69.220 - - [20/Dec/2022:20:14:31 -0800] "GET /pictures/2010/2010_12_29/?S=D HTTP/1.1" 200 463 "-" "Mozilla/5.0 (compatible; MJ12bot/v1.4.8; http://mj12bot.com/)" "www.pattifamily.net"
173.212.246.178 - - [20/Dec/2022:20:14:45 -0800] "GET /pictures/2005_08_10/?N=D HTTP/1.1" 200 403 "-" "Mozilla/5.0 (compatible; MJ12bot/v1.4.8; http://mj12bot.com/)" "pattifamily.net"
185.234.69.220 - - [20/Dec/2022:20:14:45 -0800] "GET /pictures/2010/2010_12_30/?D=D HTTP/1.1" 200 499 "-" "Mozilla/5.0 (compatible; MJ12bot/v1.4.8; http://mj12bot.com/)" "www.pattifamily.net"
114.119.135.78 - - [20/Dec/2022:20:14:52 -0800] "GET /unknown/Patti/Yankees/720_160x106.jpg HTTP/1.1" 200 5935 "https://pattifamily.net/pattiyankees.html" "Mozilla/5.0 (Linux; Android 7.0;) AppleWebKit/537.36 (KHTML, like Gecko) Mobile Safari/537.36 (compatible; PetalBot;+https://webmaster.petalsearch.com/site/petalbot)" "pattifamily.net"
185.234.69.220 - - [20/Dec/2022:20:14:55 -0800] "GET /pictures/2010/2010_12_30/?M=D HTTP/1.1" 200 499 "-" "Mozilla/5.0 (compatible; MJ12bot/v1.4.8; http://mj12bot.com/)" "www.pattifamily.net"
173.212.246.178 - - [20/Dec/2022:20:14:58 -0800] "GET /pictures/2005_08_10/?S=A HTTP/1.1" 200 403 "-" "Mozilla/5.0 (compatible; MJ12bot/v1.4.8; http://mj12bot.com/)" "pattifamily.net"
185.234.69.220 - - [20/Dec/2022:20:15:02 -0800] "GET /pictures/2010/2010_12_30/?S=D HTTP/1.1" 200 499 "-" "Mozilla/5.0 (compatible; MJ12bot/v1.4.8; http://mj12bot.com/)" "www.pattifamily.net"
185.234.69.220 - - [20/Dec/2022:20:15:13 -0800] "GET /pictures/2010/2010_12_31/?D=D HTTP/1.1" 200 416 "-" "Mozilla/5.0 (compatible; MJ12bot/v1.4.8; http://mj12bot.com/)" "www.pattifamily.net"
173.212.246.178 - - [20/Dec/2022:20:15:21 -0800] "GET /pictures/2005_08_13/?D=A HTTP/1.1" 200 478 "-" "Mozilla/5.0 (compatible; MJ12bot/v1.4.8; http://mj12bot.com/)" "pattifamily.net"
185.234.69.220 - - [20/Dec/2022:20:15:23 -0800] "GET /pictures/2010/2010_12_31/?M=D HTTP/1.1" 200 416 "-" "Mozilla/5.0 (compatible; MJ12bot/v1.4.8; http://mj12bot.com/)" "www.pattifamily.net"
185.234.69.220 - - [20/Dec/2022:20:15:34 -0800] "GET /pictures/2010/2010_12_31/?N=A HTTP/1.1" 200 416 "-" "Mozilla/5.0 (compatible; MJ12bot/v1.4.8; http://mj12bot.com/)" "www.pattifamily.net"
173.212.246.178 - - [20/Dec/2022:20:15:34 -0800] "GET /pictures/2005_08_13/?N=D HTTP/1.1" 200 478 "-" "Mozilla/5.0 (compatible; MJ12bot/v1.4.8; http://mj12bot.com/)" "pattifamily.net"
173.212.246.178 - - [20/Dec/2022:20:15:46 -0800] "GET /pictures/2005_08_13/?S=A HTTP/1.1" 200 478 "-" "Mozilla/5.0 (compatible; MJ12bot/v1.4.8; http://mj12bot.com/)" "pattifamily.net"
185.234.69.220 - - [20/Dec/2022:20:15:46 -0800] "GET /pictures/2010/2010_12_31/?S=D HTTP/1.1" 200 416 "-" "Mozilla/5.0 (compatible; MJ12bot/v1.4.8; http://mj12bot.com/)" "www.pattifamily.net"
185.234.69.220 - - [20/Dec/2022:20:15:56 -0800] "GET /pictures/2011/2011_01_02/?N=A HTTP/1.1" 200 407 "-" "Mozilla/5.0 (compatible; MJ12bot/v1.4.8; http://mj12bot.com/)" "www.pattifamily.net"
114.119.134.217 - - [20/Dec/2022:20:15:59 -0800] "GET /november2004.htm HTTP/1.1" 200 791 "https://pattifamily.net/december2004.htm" "Mozilla/5.0 (Linux; Android 7.0;) AppleWebKit/537.36 (KHTML, like Gecko) Mobile Safari/537.36 (compatible; PetalBot;+https://webmaster.petalsearch.com/site/petalbot)" "pattifamily.net"
173.212.246.178 - - [20/Dec/2022:20:16:00 -0800] "GET /pictures/2005_08_14/?D=D HTTP/1.1" 200 447 "-" "Mozilla/5.0 (compatible; MJ12bot/v1.4.8; http://mj12bot.com/)" "pattifamily.net"
185.234.69.220 - - [20/Dec/2022:20:16:07 -0800] "GET /pictures/2011/2011_01_07/?C=D;O=D HTTP/1.1" 200 557 "-" "Mozilla/5.0 (compatible; MJ12bot/v1.4.8; http://mj12bot.com/)" "www.pattifamily.net"
185.234.69.220 - - [20/Dec/2022:20:16:11 -0800] "GET /pictures/2011/2011_01_07/?C=M;O=D HTTP/1.1" 200 557 "-" "Mozilla/5.0 (compatible; MJ12bot/v1.4.8; http://mj12bot.com/)" "www.pattifamily.net"
173.212.246.178 - - [20/Dec/2022:20:16:16 -0800] "GET /pictures/2005_08_14/?M=A HTTP/1.1" 200 447 "-" "Mozilla/5.0 (compatible; MJ12bot/v1.4.8; http://mj12bot.com/)" "pattifamily.net"
185.234.69.220 - - [20/Dec/2022:20:16:19 -0800] "GET /pictures/2011/2011_01_07/?C=N;O=A HTTP/1.1" 200 559 "-" "Mozilla/5.0 (compatible; MJ12bot/v1.4.8; http://mj12bot.com/)" "www.pattifamily.net"
173.212.246.178 - - [20/Dec/2022:20:16:23 -0800] "GET /pictures/2005_08_14/?N=D HTTP/1.1" 200 447 "-" "Mozilla/5.0 (compatible; MJ12bot/v1.4.8; http://mj12bot.com/)" "pattifamily.net"
185.234.69.220 - - [20/Dec/2022:20:16:28 -0800] "GET /pictures/2011/2011_01_07/?C=S;O=D HTTP/1.1" 200 558 "-" "Mozilla/5.0 (compatible; MJ12bot/v1.4.8; http://mj12bot.com/)" "www.pattifamily.net"
185.234.69.220 - - [20/Dec/2022:20:16:35 -0800] "GET /pictures/2011/2011_01_07/?D=D HTTP/1.1" 200 559 "-" "Mozilla/5.0 (compatible; MJ12bot/v1.4.8; http://mj12bot.com/)" "www.pattifamily.net"
173.212.246.178 - - [20/Dec/2022:20:16:39 -0800] "GET /pictures/2005_08_14/?S=A HTTP/1.1" 200 447 "-" "Mozilla/5.0 (compatible; MJ12bot/v1.4.8; http://mj12bot.com/)" "pattifamily.net"
185.234.69.220 - - [20/Dec/2022:20:16:42 -0800] "GET /pictures/2011/2011_01_07/?M=D HTTP/1.1" 200 559 "-" "Mozilla/5.0 (compatible; MJ12bot/v1.4.8; http://mj12bot.com/)" "www.pattifamily.net"
185.234.69.220 - - [20/Dec/2022:20:16:55 -0800] "GET /pictures/2011/2011_01_07/?N=A HTTP/1.1" 200 559 "-" "Mozilla/5.0 (compatible; MJ12bot/v1.4.8; http://mj12bot.com/)" "www.pattifamily.net"
185.234.69.220 - - [20/Dec/2022:20:16:58 -0800] "GET /pictures/2011/2011_01_07/?S=D HTTP/1.1" 200 559 "-" "Mozilla/5.0 (compatible; MJ12bot/v1.4.8; http://mj12bot.com/)" "www.pattifamily.net"
185.234.69.220 - - [20/Dec/2022:20:17:05 -0800] "GET /pictures/2011/2011_01_08/?C=D;O=D HTTP/1.1" 200 383 "-" "Mozilla/5.0 (compatible; MJ12bot/v1.4.8; http://mj12bot.com/)" "www.pattifamily.net"
173.212.246.178 - - [20/Dec/2022:20:17:06 -0800] "GET /pictures/2005_08_16/?D=A HTTP/1.1" 200 409 "-" "Mozilla/5.0 (compatible; MJ12bot/v1.4.8; http://mj12bot.com/)" "pattifamily.net"
185.234.69.220 - - [20/Dec/2022:20:17:14 -0800] "GET /pictures/2011/2011_01_08/?C=M;O=D HTTP/1.1" 200 383 "-" "Mozilla/5.0 (compatible; MJ12bot/v1.4.8; http://mj12bot.com/)" "www.pattifamily.net"
114.119.157.51 - - [20/Dec/2022:20:17:14 -0800] "GET /?C=D%3BO%3DA HTTP/1.1" 200 2014 "https://pattifamily.net/?C=N%3BO%3DD" "Mozilla/5.0 (Linux; Android 7.0;) AppleWebKit/537.36 (KHTML, like Gecko) Mobile Safari/537.36 (compatible; PetalBot;+https://webmaster.petalsearch.com/site/petalbot)" "pattifamily.net"
173.212.246.178 - - [20/Dec/2022:20:17:18 -0800] "GET /pictures/2005_08_16/?M=A HTTP/1.1" 200 409 "-" "Mozilla/5.0 (compatible; MJ12bot/v1.4.8; http://mj12bot.com/)" "pattifamily.net"
185.234.69.220 - - [20/Dec/2022:20:17:28 -0800] "GET /pictures/2011/2011_01_08/?C=N;O=A HTTP/1.1" 200 385 "-" "Mozilla/5.0 (compatible; MJ12bot/v1.4.8; http://mj12bot.com/)" "www.pattifamily.net"
173.212.246.178 - - [20/Dec/2022:20:17:35 -0800] "GET /pictures/2005_08_16/?N=D HTTP/1.1" 200 409 "-" "Mozilla/5.0 (compatible; MJ12bot/v1.4.8; http://mj12bot.com/)" "pattifamily.net"
185.234.69.220 - - [20/Dec/2022:20:17:42 -0800] "GET /pictures/2011/2011_01_08/?C=S;O=D HTTP/1.1" 200 383 "-" "Mozilla/5.0 (compatible; MJ12bot/v1.4.8; http://mj12bot.com/)" "www.pattifamily.net"
173.212.246.178 - - [20/Dec/2022:20:17:46 -0800] "GET /pictures/2005_08_16/?S=A HTTP/1.1" 200 409 "-" "Mozilla/5.0 (compatible; MJ12bot/v1.4.8; http://mj12bot.com/)" "pattifamily.net"
185.234.69.220 - - [20/Dec/2022:20:17:50 -0800] "GET /pictures/2011/2011_01_08/?D=D HTTP/1.1" 200 385 "-" "Mozilla/5.0 (compatible; MJ12bot/v1.4.8; http://mj12bot.com/)" "www.pattifamily.net"
185.234.69.220 - - [20/Dec/2022:20:17:58 -0800] "GET /pictures/2011/2011_01_08/?M=D HTTP/1.1" 200 385 "-" "Mozilla/5.0 (compatible; MJ12bot/v1.4.8; http://mj12bot.com/)" "www.pattifamily.net"
173.212.246.178 - - [20/Dec/2022:20:18:00 -0800] "GET /pictures/2005_08_17/?N=D HTTP/1.1" 200 412 "-" "Mozilla/5.0 (compatible; MJ12bot/v1.4.8; http://mj12bot.com/)" "pattifamily.net"
185.234.69.220 - - [20/Dec/2022:20:18:05 -0800] "GET /pictures/2011/2011_01_08/?N=A HTTP/1.1" 200 385 "-" "Mozilla/5.0 (compatible; MJ12bot/v1.4.8; http://mj12bot.com/)" "www.pattifamily.net"
173.212.246.178 - - [20/Dec/2022:20:18:06 -0800] "GET /pictures/2005_08_18/?D=A HTTP/1.1" 200 408 "-" "Mozilla/5.0 (compatible; MJ12bot/v1.4.8; http://mj12bot.com/)" "pattifamily.net"
185.234.69.220 - - [20/Dec/2022:20:18:18 -0800] "GET /pictures/2011/2011_01_08/?S=D HTTP/1.1" 200 385 "-" "Mozilla/5.0 (compatible; MJ12bot/v1.4.8; http://mj12bot.com/)" "www.pattifamily.net"
173.212.246.178 - - [20/Dec/2022:20:18:22 -0800] "GET /pictures/2005_08_18/?M=A HTTP/1.1" 200 408 "-" "Mozilla/5.0 (compatible; MJ12bot/v1.4.8; http://mj12bot.com/)" "pattifamily.net"
185.234.69.220 - - [20/Dec/2022:20:18:25 -0800] "GET /pictures/2011/2011_01_10/?C=D;O=D HTTP/1.1" 200 424 "-" "Mozilla/5.0 (compatible; MJ12bot/v1.4.8; http://mj12bot.com/)" "www.pattifamily.net"
185.234.69.220 - - [20/Dec/2022:20:18:31 -0800] "GET /pictures/2011/2011_01_10/?C=M;O=D HTTP/1.1" 200 424 "-" "Mozilla/5.0 (compatible; MJ12bot/v1.4.8; http://mj12bot.com/)" "www.pattifamily.net"
173.212.246.178 - - [20/Dec/2022:20:18:35 -0800] "GET /pictures/2005_08_18/?N=D HTTP/1.1" 200 408 "-" "Mozilla/5.0 (compatible; MJ12bot/v1.4.8; http://mj12bot.com/)" "pattifamily.net"
185.234.69.220 - - [20/Dec/2022:20:18:40 -0800] "GET /pictures/2011/2011_01_10/?C=N;O=A HTTP/1.1" 200 426 "-" "Mozilla/5.0 (compatible; MJ12bot/v1.4.8; http://mj12bot.com/)" "www.pattifamily.net"
185.234.69.220 - - [20/Dec/2022:20:18:47 -0800] "GET /pictures/2011/2011_01_10/?C=S;O=D HTTP/1.1" 200 426 "-" "Mozilla/5.0 (compatible; MJ12bot/v1.4.8; http://mj12bot.com/)" "www.pattifamily.net"
173.212.246.178 - - [20/Dec/2022:20:18:53 -0800] "GET /pictures/2005_08_18/?S=A HTTP/1.1" 200 408 "-" "Mozilla/5.0 (compatible; MJ12bot/v1.4.8; http://mj12bot.com/)" "pattifamily.net"
185.234.69.220 - - [20/Dec/2022:20:18:59 -0800] "GET /pictures/2011/2011_01_10/?D=D HTTP/1.1" 200 426 "-" "Mozilla/5.0 (compatible; MJ12bot/v1.4.8; http://mj12bot.com/)" "www.pattifamily.net"
159.89.202.88 - - [20/Dec/2022:20:19:00 -0800] "GET /style.php?sig=rename HTTP/1.1" 404 73 "-" "Mozilla/5.0 (Linux; arm_64; Android 7.1.1; Lenovo TB-8504X) AppleWebKit/537.36 (KHTML, like Gecko) Chrome/85.0.4183.127 YaBrowser/20.9.1.66.01 Safari/537.36" "pattifamily.net"
159.89.202.88 - - [20/Dec/2022:20:19:00 -0800] "GET /wp-admin/style.php?sig=rename HTTP/1.1" 404 73 "-" "Mozilla/5.0 (iPhone; CPU iPhone OS 14_4 like Mac OS X) AppleWebKit/605.1.15 (KHTML, like Gecko) Version/14.0.3 Mobile/15E148 Safari/604.1" "pattifamily.net"
173.212.246.178 - - [20/Dec/2022:20:19:07 -0800] "GET /pictures/2005_08_19/?D=A HTTP/1.1" 200 414 "-" "Mozilla/5.0 (compatible; MJ12bot/v1.4.8; http://mj12bot.com/)" "pattifamily.net"
185.234.69.220 - - [20/Dec/2022:20:19:11 -0800] "GET /pictures/2011/2011_01_10/?M=D HTTP/1.1" 200 426 "-" "Mozilla/5.0 (compatible; MJ12bot/v1.4.8; http://mj12bot.com/)" "www.pattifamily.net"
185.234.69.220 - - [20/Dec/2022:20:19:18 -0800] "GET /pictures/2011/2011_01_10/?N=A HTTP/1.1" 200 426 "-" "Mozilla/5.0 (compatible; MJ12bot/v1.4.8; http://mj12bot.com/)" "www.pattifamily.net"
173.212.246.178 - - [20/Dec/2022:20:19:25 -0800] "GET /pictures/2005_08_19/?M=A HTTP/1.1" 200 414 "-" "Mozilla/5.0 (compatible; MJ12bot/v1.4.8; http://mj12bot.com/)" "pattifamily.net"
114.119.156.134 - - [20/Dec/2022:20:19:25 -0800] "GET /1972/Patti/?C=N%3BO%3DD HTTP/1.1" 200 795 "https://pattifamily.net/1972/Patti/?C=S%3BO%3DA" "Mozilla/5.0 (Linux; Android 7.0;) AppleWebKit/537.36 (KHTML, like Gecko) Mobile Safari/537.36 (compatible; PetalBot;+https://webmaster.petalsearch.com/site/petalbot)" "pattifamily.net"
185.234.69.220 - - [20/Dec/2022:20:19:25 -0800] "GET /pictures/2011/2011_01_10/?S=D HTTP/1.1" 200 426 "-" "Mozilla/5.0 (compatible; MJ12bot/v1.4.8; http://mj12bot.com/)" "www.pattifamily.net"
185.234.69.220 - - [20/Dec/2022:20:19:31 -0800] "GET /pictures/2011/2011_01_12/?C=D;O=D HTTP/1.1" 200 421 "-" "Mozilla/5.0 (compatible; MJ12bot/v1.4.8; http://mj12bot.com/)" "www.pattifamily.net"
173.212.246.178 - - [20/Dec/2022:20:19:37 -0800] "GET /pictures/2005_08_19/?N=A HTTP/1.1" 200 414 "-" "Mozilla/5.0 (compatible; MJ12bot/v1.4.8; http://mj12bot.com/)" "pattifamily.net"
185.234.69.220 - - [20/Dec/2022:20:19:38 -0800] "GET /pictures/2011/2011_01_12/?C=M;O=D HTTP/1.1" 200 421 "-" "Mozilla/5.0 (compatible; MJ12bot/v1.4.8; http://mj12bot.com/)" "www.pattifamily.net"
185.234.69.220 - - [20/Dec/2022:20:19:47 -0800] "GET /pictures/2011/2011_01_12/?C=N;O=A HTTP/1.1" 200 423 "-" "Mozilla/5.0 (compatible; MJ12bot/v1.4.8; http://mj12bot.com/)" "www.pattifamily.net"
173.212.246.178 - - [20/Dec/2022:20:19:51 -0800] "GET /pictures/2005_08_19/?S=A HTTP/1.1" 200 414 "-" "Mozilla/5.0 (compatible; MJ12bot/v1.4.8; http://mj12bot.com/)" "pattifamily.net"
185.234.69.220 - - [20/Dec/2022:20:20:00 -0800] "GET /pictures/2011/2011_01_12/?C=S;O=D HTTP/1.1" 200 421 "-" "Mozilla/5.0 (compatible; MJ12bot/v1.4.8; http://mj12bot.com/)" "www.pattifamily.net"
173.212.246.178 - - [20/Dec/2022:20:20:10 -0800] "GET /pictures/2005_08_21/?C=D;O=A HTTP/1.1" 200 428 "-" "Mozilla/5.0 (compatible; MJ12bot/v1.4.8; http://mj12bot.com/)" "pattifamily.net"
185.234.69.220 - - [20/Dec/2022:20:20:11 -0800] "GET /pictures/2011/2011_01_12/?D=D HTTP/1.1" 200 423 "-" "Mozilla/5.0 (compatible; MJ12bot/v1.4.8; http://mj12bot.com/)" "www.pattifamily.net"
114.119.154.189 - - [20/Dec/2022:20:20:09 -0800] "GET /unknown/Patti/?C=S%3BO%3DA HTTP/1.1" 200 20311 "http://www.pattifamily.net/unknown/Patti/" "Mozilla/5.0 (Linux; Android 7.0;) AppleWebKit/537.36 (KHTML, like Gecko) Mobile Safari/537.36 (compatible; PetalBot;+https://webmaster.petalsearch.com/site/petalbot)" "www.pattifamily.net"
185.234.69.220 - - [20/Dec/2022:20:20:20 -0800] "GET /pictures/2011/2011_01_12/?M=D HTTP/1.1" 200 423 "-" "Mozilla/5.0 (compatible; MJ12bot/v1.4.8; http://mj12bot.com/)" "www.pattifamily.net"
173.212.246.178 - - [20/Dec/2022:20:20:26 -0800] "GET /pictures/2005_08_21/?C=M;O=A HTTP/1.1" 200 428 "-" "Mozilla/5.0 (compatible; MJ12bot/v1.4.8; http://mj12bot.com/)" "pattifamily.net"
185.234.69.220 - - [20/Dec/2022:20:20:27 -0800] "GET /pictures/2011/2011_01_12/?N=A HTTP/1.1" 200 423 "-" "Mozilla/5.0 (compatible; MJ12bot/v1.4.8; http://mj12bot.com/)" "www.pattifamily.net"
173.212.246.178 - - [20/Dec/2022:20:20:39 -0800] "GET /pictures/2005_08_21/?C=N;O=D HTTP/1.1" 200 427 "-" "Mozilla/5.0 (compatible; MJ12bot/v1.4.8; http://mj12bot.com/)" "pattifamily.net"
185.234.69.220 - - [20/Dec/2022:20:20:40 -0800] "GET /pictures/2011/2011_01_12/?S=D HTTP/1.1" 200 423 "-" "Mozilla/5.0 (compatible; MJ12bot/v1.4.8; http://mj12bot.com/)" "www.pattifamily.net"
185.234.69.220 - - [20/Dec/2022:20:20:47 -0800] "GET /pictures/2011/2011_01_16/?C=D;O=D HTTP/1.1" 200 425 "-" "Mozilla/5.0 (compatible; MJ12bot/v1.4.8; http://mj12bot.com/)" "www.pattifamily.net"
185.234.69.220 - - [20/Dec/2022:20:20:53 -0800] "GET /pictures/2011/2011_01_16/?C=M;O=D HTTP/1.1" 200 425 "-" "Mozilla/5.0 (compatible; MJ12bot/v1.4.8; http://mj12bot.com/)" "www.pattifamily.net"
173.212.246.178 - - [20/Dec/2022:20:20:53 -0800] "GET /pictures/2005_08_21/?C=S;O=A HTTP/1.1" 200 430 "-" "Mozilla/5.0 (compatible; MJ12bot/v1.4.8; http://mj12bot.com/)" "pattifamily.net"
185.234.69.220 - - [20/Dec/2022:20:21:02 -0800] "GET /pictures/2011/2011_01_16/?C=N;O=A HTTP/1.1" 200 428 "-" "Mozilla/5.0 (compatible; MJ12bot/v1.4.8; http://mj12bot.com/)" "www.pattifamily.net"
173.212.246.178 - - [20/Dec/2022:20:21:06 -0800] "GET /pictures/2005_08_21/?D=A HTTP/1.1" 200 428 "-" "Mozilla/5.0 (compatible; MJ12bot/v1.4.8; http://mj12bot.com/)" "pattifamily.net"
185.234.69.220 - - [20/Dec/2022:20:21:10 -0800] "GET /pictures/2011/2011_01_16/?C=S;O=D HTTP/1.1" 200 425 "-" "Mozilla/5.0 (compatible; MJ12bot/v1.4.8; http://mj12bot.com/)" "www.pattifamily.net"
173.212.246.178 - - [20/Dec/2022:20:21:17 -0800] "GET /pictures/2005_08_21/?D=D HTTP/1.1" 200 428 "-" "Mozilla/5.0 (compatible; MJ12bot/v1.4.8; http://mj12bot.com/)" "pattifamily.net"
185.234.69.220 - - [20/Dec/2022:20:21:19 -0800] "GET /pictures/2011/2011_01_16/?D=D HTTP/1.1" 200 428 "-" "Mozilla/5.0 (compatible; MJ12bot/v1.4.8; http://mj12bot.com/)" "www.pattifamily.net"
185.234.69.220 - - [20/Dec/2022:20:21:30 -0800] "GET /pictures/2011/2011_01_16/?M=D HTTP/1.1" 200 428 "-" "Mozilla/5.0 (compatible; MJ12bot/v1.4.8; http://mj12bot.com/)" "www.pattifamily.net"
114.119.138.194 - - [20/Dec/2022:20:21:30 -0800] "GET /1978/Patti/?C=M%3BO%3DA HTTP/1.1" 200 1476 "https://pattifamily.net/1978/Patti/" "Mozilla/5.0 (Linux; Android 7.0;) AppleWebKit/537.36 (KHTML, like Gecko) Mobile Safari/537.36 (compatible; PetalBot;+https://webmaster.petalsearch.com/site/petalbot)" "pattifamily.net"
173.212.246.178 - - [20/Dec/2022:20:21:31 -0800] "GET /pictures/2005_08_21/?M=A HTTP/1.1" 200 428 "-" "Mozilla/5.0 (compatible; MJ12bot/v1.4.8; http://mj12bot.com/)" "pattifamily.net"
185.234.69.220 - - [20/Dec/2022:20:21:38 -0800] "GET /pictures/2011/2011_01_16/?N=A HTTP/1.1" 200 428 "-" "Mozilla/5.0 (compatible; MJ12bot/v1.4.8; http://mj12bot.com/)" "www.pattifamily.net"
173.212.246.178 - - [20/Dec/2022:20:21:47 -0800] "GET /pictures/2005_08_21/?M=D HTTP/1.1" 200 428 "-" "Mozilla/5.0 (compatible; MJ12bot/v1.4.8; http://mj12bot.com/)" "pattifamily.net"
185.234.69.220 - - [20/Dec/2022:20:21:48 -0800] "GET /pictures/2011/2011_01_16/?S=D HTTP/1.1" 200 428 "-" "Mozilla/5.0 (compatible; MJ12bot/v1.4.8; http://mj12bot.com/)" "www.pattifamily.net"
185.234.69.220 - - [20/Dec/2022:20:21:58 -0800] "GET /pictures/2011/2011_01_17/?C=D;O=D HTTP/1.1" 200 455 "-" "Mozilla/5.0 (compatible; MJ12bot/v1.4.8; http://mj12bot.com/)" "www.pattifamily.net"
173.212.246.178 - - [20/Dec/2022:20:22:00 -0800] "GET /pictures/2005_08_22/?M=D HTTP/1.1" 200 398 "-" "Mozilla/5.0 (compatible; MJ12bot/v1.4.8; http://mj12bot.com/)" "pattifamily.net"
185.234.69.220 - - [20/Dec/2022:20:22:03 -0800] "GET /pictures/2011/2011_01_17/?C=N;O=A HTTP/1.1" 200 458 "-" "Mozilla/5.0 (compatible; MJ12bot/v1.4.8; http://mj12bot.com/)" "www.pattifamily.net"
173.212.246.178 - - [20/Dec/2022:20:22:06 -0800] "GET /pictures/2005_08_22/?S=A HTTP/1.1" 200 398 "-" "Mozilla/5.0 (compatible; MJ12bot/v1.4.8; http://mj12bot.com/)" "pattifamily.net"
185.234.69.220 - - [20/Dec/2022:20:22:16 -0800] "GET /pictures/2011/2011_01_17/?C=S;O=D HTTP/1.1" 200 455 "-" "Mozilla/5.0 (compatible; MJ12bot/v1.4.8; http://mj12bot.com/)" "www.pattifamily.net"
173.212.246.178 - - [20/Dec/2022:20:22:20 -0800] "GET /pictures/2005_08_22/?S=D HTTP/1.1" 200 398 "-" "Mozilla/5.0 (compatible; MJ12bot/v1.4.8; http://mj12bot.com/)" "pattifamily.net"
185.234.69.220 - - [20/Dec/2022:20:22:25 -0800] "GET /pictures/2011/2011_01_17/?D=D HTTP/1.1" 200 458 "-" "Mozilla/5.0 (compatible; MJ12bot/v1.4.8; http://mj12bot.com/)" "www.pattifamily.net"
173.212.246.178 - - [20/Dec/2022:20:22:34 -0800] "GET /pictures/2005_08_23/?N=D HTTP/1.1" 200 404 "-" "Mozilla/5.0 (compatible; MJ12bot/v1.4.8; http://mj12bot.com/)" "pattifamily.net"
185.234.69.220 - - [20/Dec/2022:20:22:35 -0800] "GET /pictures/2011/2011_01_17/?M=D HTTP/1.1" 200 458 "-" "Mozilla/5.0 (compatible; MJ12bot/v1.4.8; http://mj12bot.com/)" "www.pattifamily.net"
173.212.246.178 - - [20/Dec/2022:20:22:47 -0800] "GET /pictures/2005_08_23?N=D HTTP/1.1" 301 1424 "-" "Mozilla/5.0 (compatible; MJ12bot/v1.4.8; http://mj12bot.com/)" "pattifamily.net"
185.234.69.220 - - [20/Dec/2022:20:22:47 -0800] "GET /pictures/2011/2011_01_17/?N=A HTTP/1.1" 200 458 "-" "Mozilla/5.0 (compatible; MJ12bot/v1.4.8; http://mj12bot.com/)" "www.pattifamily.net"
173.212.246.178 - - [20/Dec/2022:20:22:58 -0800] "GET /pictures/2005_08_23/?N=D HTTP/1.1" 200 404 "-" "Mozilla/5.0 (compatible; MJ12bot/v1.4.8; http://mj12bot.com/)" "pattifamily.net"
185.234.69.220 - - [20/Dec/2022:20:23:00 -0800] "GET /pictures/2011/2011_01_17/?S=D HTTP/1.1" 200 458 "-" "Mozilla/5.0 (compatible; MJ12bot/v1.4.8; http://mj12bot.com/)" "www.pattifamily.net"
185.234.69.220 - - [20/Dec/2022:20:23:07 -0800] "GET /pictures/2011/2011_01_22/?C=D;O=D HTTP/1.1" 200 401 "-" "Mozilla/5.0 (compatible; MJ12bot/v1.4.8; http://mj12bot.com/)" "www.pattifamily.net"
173.212.246.178 - - [20/Dec/2022:20:23:12 -0800] "GET /pictures/2005_09_06/?M=A HTTP/1.1" 200 386 "-" "Mozilla/5.0 (compatible; MJ12bot/v1.4.8; http://mj12bot.com/)" "pattifamily.net"
185.234.69.220 - - [20/Dec/2022:20:23:18 -0800] "GET /pictures/2011/2011_01_22/?C=M;O=D HTTP/1.1" 200 401 "-" "Mozilla/5.0 (compatible; MJ12bot/v1.4.8; http://mj12bot.com/)" "www.pattifamily.net"
173.212.246.178 - - [20/Dec/2022:20:23:25 -0800] "GET /pictures/2005_09_06?M=A HTTP/1.1" 301 1424 "-" "Mozilla/5.0 (compatible; MJ12bot/v1.4.8; http://mj12bot.com/)" "pattifamily.net"
185.234.69.220 - - [20/Dec/2022:20:23:27 -0800] "GET /pictures/2011/2011_01_22/?C=N;O=A HTTP/1.1" 200 403 "-" "Mozilla/5.0 (compatible; MJ12bot/v1.4.8; http://mj12bot.com/)" "www.pattifamily.net"
185.234.69.220 - - [20/Dec/2022:20:23:34 -0800] "GET /pictures/2011/2011_01_22/?C=S;O=D HTTP/1.1" 200 401 "-" "Mozilla/5.0 (compatible; MJ12bot/v1.4.8; http://mj12bot.com/)" "www.pattifamily.net"
173.212.246.178 - - [20/Dec/2022:20:23:37 -0800] "GET /pictures/2005_09_06/?M=A HTTP/1.1" 200 386 "-" "Mozilla/5.0 (compatible; MJ12bot/v1.4.8; http://mj12bot.com/)" "pattifamily.net"
185.234.69.220 - - [20/Dec/2022:20:23:39 -0800] "GET /pictures/2011/2011_01_22/?D=D HTTP/1.1" 200 403 "-" "Mozilla/5.0 (compatible; MJ12bot/v1.4.8; http://mj12bot.com/)" "www.pattifamily.net"
185.234.69.220 - - [20/Dec/2022:20:23:53 -0800] "GET /pictures/2011/2011_01_22/?M=D HTTP/1.1" 200 403 "-" "Mozilla/5.0 (compatible; MJ12bot/v1.4.8; http://mj12bot.com/)" "www.pattifamily.net"
173.212.246.178 - - [20/Dec/2022:20:23:55 -0800] "GET /pictures/2005_09_13/?C=M;O=A HTTP/1.1" 200 415 "-" "Mozilla/5.0 (compatible; MJ12bot/v1.4.8; http://mj12bot.com/)" "pattifamily.net"
114.119.147.239 - - [20/Dec/2022:20:23:56 -0800] "GET /murrayunknown.html HTTP/1.1" 200 826 "http://www.pattifamily.net/?C=M%3BO%3DA" "Mozilla/5.0 (Linux; Android 7.0;) AppleWebKit/537.36 (KHTML, like Gecko) Mobile Safari/537.36 (compatible; PetalBot;+https://webmaster.petalsearch.com/site/petalbot)" "www.pattifamily.net"
185.234.69.220 - - [20/Dec/2022:20:24:00 -0800] "GET /pictures/2011/2011_01_22/?N=A HTTP/1.1" 200 403 "-" "Mozilla/5.0 (compatible; MJ12bot/v1.4.8; http://mj12bot.com/)" "www.pattifamily.net"
173.212.246.178 - - [20/Dec/2022:20:24:05 -0800] "GET /pictures/2005_09_13/?C=S;O=A HTTP/1.1" 200 415 "-" "Mozilla/5.0 (compatible; MJ12bot/v1.4.8; http://mj12bot.com/)" "pattifamily.net"
185.234.69.220 - - [20/Dec/2022:20:24:13 -0800] "GET /pictures/2011/2011_01_22/?S=D HTTP/1.1" 200 403 "-" "Mozilla/5.0 (compatible; MJ12bot/v1.4.8; http://mj12bot.com/)" "www.pattifamily.net"
173.212.246.178 - - [20/Dec/2022:20:24:19 -0800] "GET /pictures/2005_09_13/?N=D HTTP/1.1" 200 414 "-" "Mozilla/5.0 (compatible; MJ12bot/v1.4.8; http://mj12bot.com/)" "pattifamily.net"
185.234.69.220 - - [20/Dec/2022:20:24:26 -0800] "GET /pictures/2011/2011_01_26/?C=D;O=D HTTP/1.1" 200 401 "-" "Mozilla/5.0 (compatible; MJ12bot/v1.4.8; http://mj12bot.com/)" "www.pattifamily.net"
173.212.246.178 - - [20/Dec/2022:20:24:26 -0800] "GET /pictures/2005_09_13/?S=A HTTP/1.1" 200 414 "-" "Mozilla/5.0 (compatible; MJ12bot/v1.4.8; http://mj12bot.com/)" "pattifamily.net"
114.119.138.207 - - [20/Dec/2022:20:24:37 -0800] "GET /September2005.htm HTTP/1.1" 200 832 "http://www.pattifamily.net/?C=M%3BO%3DA" "Mozilla/5.0 (Linux; Android 7.0;) AppleWebKit/537.36 (KHTML, like Gecko) Mobile Safari/537.36 (compatible; PetalBot;+https://webmaster.petalsearch.com/site/petalbot)" "www.pattifamily.net"
185.234.69.220 - - [20/Dec/2022:20:24:41 -0800] "GET /pictures/2011/2011_01_26/?C=M;O=D HTTP/1.1" 200 401 "-" "Mozilla/5.0 (compatible; MJ12bot/v1.4.8; http://mj12bot.com/)" "www.pattifamily.net"
173.212.246.178 - - [20/Dec/2022:20:24:41 -0800] "GET /pictures/2005_09_14/?C=D;O=D HTTP/1.1" 200 414 "-" "Mozilla/5.0 (compatible; MJ12bot/v1.4.8; http://mj12bot.com/)" "pattifamily.net"
173.212.246.178 - - [20/Dec/2022:20:24:49 -0800] "GET /pictures/2005_09_14/?C=M;O=D HTTP/1.1" 200 414 "-" "Mozilla/5.0 (compatible; MJ12bot/v1.4.8; http://mj12bot.com/)" "pattifamily.net"
185.234.69.220 - - [20/Dec/2022:20:24:49 -0800] "GET /pictures/2011/2011_01_26/?C=N;O=A HTTP/1.1" 200 402 "-" "Mozilla/5.0 (compatible; MJ12bot/v1.4.8; http://mj12bot.com/)" "www.pattifamily.net"
173.212.246.178 - - [20/Dec/2022:20:24:57 -0800] "GET /pictures/2005_09_14/?N=D HTTP/1.1" 200 416 "-" "Mozilla/5.0 (compatible; MJ12bot/v1.4.8; http://mj12bot.com/)" "pattifamily.net"
185.234.69.220 - - [20/Dec/2022:20:25:02 -0800] "GET /pictures/2011/2011_01_26/?C=S;O=D HTTP/1.1" 200 401 "-" "Mozilla/5.0 (compatible; MJ12bot/v1.4.8; http://mj12bot.com/)" "www.pattifamily.net"
185.234.69.220 - - [20/Dec/2022:20:25:06 -0800] "GET /pictures/2011/2011_01_26/?D=D HTTP/1.1" 200 402 "-" "Mozilla/5.0 (compatible; MJ12bot/v1.4.8; http://mj12bot.com/)" "www.pattifamily.net"
185.234.69.220 - - [20/Dec/2022:20:25:12 -0800] "GET /pictures/2011/2011_01_26/?M=D HTTP/1.1" 200 402 "-" "Mozilla/5.0 (compatible; MJ12bot/v1.4.8; http://mj12bot.com/)" "www.pattifamily.net"
173.212.246.178 - - [20/Dec/2022:20:25:14 -0800] "GET /pictures/2005_09_15/?C=M;O=D HTTP/1.1" 200 452 "-" "Mozilla/5.0 (compatible; MJ12bot/v1.4.8; http://mj12bot.com/)" "pattifamily.net"
185.234.69.220 - - [20/Dec/2022:20:25:21 -0800] "GET /pictures/2011/2011_01_26/?N=D HTTP/1.1" 200 402 "-" "Mozilla/5.0 (compatible; MJ12bot/v1.4.8; http://mj12bot.com/)" "www.pattifamily.net"
185.234.69.220 - - [20/Dec/2022:20:25:28 -0800] "GET /pictures/2011/2011_01_29/?C=D;O=D HTTP/1.1" 200 390 "-" "Mozilla/5.0 (compatible; MJ12bot/v1.4.8; http://mj12bot.com/)" "www.pattifamily.net"
173.212.246.178 - - [20/Dec/2022:20:25:31 -0800] "GET /pictures/2005_09_15/?D=A HTTP/1.1" 200 455 "-" "Mozilla/5.0 (compatible; MJ12bot/v1.4.8; http://mj12bot.com/)" "pattifamily.net"
185.234.69.220 - - [20/Dec/2022:20:25:36 -0800] "GET /pictures/2011/2011_01_29/?C=M;O=D HTTP/1.1" 200 390 "-" "Mozilla/5.0 (compatible; MJ12bot/v1.4.8; http://mj12bot.com/)" "www.pattifamily.net"
114.119.142.37 - - [20/Dec/2022:20:25:44 -0800] "GET /2004/Patti/December2004/?C=S%3BO%3DA HTTP/1.1" 200 913 "http://www.pattifamily.net/2004/Patti/December2004/?C=M%3BO%3DA" "Mozilla/5.0 (Linux; Android 7.0;) AppleWebKit/537.36 (KHTML, like Gecko) Mobile Safari/537.36 (compatible; PetalBot;+https://webmaster.petalsearch.com/site/petalbot)" "www.pattifamily.net"
185.234.69.220 - - [20/Dec/2022:20:25:44 -0800] "GET /pictures/2011/2011_01_29/?C=N;O=A HTTP/1.1" 200 387 "-" "Mozilla/5.0 (compatible; MJ12bot/v1.4.8; http://mj12bot.com/)" "www.pattifamily.net"
173.212.246.178 - - [20/Dec/2022:20:25:49 -0800] "GET /pictures/2005_09_15/?M=A HTTP/1.1" 200 455 "-" "Mozilla/5.0 (compatible; MJ12bot/v1.4.8; http://mj12bot.com/)" "pattifamily.net"
185.234.69.220 - - [20/Dec/2022:20:25:53 -0800] "GET /pictures/2011/2011_01_29/?D=D HTTP/1.1" 200 387 "-" "Mozilla/5.0 (compatible; MJ12bot/v1.4.8; http://mj12bot.com/)" "www.pattifamily.net"
173.212.246.178 - - [20/Dec/2022:20:26:03 -0800] "GET /pictures/2005_09_15/?N=D HTTP/1.1" 200 455 "-" "Mozilla/5.0 (compatible; MJ12bot/v1.4.8; http://mj12bot.com/)" "pattifamily.net"
185.234.69.220 - - [20/Dec/2022:20:26:06 -0800] "GET /pictures/2011/2011_01_29/?M=D HTTP/1.1" 200 387 "-" "Mozilla/5.0 (compatible; MJ12bot/v1.4.8; http://mj12bot.com/)" "www.pattifamily.net"
173.212.246.178 - - [20/Dec/2022:20:26:12 -0800] "GET /pictures/2005_09_15/?S=A HTTP/1.1" 200 455 "-" "Mozilla/5.0 (compatible; MJ12bot/v1.4.8; http://mj12bot.com/)" "pattifamily.net"
185.234.69.220 - - [20/Dec/2022:20:26:19 -0800] "GET /pictures/2011/2011_01_29/?N=A HTTP/1.1" 200 387 "-" "Mozilla/5.0 (compatible; MJ12bot/v1.4.8; http://mj12bot.com/)" "www.pattifamily.net"
173.212.246.178 - - [20/Dec/2022:20:26:27 -0800] "GET /pictures/2005_09_18/?D=A HTTP/1.1" 200 446 "-" "Mozilla/5.0 (compatible; MJ12bot/v1.4.8; http://mj12bot.com/)" "pattifamily.net"
185.234.69.220 - - [20/Dec/2022:20:26:28 -0800] "GET /pictures/2011/2011_01_29/?S=D HTTP/1.1" 200 387 "-" "Mozilla/5.0 (compatible; MJ12bot/v1.4.8; http://mj12bot.com/)" "www.pattifamily.net"
185.234.69.220 - - [20/Dec/2022:20:26:40 -0800] "GET /pictures/2011/2011_01_30/?C=D;O=D HTTP/1.1" 200 481 "-" "Mozilla/5.0 (compatible; MJ12bot/v1.4.8; http://mj12bot.com/)" "www.pattifamily.net"
173.212.246.178 - - [20/Dec/2022:20:26:41 -0800] "GET /pictures/2005_09_18/?N=D HTTP/1.1" 200 446 "-" "Mozilla/5.0 (compatible; MJ12bot/v1.4.8; http://mj12bot.com/)" "pattifamily.net"
185.234.69.220 - - [20/Dec/2022:20:26:50 -0800] "GET /pictures/2011/2011_01_30/?C=M;O=D HTTP/1.1" 200 481 "-" "Mozilla/5.0 (compatible; MJ12bot/v1.4.8; http://mj12bot.com/)" "www.pattifamily.net"
173.212.246.178 - - [20/Dec/2022:20:26:56 -0800] "GET /pictures/2005_09_18/?S=A HTTP/1.1" 200 446 "-" "Mozilla/5.0 (compatible; MJ12bot/v1.4.8; http://mj12bot.com/)" "pattifamily.net"
185.234.69.220 - - [20/Dec/2022:20:27:03 -0800] "GET /pictures/2011/2011_01_30/?C=N;O=A HTTP/1.1" 200 483 "-" "Mozilla/5.0 (compatible; MJ12bot/v1.4.8; http://mj12bot.com/)" "www.pattifamily.net"
173.212.246.178 - - [20/Dec/2022:20:27:09 -0800] "GET /pictures/2005_09_20/?C=S;O=D HTTP/1.1" 200 459 "-" "Mozilla/5.0 (compatible; MJ12bot/v1.4.8; http://mj12bot.com/)" "pattifamily.net"
185.234.69.220 - - [20/Dec/2022:20:27:14 -0800] "GET /pictures/2011/2011_01_30/?C=S;O=D HTTP/1.1" 200 484 "-" "Mozilla/5.0 (compatible; MJ12bot/v1.4.8; http://mj12bot.com/)" "www.pattifamily.net"
185.234.69.220 - - [20/Dec/2022:20:27:21 -0800] "GET /pictures/2011/2011_01_30/?D=D HTTP/1.1" 200 483 "-" "Mozilla/5.0 (compatible; MJ12bot/v1.4.8; http://mj12bot.com/)" "www.pattifamily.net"
173.212.246.178 - - [20/Dec/2022:20:27:22 -0800] "GET /pictures/2005_09_20/?N=D HTTP/1.1" 200 462 "-" "Mozilla/5.0 (compatible; MJ12bot/v1.4.8; http://mj12bot.com/)" "pattifamily.net"
185.234.69.220 - - [20/Dec/2022:20:27:34 -0800] "GET /pictures/2011/2011_01_30/?M=D HTTP/1.1" 200 483 "-" "Mozilla/5.0 (compatible; MJ12bot/v1.4.8; http://mj12bot.com/)" "www.pattifamily.net"
173.212.246.178 - - [20/Dec/2022:20:27:41 -0800] "GET /pictures/2005_09_21/?N=D HTTP/1.1" 200 437 "-" "Mozilla/5.0 (compatible; MJ12bot/v1.4.8; http://mj12bot.com/)" "pattifamily.net"
185.234.69.220 - - [20/Dec/2022:20:27:41 -0800] "GET /pictures/2011/2011_01_30/?S=D HTTP/1.1" 200 483 "-" "Mozilla/5.0 (compatible; MJ12bot/v1.4.8; http://mj12bot.com/)" "www.pattifamily.net"
185.234.69.220 - - [20/Dec/2022:20:27:51 -0800] "GET /pictures/2011/2011_02_03/?C=D;O=D HTTP/1.1" 200 401 "-" "Mozilla/5.0 (compatible; MJ12bot/v1.4.8; http://mj12bot.com/)" "www.pattifamily.net"
173.212.246.178 - - [20/Dec/2022:20:27:52 -0800] "GET /pictures/2005_09_21/?S=A HTTP/1.1" 200 437 "-" "Mozilla/5.0 (compatible; MJ12bot/v1.4.8; http://mj12bot.com/)" "pattifamily.net"
173.212.246.178 - - [20/Dec/2022:20:28:06 -0800] "GET /pictures/2005_09_22/?D=D HTTP/1.1" 200 403 "-" "Mozilla/5.0 (compatible; MJ12bot/v1.4.8; http://mj12bot.com/)" "pattifamily.net"
114.119.143.69 - - [20/Dec/2022:20:28:09 -0800] "GET /1991/Patti/July241991/ HTTP/1.1" 200 2844 "https://pattifamily.net/1991/Patti/?C=D%3BO%3DA" "Mozilla/5.0 (Linux; Android 7.0;) AppleWebKit/537.36 (KHTML, like Gecko) Mobile Safari/537.36 (compatible; PetalBot;+https://webmaster.petalsearch.com/site/petalbot)" "pattifamily.net"
173.212.246.178 - - [20/Dec/2022:20:28:25 -0800] "GET /pictures/2005_09_29/?N=D HTTP/1.1" 200 403 "-" "Mozilla/5.0 (compatible; MJ12bot/v1.4.8; http://mj12bot.com/)" "pattifamily.net"
173.212.246.178 - - [20/Dec/2022:20:28:35 -0800] "GET /pictures/2005_09_30/?M=A HTTP/1.1" 200 414 "-" "Mozilla/5.0 (compatible; MJ12bot/v1.4.8; http://mj12bot.com/)" "pattifamily.net"
173.212.246.178 - - [20/Dec/2022:20:28:48 -0800] "GET /pictures/2005_09_30/?S=D HTTP/1.1" 200 414 "-" "Mozilla/5.0 (compatible; MJ12bot/v1.4.8; http://mj12bot.com/)" "pattifamily.net"
173.212.246.178 - - [20/Dec/2022:20:28:59 -0800] "GET /pictures/2005_09_30?M=A HTTP/1.1" 301 1424 "-" "Mozilla/5.0 (compatible; MJ12bot/v1.4.8; http://mj12bot.com/)" "pattifamily.net"
114.119.151.206 - - [20/Dec/2022:20:29:09 -0800] "GET /1996/Patti/?C=N%3BO%3DD HTTP/1.1" 200 1806 "http://www.pattifamily.net/1996/Patti/?C=S%3BO%3DA" "Mozilla/5.0 (Linux; Android 7.0;) AppleWebKit/537.36 (KHTML, like Gecko) Mobile Safari/537.36 (compatible; PetalBot;+https://webmaster.petalsearch.com/site/petalbot)" "www.pattifamily.net"
173.212.246.178 - - [20/Dec/2022:20:29:18 -0800] "GET /pictures/2005_09_30/?M=A HTTP/1.1" 200 414 "-" "Mozilla/5.0 (compatible; MJ12bot/v1.4.8; http://mj12bot.com/)" "pattifamily.net"
173.212.246.178 - - [20/Dec/2022:20:29:47 -0800] "GET /pictures/2005_10_01/?D=A HTTP/1.1" 200 402 "-" "Mozilla/5.0 (compatible; MJ12bot/v1.4.8; http://mj12bot.com/)" "pattifamily.net"
114.119.129.33 - - [20/Dec/2022:20:29:56 -0800] "GET /1996/Patti/?C=M%3BO%3DA HTTP/1.1" 200 1806 "http://www.pattifamily.net/1996/Patti/?C=S%3BO%3DA" "Mozilla/5.0 (Linux; Android 7.0;) AppleWebKit/537.36 (KHTML, like Gecko) Mobile Safari/537.36 (compatible; PetalBot;+https://webmaster.petalsearch.com/site/petalbot)" "www.pattifamily.net"
173.212.246.178 - - [20/Dec/2022:20:29:58 -0800] "GET /pictures/2005_10_01/?N=D HTTP/1.1" 200 402 "-" "Mozilla/5.0 (compatible; MJ12bot/v1.4.8; http://mj12bot.com/)" "pattifamily.net"
173.212.246.178 - - [20/Dec/2022:20:30:11 -0800] "GET /pictures/2005_10_02/?N=D HTTP/1.1" 200 497 "-" "Mozilla/5.0 (compatible; MJ12bot/v1.4.8; http://mj12bot.com/)" "pattifamily.net"
173.212.246.178 - - [20/Dec/2022:20:30:31 -0800] "GET /pictures/2005_10_05/?D=A HTTP/1.1" 200 403 "-" "Mozilla/5.0 (compatible; MJ12bot/v1.4.8; http://mj12bot.com/)" "pattifamily.net"
173.212.246.178 - - [20/Dec/2022:20:30:43 -0800] "GET /pictures/2005_10_07/?C=D;O=A HTTP/1.1" 200 461 "-" "Mozilla/5.0 (compatible; MJ12bot/v1.4.8; http://mj12bot.com/)" "pattifamily.net"
173.212.246.178 - - [20/Dec/2022:20:30:55 -0800] "GET /pictures/2005_10_07/?C=M;O=A HTTP/1.1" 200 461 "-" "Mozilla/5.0 (compatible; MJ12bot/v1.4.8; http://mj12bot.com/)" "pattifamily.net"
173.212.246.178 - - [20/Dec/2022:20:31:06 -0800] "GET /pictures/2005_10_07/?C=N;O=D HTTP/1.1" 200 459 "-" "Mozilla/5.0 (compatible; MJ12bot/v1.4.8; http://mj12bot.com/)" "pattifamily.net"
173.212.246.178 - - [20/Dec/2022:20:31:22 -0800] "GET /pictures/2005_10_07/?C=S;O=A HTTP/1.1" 200 460 "-" "Mozilla/5.0 (compatible; MJ12bot/v1.4.8; http://mj12bot.com/)" "pattifamily.net"
173.212.246.178 - - [20/Dec/2022:20:31:38 -0800] "GET /pictures/2005_10_07/?D=A HTTP/1.1" 200 461 "-" "Mozilla/5.0 (compatible; MJ12bot/v1.4.8; http://mj12bot.com/)" "pattifamily.net"
114.119.147.2 - - [20/Dec/2022:20:31:47 -0800] "GET /1991/?C=D%3BO%3DA HTTP/1.1" 200 377 "http://www.pattifamily.net/1991/?C=M%3BO%3DA" "Mozilla/5.0 (Linux; Android 7.0;) AppleWebKit/537.36 (KHTML, like Gecko) Mobile Safari/537.36 (compatible; PetalBot;+https://webmaster.petalsearch.com/site/petalbot)" "www.pattifamily.net"
173.212.246.178 - - [20/Dec/2022:20:31:49 -0800] "GET /pictures/2005_10_07/?D=D HTTP/1.1" 200 461 "-" "Mozilla/5.0 (compatible; MJ12bot/v1.4.8; http://mj12bot.com/)" "pattifamily.net"
173.212.246.178 - - [20/Dec/2022:20:32:20 -0800] "GET /pictures/2005_10_07/?N=D HTTP/1.1" 200 461 "-" "Mozilla/5.0 (compatible; MJ12bot/v1.4.8; http://mj12bot.com/)" "pattifamily.net"
173.212.246.178 - - [20/Dec/2022:20:32:35 -0800] "GET /pictures/2005_10_07/?S=A HTTP/1.1" 200 461 "-" "Mozilla/5.0 (compatible; MJ12bot/v1.4.8; http://mj12bot.com/)" "pattifamily.net"
173.212.246.178 - - [20/Dec/2022:20:32:51 -0800] "GET /pictures/2005_10_08/?D=A HTTP/1.1" 200 454 "-" "Mozilla/5.0 (compatible; MJ12bot/v1.4.8; http://mj12bot.com/)" "pattifamily.net"
173.212.246.178 - - [20/Dec/2022:20:33:06 -0800] "GET /pictures/2005_10_08/?M=A HTTP/1.1" 200 454 "-" "Mozilla/5.0 (compatible; MJ12bot/v1.4.8; http://mj12bot.com/)" "pattifamily.net"
114.119.156.110 - - [20/Dec/2022:20:33:12 -0800] "GET /1989/Patti/?C=S%3BO%3DA HTTP/1.1" 200 2056 "http://www.pattifamily.net/1989/Patti/?C=D%3BO%3DA" "Mozilla/5.0 (Linux; Android 7.0;) AppleWebKit/537.36 (KHTML, like Gecko) Mobile Safari/537.36 (compatible; PetalBot;+https://webmaster.petalsearch.com/site/petalbot)" "www.pattifamily.net"
173.212.246.178 - - [20/Dec/2022:20:33:19 -0800] "GET /pictures/2005_10_08/?N=D HTTP/1.1" 200 454 "-" "Mozilla/5.0 (compatible; MJ12bot/v1.4.8; http://mj12bot.com/)" "pattifamily.net"
173.212.246.178 - - [20/Dec/2022:20:33:35 -0800] "GET /pictures/2005_10_08/?S=A HTTP/1.1" 200 454 "-" "Mozilla/5.0 (compatible; MJ12bot/v1.4.8; http://mj12bot.com/)" "pattifamily.net"
114.119.149.157 - - [20/Dec/2022:20:33:55 -0800] "GET /1989/Patti/?C=M%3BO%3DA HTTP/1.1" 200 2056 "http://www.pattifamily.net/1989/Patti/?C=D%3BO%3DA" "Mozilla/5.0 (Linux; Android 7.0;) AppleWebKit/537.36 (KHTML, like Gecko) Mobile Safari/537.36 (compatible; PetalBot;+https://webmaster.petalsearch.com/site/petalbot)" "www.pattifamily.net"
173.212.246.178 - - [20/Dec/2022:20:33:55 -0800] "GET /pictures/2005_10_13/?D=A HTTP/1.1" 200 465 "-" "Mozilla/5.0 (compatible; MJ12bot/v1.4.8; http://mj12bot.com/)" "pattifamily.net"
207.46.13.65 - - [20/Dec/2022:20:33:59 -0800] "GET /murray2.html HTTP/1.1" 200 9250 "-" "Mozilla/5.0 AppleWebKit/537.36 (KHTML, like Gecko; compatible; bingbot/2.0; +http://www.bing.com/bingbot.htm) Chrome/103.0.5060.134 Safari/537.36" "pattifamily.net"
173.212.246.178 - - [20/Dec/2022:20:34:14 -0800] "GET /pictures/2005_10_13/?N=D HTTP/1.1" 200 465 "-" "Mozilla/5.0 (compatible; MJ12bot/v1.4.8; http://mj12bot.com/)" "pattifamily.net"
173.212.246.178 - - [20/Dec/2022:20:34:29 -0800] "GET /pictures/2005_10_16/?C=D;O=A HTTP/1.1" 200 496 "-" "Mozilla/5.0 (compatible; MJ12bot/v1.4.8; http://mj12bot.com/)" "pattifamily.net"
173.212.246.178 - - [20/Dec/2022:20:34:45 -0800] "GET /pictures/2005_10_16/?C=M;O=A HTTP/1.1" 200 496 "-" "Mozilla/5.0 (compatible; MJ12bot/v1.4.8; http://mj12bot.com/)" "pattifamily.net"
173.212.246.178 - - [20/Dec/2022:20:34:55 -0800] "GET /pictures/2005_10_16/?C=N;O=A HTTP/1.1" 200 496 "-" "Mozilla/5.0 (compatible; MJ12bot/v1.4.8; http://mj12bot.com/)" "pattifamily.net"
173.212.246.178 - - [20/Dec/2022:20:35:12 -0800] "GET /pictures/2005_10_16/?C=N;O=D HTTP/1.1" 200 490 "-" "Mozilla/5.0 (compatible; MJ12bot/v1.4.8; http://mj12bot.com/)" "pattifamily.net"
173.212.246.178 - - [20/Dec/2022:20:35:23 -0800] "GET /pictures/2005_10_16/?D=A HTTP/1.1" 200 496 "-" "Mozilla/5.0 (compatible; MJ12bot/v1.4.8; http://mj12bot.com/)" "pattifamily.net"
114.119.130.99 - - [20/Dec/2022:20:35:27 -0800] "GET /1989/?C=S%3BO%3DA HTTP/1.1" 200 378 "http://www.pattifamily.net/1989/?C=D%3BO%3DA" "Mozilla/5.0 (Linux; Android 7.0;) AppleWebKit/537.36 (KHTML, like Gecko) Mobile Safari/537.36 (compatible; PetalBot;+https://webmaster.petalsearch.com/site/petalbot)" "www.pattifamily.net"
173.212.246.178 - - [20/Dec/2022:20:35:36 -0800] "GET /pictures/2005_10_16/?D=D HTTP/1.1" 200 496 "-" "Mozilla/5.0 (compatible; MJ12bot/v1.4.8; http://mj12bot.com/)" "pattifamily.net"
173.212.246.178 - - [20/Dec/2022:20:35:50 -0800] "GET /pictures/2005_10_16/?M=A HTTP/1.1" 200 496 "-" "Mozilla/5.0 (compatible; MJ12bot/v1.4.8; http://mj12bot.com/)" "pattifamily.net"
173.212.246.178 - - [20/Dec/2022:20:36:05 -0800] "GET /pictures/2005_10_16/?M=D HTTP/1.1" 200 496 "-" "Mozilla/5.0 (compatible; MJ12bot/v1.4.8; http://mj12bot.com/)" "pattifamily.net"
173.212.246.178 - - [20/Dec/2022:20:36:24 -0800] "GET /pictures/2005_10_16/?N=D HTTP/1.1" 200 496 "-" "Mozilla/5.0 (compatible; MJ12bot/v1.4.8; http://mj12bot.com/)" "pattifamily.net"
87.250.224.178 - - [20/Dec/2022:20:36:27 -0800] "GET /bowling/videos/simpleScore/ HTTP/1.1" 200 403 "-" "Mozilla/5.0 (compatible; YandexBot/3.0; +http://yandex.com/bots)" "pattifamily.net"
173.212.246.178 - - [20/Dec/2022:20:36:45 -0800] "GET /pictures/2005_10_16/?S=A HTTP/1.1" 200 496 "-" "Mozilla/5.0 (compatible; MJ12bot/v1.4.8; http://mj12bot.com/)" "pattifamily.net"
173.212.246.178 - - [20/Dec/2022:20:36:58 -0800] "GET /pictures/2005_10_16/?S=D HTTP/1.1" 200 496 "-" "Mozilla/5.0 (compatible; MJ12bot/v1.4.8; http://mj12bot.com/)" "pattifamily.net"
173.212.246.178 - - [20/Dec/2022:20:37:16 -0800] "GET /pictures/2005_10_17/?M=A HTTP/1.1" 200 425 "-" "Mozilla/5.0 (compatible; MJ12bot/v1.4.8; http://mj12bot.com/)" "pattifamily.net"
173.212.246.178 - - [20/Dec/2022:20:37:27 -0800] "GET /pictures/2005_10_17/?N=D HTTP/1.1" 200 425 "-" "Mozilla/5.0 (compatible; MJ12bot/v1.4.8; http://mj12bot.com/)" "pattifamily.net"
173.212.246.178 - - [20/Dec/2022:20:37:37 -0800] "GET /pictures/2005_10_17/?S=A HTTP/1.1" 200 425 "-" "Mozilla/5.0 (compatible; MJ12bot/v1.4.8; http://mj12bot.com/)" "pattifamily.net"
114.119.129.237 - - [20/Dec/2022:20:37:47 -0800] "GET /january2006.html HTTP/1.1" 200 826 "http://www.pattifamily.net/?C=M%3BO%3DA" "Mozilla/5.0 (Linux; Android 7.0;) AppleWebKit/537.36 (KHTML, like Gecko) Mobile Safari/537.36 (compatible; PetalBot;+https://webmaster.petalsearch.com/site/petalbot)" "www.pattifamily.net"
173.212.246.178 - - [20/Dec/2022:20:37:51 -0800] "GET /pictures/2005_10_20/?C=D;O=A HTTP/1.1" 200 430 "-" "Mozilla/5.0 (compatible; MJ12bot/v1.4.8; http://mj12bot.com/)" "pattifamily.net"
173.212.246.178 - - [20/Dec/2022:20:38:05 -0800] "GET /pictures/2005_10_20/?C=M;O=A HTTP/1.1" 200 431 "-" "Mozilla/5.0 (compatible; MJ12bot/v1.4.8; http://mj12bot.com/)" "pattifamily.net"
