114.119.154.161 - - [20/Oct/2022:12:02:02 -0700] "GET /1980/Patti/?C=N%3BO%3DD HTTP/1.1" 200 1725 "https://pattifamily.net/1980/Patti/?C=D%3BO%3DA" "Mozilla/5.0 (Linux; Android 7.0;) AppleWebKit/537.36 (KHTML, like Gecko) Mobile Safari/537.36 (compatible; PetalBot;+https://webmaster.petalsearch.com/site/petalbot)" "pattifamily.net"
114.119.154.155 - - [20/Oct/2022:12:07:57 -0700] "GET /1972/Patti/?C=M%3BO%3DA HTTP/1.1" 200 795 "http://www.pattifamily.net/1972/Patti/?C=D%3BO%3DA" "Mozilla/5.0 (Linux; Android 7.0;) AppleWebKit/537.36 (KHTML, like Gecko) Mobile Safari/537.36 (compatible; PetalBot;+https://webmaster.petalsearch.com/site/petalbot)" "www.pattifamily.net"
114.119.154.13 - - [20/Oct/2022:12:13:53 -0700] "GET /1985/?C=D%3BO%3DA HTTP/1.1" 200 352 "http://www.pattifamily.net/1985/?C=N%3BO%3DD" "Mozilla/5.0 (Linux; Android 7.0;) AppleWebKit/537.36 (KHTML, like Gecko) Mobile Safari/537.36 (compatible; PetalBot;+https://webmaster.petalsearch.com/site/petalbot)" "www.pattifamily.net"
65.109.63.253 - - [20/Oct/2022:12:16:45 -0700] "GET /robots.txt HTTP/1.1" 404 73 "-" "Mozilla/5.0 (compatible; MJ12bot/v1.4.8; http://mj12bot.com/)" "pattifamily.net"
65.109.63.253 - - [20/Oct/2022:12:16:52 -0700] "GET /pictures/2005_09_03/?C=D;O=D HTTP/1.1" 200 412 "-" "Mozilla/5.0 (compatible; MJ12bot/v1.4.8; http://mj12bot.com/)" "pattifamily.net"
65.109.63.253 - - [20/Oct/2022:12:16:57 -0700] "GET /pictures/2008_03_02/?C=D;O=A HTTP/1.1" 200 385 "-" "Mozilla/5.0 (compatible; MJ12bot/v1.4.8; http://mj12bot.com/)" "pattifamily.net"
65.109.63.253 - - [20/Oct/2022:12:17:02 -0700] "GET /pictures/2008_03_02/?C=N;O=D HTTP/1.1" 200 382 "-" "Mozilla/5.0 (compatible; MJ12bot/v1.4.8; http://mj12bot.com/)" "pattifamily.net"
65.109.63.253 - - [20/Oct/2022:12:17:06 -0700] "GET /pictures/2008_03_08/?C=D;O=A HTTP/1.1" 200 422 "-" "Mozilla/5.0 (compatible; MJ12bot/v1.4.8; http://mj12bot.com/)" "pattifamily.net"
65.109.63.253 - - [20/Oct/2022:12:17:10 -0700] "GET /pictures/2008_03_15/?C=S;O=A HTTP/1.1" 200 413 "-" "Mozilla/5.0 (compatible; MJ12bot/v1.4.8; http://mj12bot.com/)" "pattifamily.net"
65.109.63.253 - - [20/Oct/2022:12:17:15 -0700] "GET /pictures/2008_03_27/?C=D;O=A HTTP/1.1" 200 385 "-" "Mozilla/5.0 (compatible; MJ12bot/v1.4.8; http://mj12bot.com/)" "pattifamily.net"
65.109.63.253 - - [20/Oct/2022:12:17:19 -0700] "GET /pictures/2008_03_27/?C=M;O=A HTTP/1.1" 200 386 "-" "Mozilla/5.0 (compatible; MJ12bot/v1.4.8; http://mj12bot.com/)" "pattifamily.net"
65.109.63.253 - - [20/Oct/2022:12:17:24 -0700] "GET /pictures/2008_03_27/?C=N;O=D HTTP/1.1" 200 384 "-" "Mozilla/5.0 (compatible; MJ12bot/v1.4.8; http://mj12bot.com/)" "pattifamily.net"
65.109.63.253 - - [20/Oct/2022:12:17:32 -0700] "GET /pictures/2008_03_27/?C=S;O=A HTTP/1.1" 200 386 "-" "Mozilla/5.0 (compatible; MJ12bot/v1.4.8; http://mj12bot.com/)" "pattifamily.net"
65.109.63.253 - - [20/Oct/2022:12:17:35 -0700] "GET /pictures/2008_04_22/?C=D;O=A HTTP/1.1" 200 562 "-" "Mozilla/5.0 (compatible; MJ12bot/v1.4.8; http://mj12bot.com/)" "pattifamily.net"
65.109.63.253 - - [20/Oct/2022:12:17:40 -0700] "GET /pictures/2008_04_22/?C=M;O=A HTTP/1.1" 200 567 "-" "Mozilla/5.0 (compatible; MJ12bot/v1.4.8; http://mj12bot.com/)" "pattifamily.net"
114.119.154.14 - - [20/Oct/2022:12:19:52 -0700] "GET /1977/Patti/ HTTP/1.1" 200 2134 "http://www.pattifamily.net/1977/?C=N%3BO%3DD" "Mozilla/5.0 (Linux; Android 7.0;) AppleWebKit/537.36 (KHTML, like Gecko) Mobile Safari/537.36 (compatible; PetalBot;+https://webmaster.petalsearch.com/site/petalbot)" "www.pattifamily.net"
114.119.154.13 - - [20/Oct/2022:12:25:56 -0700] "GET /1996/?C=D%3BO%3DA HTTP/1.1" 200 374 "http://pattifamily.net/1996/?C=S%3BO%3DA" "Mozilla/5.0 (Linux; Android 7.0;) AppleWebKit/537.36 (KHTML, like Gecko) Mobile Safari/537.36 (compatible; PetalBot;+https://webmaster.petalsearch.com/site/petalbot)" "pattifamily.net"
54.36.148.113 - - [20/Oct/2022:12:26:45 -0700] "GET /robots.txt HTTP/1.1" 404 88 "-" "Mozilla/5.0 (compatible; AhrefsBot/7.0; +http://ahrefs.com/robot/)" "pattifamily.net"
51.222.253.20 - - [20/Oct/2022:12:26:46 -0700] "GET /pictures/2006_02_26/?C=S;O=D HTTP/1.1" 200 410 "-" "Mozilla/5.0 (compatible; AhrefsBot/7.0; +http://ahrefs.com/robot/)" "pattifamily.net"
114.119.154.124 - - [20/Oct/2022:12:32:00 -0700] "GET /1996/Patti/January311996/?C=M%3BO%3DA HTTP/1.1" 200 1388 "http://pattifamily.net/1996/Patti/January311996/?C=D%3BO%3DA" "Mozilla/5.0 (Linux; Android 7.0;) AppleWebKit/537.36 (KHTML, like Gecko) Mobile Safari/537.36 (compatible; PetalBot;+https://webmaster.petalsearch.com/site/petalbot)" "pattifamily.net"
51.222.253.5 - - [20/Oct/2022:12:33:15 -0700] "GET /pictures/2006_02_26/?C=D;O=D HTTP/1.1" 200 410 "-" "Mozilla/5.0 (compatible; AhrefsBot/7.0; +http://ahrefs.com/robot/)" "pattifamily.net"
114.119.154.14 - - [20/Oct/2022:12:37:50 -0700] "GET /2004/?C=N%3BO%3DD HTTP/1.1" 200 350 "http://www.pattifamily.net/2004/" "Mozilla/5.0 (Linux; Android 7.0;) AppleWebKit/537.36 (KHTML, like Gecko) Mobile Safari/537.36 (compatible; PetalBot;+https://webmaster.petalsearch.com/site/petalbot)" "www.pattifamily.net"
51.222.253.15 - - [20/Oct/2022:12:38:44 -0700] "GET /pictures/2006_04_12/?C=D;O=A HTTP/1.1" 200 496 "-" "Mozilla/5.0 (compatible; AhrefsBot/7.0; +http://ahrefs.com/robot/)" "pattifamily.net"
114.119.154.115 - - [20/Oct/2022:12:43:53 -0700] "GET /1979/?C=D%3BO%3DA HTTP/1.1" 200 378 "https://pattifamily.net/1979/?C=N%3BO%3DD" "Mozilla/5.0 (Linux; Android 7.0;) AppleWebKit/537.36 (KHTML, like Gecko) Mobile Safari/537.36 (compatible; PetalBot;+https://webmaster.petalsearch.com/site/petalbot)" "pattifamily.net"
51.222.253.5 - - [20/Oct/2022:12:45:01 -0700] "GET /1997/Lubold/?C=N;O=A HTTP/1.1" 200 457 "-" "Mozilla/5.0 (compatible; AhrefsBot/7.0; +http://ahrefs.com/robot/)" "pattifamily.net"
114.119.154.124 - - [20/Oct/2022:12:49:53 -0700] "GET /1986/?C=S%3BO%3DA HTTP/1.1" 200 353 "http://www.pattifamily.net/1986/?C=M%3BO%3DA" "Mozilla/5.0 (Linux; Android 7.0;) AppleWebKit/537.36 (KHTML, like Gecko) Mobile Safari/537.36 (compatible; PetalBot;+https://webmaster.petalsearch.com/site/petalbot)" "www.pattifamily.net"
51.222.253.5 - - [20/Oct/2022:12:51:42 -0700] "GET /robots.txt HTTP/1.1" 404 88 "-" "Mozilla/5.0 (compatible; AhrefsBot/7.0; +http://ahrefs.com/robot/)" "pattifamily.net"
51.222.253.19 - - [20/Oct/2022:12:51:43 -0700] "GET /january2005.htm HTTP/1.1" 200 830 "-" "Mozilla/5.0 (compatible; AhrefsBot/7.0; +http://ahrefs.com/robot/)" "pattifamily.net"
114.119.154.13 - - [20/Oct/2022:12:55:55 -0700] "GET /1971/Patti/?C=D%3BO%3DA HTTP/1.1" 200 3250 "https://pattifamily.net/1971/Patti/?C=M%3BO%3DA" "Mozilla/5.0 (Linux; Android 7.0;) AppleWebKit/537.36 (KHTML, like Gecko) Mobile Safari/537.36 (compatible; PetalBot;+https://webmaster.petalsearch.com/site/petalbot)" "pattifamily.net"
51.222.253.2 - - [20/Oct/2022:12:58:51 -0700] "GET /pictures/2006_06_04/?C=D;O=A HTTP/1.1" 200 411 "-" "Mozilla/5.0 (compatible; AhrefsBot/7.0; +http://ahrefs.com/robot/)" "pattifamily.net"
114.119.154.155 - - [20/Oct/2022:13:01:51 -0700] "GET /2003/?C=M%3BO%3DA HTTP/1.1" 200 351 "https://pattifamily.net/2003/?C=S%3BO%3DA" "Mozilla/5.0 (Linux; Android 7.0;) AppleWebKit/537.36 (KHTML, like Gecko) Mobile Safari/537.36 (compatible; PetalBot;+https://webmaster.petalsearch.com/site/petalbot)" "pattifamily.net"
51.222.253.15 - - [20/Oct/2022:13:06:27 -0700] "GET /pictures/2005_11_18/?C=D;O=D HTTP/1.1" 200 403 "-" "Mozilla/5.0 (compatible; AhrefsBot/7.0; +http://ahrefs.com/robot/)" "pattifamily.net"
114.119.154.115 - - [20/Oct/2022:13:07:50 -0700] "GET /2004/Patti/December2004/?C=N%3BO%3DD HTTP/1.1" 200 913 "http://www.pattifamily.net/2004/Patti/December2004/" "Mozilla/5.0 (Linux; Android 7.0;) AppleWebKit/537.36 (KHTML, like Gecko) Mobile Safari/537.36 (compatible; PetalBot;+https://webmaster.petalsearch.com/site/petalbot)" "www.pattifamily.net"
114.119.154.155 - - [20/Oct/2022:13:13:47 -0700] "GET /familytree/lubold3.html HTTP/1.1" 200 807 "http://www.pattifamily.net/familytree/?C=S%3BO%3DA" "Mozilla/5.0 (Linux; Android 7.0;) AppleWebKit/537.36 (KHTML, like Gecko) Mobile Safari/537.36 (compatible; PetalBot;+https://webmaster.petalsearch.com/site/petalbot)" "www.pattifamily.net"
51.222.253.20 - - [20/Oct/2022:13:14:28 -0700] "GET /april2005.htm HTTP/1.1" 200 812 "-" "Mozilla/5.0 (compatible; AhrefsBot/7.0; +http://ahrefs.com/robot/)" "pattifamily.net"
114.119.154.161 - - [20/Oct/2022:13:19:44 -0700] "GET /September2005.htm HTTP/1.1" 200 832 "http://pattifamily.net/October2005.htm" "Mozilla/5.0 (Linux; Android 7.0;) AppleWebKit/537.36 (KHTML, like Gecko) Mobile Safari/537.36 (compatible; PetalBot;+https://webmaster.petalsearch.com/site/petalbot)" "pattifamily.net"
51.222.253.5 - - [20/Oct/2022:13:22:41 -0700] "GET /robots.txt HTTP/1.1" 404 88 "-" "Mozilla/5.0 (compatible; AhrefsBot/7.0; +http://ahrefs.com/robot/)" "www.pattifamily.net"
51.222.253.3 - - [20/Oct/2022:13:22:43 -0700] "GET /pictures/2006_03_01/?C=S;O=A HTTP/1.1" 200 406 "-" "Mozilla/5.0 (compatible; AhrefsBot/7.0; +http://ahrefs.com/robot/)" "www.pattifamily.net"
114.119.154.115 - - [20/Oct/2022:13:25:42 -0700] "GET /1990/ HTTP/1.1" 200 371 "https://pattifamily.net/?C=M%3BO%3DA" "Mozilla/5.0 (Linux; Android 7.0;) AppleWebKit/537.36 (KHTML, like Gecko) Mobile Safari/537.36 (compatible; PetalBot;+https://webmaster.petalsearch.com/site/petalbot)" "pattifamily.net"
51.222.253.9 - - [20/Oct/2022:13:30:52 -0700] "GET /pictures/2005_09_16/?C=N;O=D HTTP/1.1" 200 400 "-" "Mozilla/5.0 (compatible; AhrefsBot/7.0; +http://ahrefs.com/robot/)" "www.pattifamily.net"
114.119.154.124 - - [20/Oct/2022:13:31:36 -0700] "GET /2004/Patti/ HTTP/1.1" 200 389 "https://pattifamily.net/2004/Patti/December2004/?C=M%3BO%3DA" "Mozilla/5.0 (Linux; Android 7.0;) AppleWebKit/537.36 (KHTML, like Gecko) Mobile Safari/537.36 (compatible; PetalBot;+https://webmaster.petalsearch.com/site/petalbot)" "pattifamily.net"
51.222.253.17 - - [20/Oct/2022:13:37:28 -0700] "GET / HTTP/1.1" 200 2014 "-" "Mozilla/5.0 (compatible; AhrefsBot/7.0; +http://ahrefs.com/robot/)" "pattifamily.net"
114.119.154.135 - - [20/Oct/2022:13:37:41 -0700] "GET /1985/?C=M%3BO%3DA HTTP/1.1" 200 352 "http://www.pattifamily.net/1985/?C=N%3BO%3DD" "Mozilla/5.0 (Linux; Android 7.0;) AppleWebKit/537.36 (KHTML, like Gecko) Mobile Safari/537.36 (compatible; PetalBot;+https://webmaster.petalsearch.com/site/petalbot)" "www.pattifamily.net"
51.222.253.2 - - [20/Oct/2022:13:43:19 -0700] "GET /1997/Lubold/?C=M;O=A HTTP/1.1" 200 457 "-" "Mozilla/5.0 (compatible; AhrefsBot/7.0; +http://ahrefs.com/robot/)" "pattifamily.net"
114.119.154.155 - - [20/Oct/2022:13:43:41 -0700] "GET /1984/?C=S%3BO%3DA HTTP/1.1" 200 378 "http://www.pattifamily.net/1984/" "Mozilla/5.0 (Linux; Android 7.0;) AppleWebKit/537.36 (KHTML, like Gecko) Mobile Safari/537.36 (compatible; PetalBot;+https://webmaster.petalsearch.com/site/petalbot)" "www.pattifamily.net"
114.119.154.124 - - [20/Oct/2022:13:49:43 -0700] "GET /1993/Patti/September111993/?C=D%3BO%3DA HTTP/1.1" 200 1832 "http://www.pattifamily.net/1993/Patti/September111993/?C=M%3BO%3DA" "Mozilla/5.0 (Linux; Android 7.0;) AppleWebKit/537.36 (KHTML, like Gecko) Mobile Safari/537.36 (compatible; PetalBot;+https://webmaster.petalsearch.com/site/petalbot)" "www.pattifamily.net"
51.222.253.10 - - [20/Oct/2022:13:50:08 -0700] "GET /pictures/2006_06_04/?C=S;O=A HTTP/1.1" 200 411 "-" "Mozilla/5.0 (compatible; AhrefsBot/7.0; +http://ahrefs.com/robot/)" "pattifamily.net"
114.119.154.135 - - [20/Oct/2022:13:55:42 -0700] "GET /1973/Patti/?C=N%3BO%3DD HTTP/1.1" 200 3560 "https://pattifamily.net/1973/Patti/" "Mozilla/5.0 (Linux; Android 7.0;) AppleWebKit/537.36 (KHTML, like Gecko) Mobile Safari/537.36 (compatible; PetalBot;+https://webmaster.petalsearch.com/site/petalbot)" "pattifamily.net"
51.222.253.17 - - [20/Oct/2022:13:57:34 -0700] "GET /pictures/2005_10_10/?C=N;O=A HTTP/1.1" 200 426 "-" "Mozilla/5.0 (compatible; AhrefsBot/7.0; +http://ahrefs.com/robot/)" "pattifamily.net"
114.119.154.155 - - [20/Oct/2022:14:01:44 -0700] "GET /2004/Patti/November2004/?C=M%3BO%3DA HTTP/1.1" 200 803 "https://pattifamily.net/2004/Patti/November2004/?C=D%3BO%3DA" "Mozilla/5.0 (Linux; Android 7.0;) AppleWebKit/537.36 (KHTML, like Gecko) Mobile Safari/537.36 (compatible; PetalBot;+https://webmaster.petalsearch.com/site/petalbot)" "pattifamily.net"
51.222.253.12 - - [20/Oct/2022:14:05:27 -0700] "GET /pictures/2005_06_03/?C=M;O=A HTTP/1.1" 200 404 "-" "Mozilla/5.0 (compatible; AhrefsBot/7.0; +http://ahrefs.com/robot/)" "pattifamily.net"
137.226.113.44 - - [20/Oct/2022:14:06:19 -0700] "GET / HTTP/1.1" 200 2014 "-" "Mozilla/5.0 zgrab/0.x (compatible; Researchscan/http; +http://researchscan.comsys.rwth-aachen.de)" "www.pattifamily.net"
114.119.154.124 - - [20/Oct/2022:14:07:42 -0700] "GET /1981/Lubold/?C=D%3BO%3DA HTTP/1.1" 200 6238 "http://www.pattifamily.net/1981/Lubold/?C=S%3BO%3DA" "Mozilla/5.0 (Linux; Android 7.0;) AppleWebKit/537.36 (KHTML, like Gecko) Mobile Safari/537.36 (compatible; PetalBot;+https://webmaster.petalsearch.com/site/petalbot)" "www.pattifamily.net"
51.222.253.9 - - [20/Oct/2022:14:12:29 -0700] "GET /pictures/2005_12_03/?C=D;O=D HTTP/1.1" 200 433 "-" "Mozilla/5.0 (compatible; AhrefsBot/7.0; +http://ahrefs.com/robot/)" "pattifamily.net"
114.119.136.113 - - [20/Oct/2022:14:13:01 -0700] "GET /robots.txt HTTP/1.1" 404 88 "-" "Mozilla/5.0 (compatible;PetalBot;+https://webmaster.petalsearch.com/site/petalbot)" "pattifamily.net"
114.119.154.161 - - [20/Oct/2022:14:13:52 -0700] "GET /1992/Lubold/?C=M%3BO%3DA HTTP/1.1" 200 3934 "http://www.pattifamily.net/1992/Lubold/" "Mozilla/5.0 (Linux; Android 7.0;) AppleWebKit/537.36 (KHTML, like Gecko) Mobile Safari/537.36 (compatible; PetalBot;+https://webmaster.petalsearch.com/site/petalbot)" "www.pattifamily.net"
51.222.253.2 - - [20/Oct/2022:14:19:15 -0700] "GET /pictures/2005_12_03/?C=M;O=D HTTP/1.1" 200 433 "-" "Mozilla/5.0 (compatible; AhrefsBot/7.0; +http://ahrefs.com/robot/)" "pattifamily.net"
114.119.154.115 - - [20/Oct/2022:14:19:52 -0700] "GET /1997/?C=D%3BO%3DA HTTP/1.1" 200 375 "http://www.pattifamily.net/1997/?C=M%3BO%3DA" "Mozilla/5.0 (Linux; Android 7.0;) AppleWebKit/537.36 (KHTML, like Gecko) Mobile Safari/537.36 (compatible; PetalBot;+https://webmaster.petalsearch.com/site/petalbot)" "www.pattifamily.net"
114.119.154.14 - - [20/Oct/2022:14:25:54 -0700] "GET /february2005.htm HTTP/1.1" 200 809 "https://pattifamily.net/?C=M%3BO%3DA" "Mozilla/5.0 (Linux; Android 7.0;) AppleWebKit/537.36 (KHTML, like Gecko) Mobile Safari/537.36 (compatible; PetalBot;+https://webmaster.petalsearch.com/site/petalbot)" "pattifamily.net"
51.222.253.15 - - [20/Oct/2022:14:26:15 -0700] "GET /pictures/2005_01_13/ HTTP/1.1" 200 474 "-" "Mozilla/5.0 (compatible; AhrefsBot/7.0; +http://ahrefs.com/robot/)" "pattifamily.net"
114.119.137.54 - - [20/Oct/2022:14:28:05 -0700] "GET /?C=N%3BO%3DD HTTP/1.1" 200 2014 "https://pattifamily.net" "Mozilla/5.0 (Linux; Android 7.0;) AppleWebKit/537.36 (KHTML, like Gecko) Mobile Safari/537.36 (compatible; PetalBot;+https://webmaster.petalsearch.com/site/petalbot)" "pattifamily.net"
114.119.149.171 - - [20/Oct/2022:14:31:16 -0700] "GET /robots.txt HTTP/1.1" 404 88 "-" "Mozilla/5.0 (compatible;PetalBot;+https://webmaster.petalsearch.com/site/petalbot)" "www.pattifamily.net"
114.119.154.13 - - [20/Oct/2022:14:31:48 -0700] "GET /1989/?C=M%3BO%3DA HTTP/1.1" 200 378 "http://www.pattifamily.net/1989/" "Mozilla/5.0 (Linux; Android 7.0;) AppleWebKit/537.36 (KHTML, like Gecko) Mobile Safari/537.36 (compatible; PetalBot;+https://webmaster.petalsearch.com/site/petalbot)" "www.pattifamily.net"
51.222.253.20 - - [20/Oct/2022:14:33:04 -0700] "GET /pictures/2005_01_02/?C=N;O=D HTTP/1.1" 200 429 "-" "Mozilla/5.0 (compatible; AhrefsBot/7.0; +http://ahrefs.com/robot/)" "pattifamily.net"
114.119.154.161 - - [20/Oct/2022:14:37:44 -0700] "GET /1989/Lubold/?C=N%3BO%3DD HTTP/1.1" 200 2249 "http://www.pattifamily.net/1989/Lubold/?C=S%3BO%3DA" "Mozilla/5.0 (Linux; Android 7.0;) AppleWebKit/537.36 (KHTML, like Gecko) Mobile Safari/537.36 (compatible; PetalBot;+https://webmaster.petalsearch.com/site/petalbot)" "www.pattifamily.net"
114.119.154.13 - - [20/Oct/2022:14:43:44 -0700] "GET /1993/Patti/June11993/?C=N%3BO%3DD HTTP/1.1" 200 1647 "http://www.pattifamily.net/1993/Patti/June11993/" "Mozilla/5.0 (Linux; Android 7.0;) AppleWebKit/537.36 (KHTML, like Gecko) Mobile Safari/537.36 (compatible; PetalBot;+https://webmaster.petalsearch.com/site/petalbot)" "www.pattifamily.net"
51.222.253.3 - - [20/Oct/2022:14:46:31 -0700] "GET /pictures/2005_02_26/?C=S;O=D HTTP/1.1" 200 408 "-" "Mozilla/5.0 (compatible; AhrefsBot/7.0; +http://ahrefs.com/robot/)" "pattifamily.net"
114.119.154.135 - - [20/Oct/2022:14:49:45 -0700] "GET /1982/?C=M%3BO%3DA HTTP/1.1" 200 352 "http://www.pattifamily.net/1982/" "Mozilla/5.0 (Linux; Android 7.0;) AppleWebKit/537.36 (KHTML, like Gecko) Mobile Safari/537.36 (compatible; PetalBot;+https://webmaster.petalsearch.com/site/petalbot)" "www.pattifamily.net"
207.46.13.95 - - [20/Oct/2022:14:50:48 -0700] "GET /pictures/2005_03_21/ HTTP/1.1" 200 513 "-" "Mozilla/5.0 (compatible; bingbot/2.0; +http://www.bing.com/bingbot.htm)" "pattifamily.net"
51.222.253.8 - - [20/Oct/2022:14:53:02 -0700] "GET /pictures/2005_04_17/ HTTP/1.1" 200 583 "-" "Mozilla/5.0 (compatible; AhrefsBot/7.0; +http://ahrefs.com/robot/)" "pattifamily.net"
114.119.154.124 - - [20/Oct/2022:14:55:46 -0700] "GET /1994/Patti/May161994/ HTTP/1.1" 200 1027 "http://www.pattifamily.net/1994/Patti/?C=S%3BO%3DA" "Mozilla/5.0 (Linux; Android 7.0;) AppleWebKit/537.36 (KHTML, like Gecko) Mobile Safari/537.36 (compatible; PetalBot;+https://webmaster.petalsearch.com/site/petalbot)" "www.pattifamily.net"
51.222.253.4 - - [20/Oct/2022:14:57:45 -0700] "GET /pictures/2005_01_13/?C=D;O=A HTTP/1.1" 200 474 "-" "Mozilla/5.0 (compatible; AhrefsBot/7.0; +http://ahrefs.com/robot/)" "pattifamily.net"
114.119.154.14 - - [20/Oct/2022:15:01:47 -0700] "GET /2000/Lubold/?C=M%3BO%3DA HTTP/1.1" 200 2498 "https://pattifamily.net/2000/Lubold/?C=N%3BO%3DD" "Mozilla/5.0 (Linux; Android 7.0;) AppleWebKit/537.36 (KHTML, like Gecko) Mobile Safari/537.36 (compatible; PetalBot;+https://webmaster.petalsearch.com/site/petalbot)" "pattifamily.net"
51.222.253.6 - - [20/Oct/2022:15:02:21 -0700] "GET /may2005.htm HTTP/1.1" 200 828 "-" "Mozilla/5.0 (compatible; AhrefsBot/7.0; +http://ahrefs.com/robot/)" "pattifamily.net"
51.222.253.8 - - [20/Oct/2022:15:02:23 -0700] "GET /pictures/2005/May/images.jpg HTTP/1.1" 200 3163 "-" "Mozilla/5.0 (compatible; AhrefsBot/7.0; +http://ahrefs.com/robot/)" "pattifamily.net"
51.222.253.16 - - [20/Oct/2022:15:02:24 -0700] "GET /pictures/leftarrow.gif HTTP/1.1" 200 2112 "-" "Mozilla/5.0 (compatible; AhrefsBot/7.0; +http://ahrefs.com/robot/)" "pattifamily.net"
51.222.253.12 - - [20/Oct/2022:15:06:24 -0700] "GET /pictures/2006_06_10/?C=M;O=D HTTP/1.1" 200 424 "-" "Mozilla/5.0 (compatible; AhrefsBot/7.0; +http://ahrefs.com/robot/)" "pattifamily.net"
114.119.154.135 - - [20/Oct/2022:15:07:50 -0700] "GET /patti/?C=M%3BO%3DA HTTP/1.1" 200 354 "https://pattifamily.net/patti/" "Mozilla/5.0 (Linux; Android 7.0;) AppleWebKit/537.36 (KHTML, like Gecko) Mobile Safari/537.36 (compatible; PetalBot;+https://webmaster.petalsearch.com/site/petalbot)" "pattifamily.net"
51.222.253.12 - - [20/Oct/2022:15:10:22 -0700] "GET /pictures/2004_10_29/?C=D;O=A HTTP/1.1" 200 416 "-" "Mozilla/5.0 (compatible; AhrefsBot/7.0; +http://ahrefs.com/robot/)" "pattifamily.net"
114.119.154.135 - - [20/Oct/2022:15:13:49 -0700] "GET /2003/Patti/ HTTP/1.1" 200 1621 "https://pattifamily.net/2003/?C=S%3BO%3DA" "Mozilla/5.0 (Linux; Android 7.0;) AppleWebKit/537.36 (KHTML, like Gecko) Mobile Safari/537.36 (compatible; PetalBot;+https://webmaster.petalsearch.com/site/petalbot)" "pattifamily.net"
51.222.253.17 - - [20/Oct/2022:15:15:08 -0700] "GET /pictures/2005_06_03/?C=N;O=A HTTP/1.1" 200 404 "-" "Mozilla/5.0 (compatible; AhrefsBot/7.0; +http://ahrefs.com/robot/)" "pattifamily.net"
114.119.154.124 - - [20/Oct/2022:15:19:46 -0700] "GET /november2004.htm HTTP/1.1" 200 791 "http://www.pattifamily.net/october2004.htm" "Mozilla/5.0 (Linux; Android 7.0;) AppleWebKit/537.36 (KHTML, like Gecko) Mobile Safari/537.36 (compatible; PetalBot;+https://webmaster.petalsearch.com/site/petalbot)" "www.pattifamily.net"
51.222.253.3 - - [20/Oct/2022:15:19:56 -0700] "GET /pictures/2005_11_21/?C=M;O=A HTTP/1.1" 200 416 "-" "Mozilla/5.0 (compatible; AhrefsBot/7.0; +http://ahrefs.com/robot/)" "www.pattifamily.net"
51.222.253.14 - - [20/Oct/2022:15:25:16 -0700] "GET /pictures/2005_11_21/?C=S;O=A HTTP/1.1" 200 416 "-" "Mozilla/5.0 (compatible; AhrefsBot/7.0; +http://ahrefs.com/robot/)" "www.pattifamily.net"
114.119.154.115 - - [20/Oct/2022:15:25:39 -0700] "GET /1998/Patti/?C=S%3BO%3DA HTTP/1.1" 200 2298 "http://pattifamily.net/1998/Patti/?C=M%3BO%3DA" "Mozilla/5.0 (Linux; Android 7.0;) AppleWebKit/537.36 (KHTML, like Gecko) Mobile Safari/537.36 (compatible; PetalBot;+https://webmaster.petalsearch.com/site/petalbot)" "pattifamily.net"
51.222.253.12 - - [20/Oct/2022:15:30:11 -0700] "GET /pictures/2005_11_21/?C=D;O=A HTTP/1.1" 200 416 "-" "Mozilla/5.0 (compatible; AhrefsBot/7.0; +http://ahrefs.com/robot/)" "www.pattifamily.net"
114.119.154.124 - - [20/Oct/2022:15:31:23 -0700] "GET /1982/?C=D%3BO%3DA HTTP/1.1" 200 352 "http://www.pattifamily.net/1982/" "Mozilla/5.0 (Linux; Android 7.0;) AppleWebKit/537.36 (KHTML, like Gecko) Mobile Safari/537.36 (compatible; PetalBot;+https://webmaster.petalsearch.com/site/petalbot)" "www.pattifamily.net"
51.222.253.13 - - [20/Oct/2022:15:34:59 -0700] "GET /pictures/2005_01_02/ HTTP/1.1" 200 432 "-" "Mozilla/5.0 (compatible; AhrefsBot/7.0; +http://ahrefs.com/robot/)" "pattifamily.net"
114.119.154.161 - - [20/Oct/2022:15:36:51 -0700] "GET /unknown/Lubold/Ballet/016_160x106.jpg HTTP/1.1" 200 4283 "https://pattifamily.net/luboldunknown1.html" "Mozilla/5.0 (Linux; Android 7.0;) AppleWebKit/537.36 (KHTML, like Gecko) Mobile Safari/537.36 (compatible; PetalBot;+https://webmaster.petalsearch.com/site/petalbot)" "pattifamily.net"
51.222.253.12 - - [20/Oct/2022:15:39:18 -0700] "GET /pictures/2005_04_02/?C=S;O=A HTTP/1.1" 200 459 "-" "Mozilla/5.0 (compatible; AhrefsBot/7.0; +http://ahrefs.com/robot/)" "pattifamily.net"
114.119.154.115 - - [20/Oct/2022:15:42:17 -0700] "GET /1993/Lubold/ HTTP/1.1" 200 1762 "https://pattifamily.net/1993/?C=N%3BO%3DD" "Mozilla/5.0 (Linux; Android 7.0;) AppleWebKit/537.36 (KHTML, like Gecko) Mobile Safari/537.36 (compatible; PetalBot;+https://webmaster.petalsearch.com/site/petalbot)" "pattifamily.net"
51.222.253.16 - - [20/Oct/2022:15:43:23 -0700] "GET /pictures/2005_04_02/?C=M;O=A HTTP/1.1" 200 458 "-" "Mozilla/5.0 (compatible; AhrefsBot/7.0; +http://ahrefs.com/robot/)" "pattifamily.net"
114.119.154.13 - - [20/Oct/2022:15:47:44 -0700] "GET /bowling/videos/simpleScore?C=S%3BO%3DA HTTP/1.1" 301 1432 "http://pattifamily.net/bowling/videos/simpleScore" "Mozilla/5.0 (Linux; Android 7.0;) AppleWebKit/537.36 (KHTML, like Gecko) Mobile Safari/537.36 (compatible; PetalBot;+https://webmaster.petalsearch.com/site/petalbot)" "pattifamily.net"
114.119.154.13 - - [20/Oct/2022:15:47:44 -0700] "GET /bowling/videos/simpleScore/?C=S%3BO%3DA HTTP/1.1" 200 403 "http://pattifamily.net/bowling/videos/simpleScore" "Mozilla/5.0 (Linux; Android 7.0;) AppleWebKit/537.36 (KHTML, like Gecko) Mobile Safari/537.36 (compatible; PetalBot;+https://webmaster.petalsearch.com/site/petalbot)" "pattifamily.net"
51.222.253.6 - - [20/Oct/2022:15:47:58 -0700] "GET /pictures/2005_12_27/?C=M;O=D HTTP/1.1" 200 638 "-" "Mozilla/5.0 (compatible; AhrefsBot/7.0; +http://ahrefs.com/robot/)" "www.pattifamily.net"
51.222.253.8 - - [20/Oct/2022:15:53:04 -0700] "GET /pictures/2005_12_27/?C=S;O=D HTTP/1.1" 200 647 "-" "Mozilla/5.0 (compatible; AhrefsBot/7.0; +http://ahrefs.com/robot/)" "www.pattifamily.net"
114.119.154.13 - - [20/Oct/2022:15:53:11 -0700] "GET /2002/?C=S%3BO%3DA HTTP/1.1" 200 350 "https://pattifamily.net/2002/?C=D%3BO%3DA" "Mozilla/5.0 (Linux; Android 7.0;) AppleWebKit/537.36 (KHTML, like Gecko) Mobile Safari/537.36 (compatible; PetalBot;+https://webmaster.petalsearch.com/site/petalbot)" "pattifamily.net"
51.222.253.8 - - [20/Oct/2022:15:58:08 -0700] "GET /pictures/2005_04_02/?C=D;O=A HTTP/1.1" 200 458 "-" "Mozilla/5.0 (compatible; AhrefsBot/7.0; +http://ahrefs.com/robot/)" "pattifamily.net"
114.119.154.161 - - [20/Oct/2022:15:58:33 -0700] "GET /1993/Patti/June11993/?C=D%3BO%3DA HTTP/1.1" 200 1647 "http://www.pattifamily.net/1993/Patti/June11993/" "Mozilla/5.0 (Linux; Android 7.0;) AppleWebKit/537.36 (KHTML, like Gecko) Mobile Safari/537.36 (compatible; PetalBot;+https://webmaster.petalsearch.com/site/petalbot)" "www.pattifamily.net"
51.222.253.5 - - [20/Oct/2022:16:02:45 -0700] "GET /pictures/2005_02_22/?C=S;O=A HTTP/1.1" 200 505 "-" "Mozilla/5.0 (compatible; AhrefsBot/7.0; +http://ahrefs.com/robot/)" "pattifamily.net"
114.119.154.115 - - [20/Oct/2022:16:04:01 -0700] "GET /2003/?C=D%3BO%3DA HTTP/1.1" 200 351 "https://pattifamily.net/2003/?C=S%3BO%3DA" "Mozilla/5.0 (Linux; Android 7.0;) AppleWebKit/537.36 (KHTML, like Gecko) Mobile Safari/537.36 (compatible; PetalBot;+https://webmaster.petalsearch.com/site/petalbot)" "pattifamily.net"
77.88.5.39 - - [20/Oct/2022:16:04:38 -0700] "GET /robots.txt HTTP/1.1" 404 73 "-" "Mozilla/5.0 (compatible; YandexBot/3.0; +http://yandex.com/bots)" "www.pattifamily.net"
93.158.161.76 - - [20/Oct/2022:16:04:39 -0700] "GET /robots.txt HTTP/1.1" 404 73 "-" "Mozilla/5.0 (compatible; YandexBot/3.0; +http://yandex.com/bots)" "www.pattifamily.net"
93.158.161.40 - - [20/Oct/2022:16:04:44 -0700] "GET / HTTP/1.1" 200 2014 "-" "Mozilla/5.0 (compatible; YandexBot/3.0; +http://yandex.com/bots)" "www.pattifamily.net"
77.88.5.233 - - [20/Oct/2022:16:04:46 -0700] "GET / HTTP/1.1" 200 2014 "-" "Mozilla/5.0 (compatible; YandexBot/3.0; +http://yandex.com/bots)" "www.pattifamily.net"
77.88.5.233 - - [20/Oct/2022:16:04:56 -0700] "GET /robots.txt HTTP/1.1" 404 73 "-" "Mozilla/5.0 (compatible; YandexBot/3.0; +http://yandex.com/bots)" "pattifamily.net"
77.88.5.46 - - [20/Oct/2022:16:05:00 -0700] "GET / HTTP/1.1" 200 2014 "-" "Mozilla/5.0 (compatible; YandexBot/3.0; +http://yandex.com/bots)" "pattifamily.net"
77.88.5.168 - - [20/Oct/2022:16:05:07 -0700] "GET /robots.txt HTTP/1.1" 404 73 "-" "Mozilla/5.0 (compatible; YandexBot/3.0; +http://yandex.com/bots)" "pattifamily.net"
93.158.161.2 - - [20/Oct/2022:16:05:11 -0700] "GET / HTTP/1.1" 200 2014 "-" "Mozilla/5.0 (compatible; YandexBot/3.0; +http://yandex.com/bots)" "pattifamily.net"
51.222.253.6 - - [20/Oct/2022:16:07:28 -0700] "GET /pictures/2005_02_22/?C=D;O=A HTTP/1.1" 200 507 "-" "Mozilla/5.0 (compatible; AhrefsBot/7.0; +http://ahrefs.com/robot/)" "pattifamily.net"
114.119.154.135 - - [20/Oct/2022:16:09:27 -0700] "GET /murray/slides/unknown/ HTTP/1.1" 200 1676 "http://pattifamily.net/murray/slides/" "Mozilla/5.0 (Linux; Android 7.0;) AppleWebKit/537.36 (KHTML, like Gecko) Mobile Safari/537.36 (compatible; PetalBot;+https://webmaster.petalsearch.com/site/petalbot)" "pattifamily.net"
66.249.66.137 - - [20/Oct/2022:16:09:54 -0700] "GET /robots.txt HTTP/1.1" 404 88 "-" "Mozilla/5.0 (compatible; Googlebot/2.1; +http://www.google.com/bot.html)" "pattifamily.net"
51.222.253.4 - - [20/Oct/2022:16:12:29 -0700] "GET /pictures/2005_05_13/?C=M;O=A HTTP/1.1" 200 384 "-" "Mozilla/5.0 (compatible; AhrefsBot/7.0; +http://ahrefs.com/robot/)" "pattifamily.net"
114.119.154.155 - - [20/Oct/2022:16:14:51 -0700] "GET /1994/Patti/May161994/?C=N%3BO%3DD HTTP/1.1" 200 1027 "http://pattifamily.net/1994/Patti/May161994/?C=S%3BO%3DA" "Mozilla/5.0 (Linux; Android 7.0;) AppleWebKit/537.36 (KHTML, like Gecko) Mobile Safari/537.36 (compatible; PetalBot;+https://webmaster.petalsearch.com/site/petalbot)" "pattifamily.net"
51.222.253.6 - - [20/Oct/2022:16:17:28 -0700] "GET /pictures/2005_01_28/ HTTP/1.1" 200 544 "-" "Mozilla/5.0 (compatible; AhrefsBot/7.0; +http://ahrefs.com/robot/)" "pattifamily.net"
114.119.154.13 - - [20/Oct/2022:16:20:36 -0700] "GET /1992/Lubold/?C=D%3BO%3DA HTTP/1.1" 200 3934 "https://pattifamily.net/1992/Lubold/?C=M%3BO%3DA" "Mozilla/5.0 (Linux; Android 7.0;) AppleWebKit/537.36 (KHTML, like Gecko) Mobile Safari/537.36 (compatible; PetalBot;+https://webmaster.petalsearch.com/site/petalbot)" "pattifamily.net"
51.222.253.4 - - [20/Oct/2022:16:21:16 -0700] "GET /pictures/2005_05_10/ HTTP/1.1" 200 397 "-" "Mozilla/5.0 (compatible; AhrefsBot/7.0; +http://ahrefs.com/robot/)" "pattifamily.net"
51.222.253.1 - - [20/Oct/2022:16:24:33 -0700] "GET /pictures/2005_04_17/?C=D;O=A HTTP/1.1" 200 583 "-" "Mozilla/5.0 (compatible; AhrefsBot/7.0; +http://ahrefs.com/robot/)" "pattifamily.net"
114.119.154.155 - - [20/Oct/2022:16:25:45 -0700] "GET /pattiyankees.html HTTP/1.1" 200 788 "http://www.pattifamily.net/?C=S%3BO%3DA" "Mozilla/5.0 (Linux; Android 7.0;) AppleWebKit/537.36 (KHTML, like Gecko) Mobile Safari/537.36 (compatible; PetalBot;+https://webmaster.petalsearch.com/site/petalbot)" "www.pattifamily.net"
51.222.253.3 - - [20/Oct/2022:16:27:49 -0700] "GET /pictures/2005_04_17/?C=M;O=A HTTP/1.1" 200 583 "-" "Mozilla/5.0 (compatible; AhrefsBot/7.0; +http://ahrefs.com/robot/)" "pattifamily.net"
51.222.253.20 - - [20/Oct/2022:16:30:59 -0700] "GET /pictures/2005_04_17/?C=S;O=A HTTP/1.1" 200 585 "-" "Mozilla/5.0 (compatible; AhrefsBot/7.0; +http://ahrefs.com/robot/)" "pattifamily.net"
114.119.154.135 - - [20/Oct/2022:16:31:12 -0700] "GET /pattiunknown8.html HTTP/1.1" 200 1962 "https://pattifamily.net/?C=M%3BO%3DA" "Mozilla/5.0 (Linux; Android 7.0;) AppleWebKit/537.36 (KHTML, like Gecko) Mobile Safari/537.36 (compatible; PetalBot;+https://webmaster.petalsearch.com/site/petalbot)" "pattifamily.net"
77.88.5.253 - - [20/Oct/2022:16:33:26 -0700] "GET / HTTP/1.1" 200 2014 "-" "Mozilla/5.0 (compatible; YandexBot/3.0; +http://yandex.com/bots)" "pattifamily.net"
51.222.253.10 - - [20/Oct/2022:16:34:07 -0700] "GET /pictures/2005_05_06/ HTTP/1.1" 200 397 "-" "Mozilla/5.0 (compatible; AhrefsBot/7.0; +http://ahrefs.com/robot/)" "pattifamily.net"
51.222.253.8 - - [20/Oct/2022:16:37:08 -0700] "GET /pictures/2005_05_23/ HTTP/1.1" 200 431 "-" "Mozilla/5.0 (compatible; AhrefsBot/7.0; +http://ahrefs.com/robot/)" "pattifamily.net"
51.222.253.17 - - [20/Oct/2022:16:40:08 -0700] "GET /pictures/2005_05_18/ HTTP/1.1" 200 441 "-" "Mozilla/5.0 (compatible; AhrefsBot/7.0; +http://ahrefs.com/robot/)" "pattifamily.net"
51.222.253.9 - - [20/Oct/2022:16:43:16 -0700] "GET /pictures/2005_05_08/ HTTP/1.1" 200 470 "-" "Mozilla/5.0 (compatible; AhrefsBot/7.0; +http://ahrefs.com/robot/)" "pattifamily.net"
192.95.29.138 - - [20/Oct/2022:16:45:21 -0700] "GET /robots.txt HTTP/1.1" 404 73 "-" "Mozilla/5.0 (compatible; MJ12bot/v1.4.8; http://mj12bot.com/)" "pattifamily.net"
192.95.29.138 - - [20/Oct/2022:16:45:23 -0700] "GET /pictures/2011/2011_07_23/?S=A HTTP/1.1" 200 416 "-" "Mozilla/5.0 (compatible; MJ12bot/v1.4.8; http://mj12bot.com/)" "pattifamily.net"
65.109.26.42 - - [20/Oct/2022:16:45:24 -0700] "GET /robots.txt HTTP/1.1" 404 73 "-" "Mozilla/5.0 (compatible; MJ12bot/v1.4.8; http://mj12bot.com/)" "pattifamily.net"
192.95.29.138 - - [20/Oct/2022:16:45:24 -0700] "GET /pictures/2011/2011_07_23/?S=D HTTP/1.1" 200 416 "-" "Mozilla/5.0 (compatible; MJ12bot/v1.4.8; http://mj12bot.com/)" "pattifamily.net"
192.95.29.138 - - [20/Oct/2022:16:45:27 -0700] "GET /pictures/2011/2011_07_24/?C=D;O=A HTTP/1.1" 200 400 "-" "Mozilla/5.0 (compatible; MJ12bot/v1.4.8; http://mj12bot.com/)" "pattifamily.net"
65.109.26.42 - - [20/Oct/2022:16:45:28 -0700] "GET /murray/slides/1971/ HTTP/1.1" 200 326 "-" "Mozilla/5.0 (compatible; MJ12bot/v1.4.8; http://mj12bot.com/)" "pattifamily.net"
192.95.29.138 - - [20/Oct/2022:16:45:28 -0700] "GET /pictures/2011/2011_07_24/?C=M;O=A HTTP/1.1" 200 400 "-" "Mozilla/5.0 (compatible; MJ12bot/v1.4.8; http://mj12bot.com/)" "pattifamily.net"
65.109.26.42 - - [20/Oct/2022:16:45:29 -0700] "GET /pictures/2005_04_28/?C=N;O=D HTTP/1.1" 200 431 "-" "Mozilla/5.0 (compatible; MJ12bot/v1.4.8; http://mj12bot.com/)" "pattifamily.net"
192.95.29.138 - - [20/Oct/2022:16:45:30 -0700] "GET /pictures/2011/2011_07_24/?C=N;O=D HTTP/1.1" 200 401 "-" "Mozilla/5.0 (compatible; MJ12bot/v1.4.8; http://mj12bot.com/)" "pattifamily.net"
65.109.26.42 - - [20/Oct/2022:16:45:31 -0700] "GET /pictures/2005_04_30/?C=D;O=A HTTP/1.1" 200 533 "-" "Mozilla/5.0 (compatible; MJ12bot/v1.4.8; http://mj12bot.com/)" "pattifamily.net"
192.95.29.138 - - [20/Oct/2022:16:45:31 -0700] "GET /pictures/2011/2011_07_24/?C=S;O=A HTTP/1.1" 200 400 "-" "Mozilla/5.0 (compatible; MJ12bot/v1.4.8; http://mj12bot.com/)" "pattifamily.net"
192.95.29.138 - - [20/Oct/2022:16:45:33 -0700] "GET /pictures/2011/2011_07_24/?N=D HTTP/1.1" 200 400 "-" "Mozilla/5.0 (compatible; MJ12bot/v1.4.8; http://mj12bot.com/)" "pattifamily.net"
192.95.29.138 - - [20/Oct/2022:16:45:34 -0700] "GET /pictures/2011/2011_07_25/?D=D HTTP/1.1" 200 467 "-" "Mozilla/5.0 (compatible; MJ12bot/v1.4.8; http://mj12bot.com/)" "pattifamily.net"
65.109.26.42 - - [20/Oct/2022:16:45:35 -0700] "GET /pictures/2005_04_30/?C=M;O=A HTTP/1.1" 200 533 "-" "Mozilla/5.0 (compatible; MJ12bot/v1.4.8; http://mj12bot.com/)" "pattifamily.net"
192.95.29.138 - - [20/Oct/2022:16:45:36 -0700] "GET /pictures/2011/2011_07_25/?M=D HTTP/1.1" 200 467 "-" "Mozilla/5.0 (compatible; MJ12bot/v1.4.8; http://mj12bot.com/)" "pattifamily.net"
192.95.29.138 - - [20/Oct/2022:16:45:40 -0700] "GET /pictures/2011/2011_07_26/?C=D;O=A HTTP/1.1" 200 455 "-" "Mozilla/5.0 (compatible; MJ12bot/v1.4.8; http://mj12bot.com/)" "pattifamily.net"
65.109.26.42 - - [20/Oct/2022:16:45:40 -0700] "GET /pictures/2005_04_30/?C=N;O=D HTTP/1.1" 200 527 "-" "Mozilla/5.0 (compatible; MJ12bot/v1.4.8; http://mj12bot.com/)" "pattifamily.net"
192.95.29.138 - - [20/Oct/2022:16:45:42 -0700] "GET /pictures/2011/2011_07_26/?C=D;O=D HTTP/1.1" 200 452 "-" "Mozilla/5.0 (compatible; MJ12bot/v1.4.8; http://mj12bot.com/)" "pattifamily.net"
192.95.29.138 - - [20/Oct/2022:16:45:43 -0700] "GET /pictures/2011/2011_07_26/?C=M;O=A HTTP/1.1" 200 455 "-" "Mozilla/5.0 (compatible; MJ12bot/v1.4.8; http://mj12bot.com/)" "pattifamily.net"
192.95.29.138 - - [20/Oct/2022:16:45:45 -0700] "GET /pictures/2011/2011_07_26/?C=M;O=D HTTP/1.1" 200 452 "-" "Mozilla/5.0 (compatible; MJ12bot/v1.4.8; http://mj12bot.com/)" "pattifamily.net"
65.109.26.42 - - [20/Oct/2022:16:45:45 -0700] "GET /pictures/2005_04_30/?C=S;O=A HTTP/1.1" 200 531 "-" "Mozilla/5.0 (compatible; MJ12bot/v1.4.8; http://mj12bot.com/)" "pattifamily.net"
192.95.29.138 - - [20/Oct/2022:16:45:46 -0700] "GET /pictures/2011/2011_07_26/?C=N;O=D HTTP/1.1" 200 452 "-" "Mozilla/5.0 (compatible; MJ12bot/v1.4.8; http://mj12bot.com/)" "pattifamily.net"
192.95.29.138 - - [20/Oct/2022:16:45:48 -0700] "GET /pictures/2011/2011_07_26/?C=S;O=D HTTP/1.1" 200 455 "-" "Mozilla/5.0 (compatible; MJ12bot/v1.4.8; http://mj12bot.com/)" "pattifamily.net"
192.95.29.138 - - [20/Oct/2022:16:45:50 -0700] "GET /pictures/2011/2011_07_27/?N=D HTTP/1.1" 200 426 "-" "Mozilla/5.0 (compatible; MJ12bot/v1.4.8; http://mj12bot.com/)" "pattifamily.net"
65.109.26.42 - - [20/Oct/2022:16:45:51 -0700] "GET /pictures/2005_04_30/WS_FTP.LOG HTTP/1.1" 200 227 "-" "Mozilla/5.0 (compatible; MJ12bot/v1.4.8; http://mj12bot.com/)" "pattifamily.net"
192.95.29.138 - - [20/Oct/2022:16:45:52 -0700] "GET /pictures/2011/2011_07_27/?S=D HTTP/1.1" 200 426 "-" "Mozilla/5.0 (compatible; MJ12bot/v1.4.8; http://mj12bot.com/)" "pattifamily.net"
192.95.29.138 - - [20/Oct/2022:16:45:54 -0700] "GET /pictures/2011/2011_08_07/?C=D;O=A HTTP/1.1" 200 416 "-" "Mozilla/5.0 (compatible; MJ12bot/v1.4.8; http://mj12bot.com/)" "pattifamily.net"
192.95.29.138 - - [20/Oct/2022:16:45:56 -0700] "GET /pictures/2011/2011_08_07/?C=D;O=D HTTP/1.1" 200 414 "-" "Mozilla/5.0 (compatible; MJ12bot/v1.4.8; http://mj12bot.com/)" "pattifamily.net"
192.95.29.138 - - [20/Oct/2022:16:45:57 -0700] "GET /pictures/2011/2011_08_07/?C=M;O=A HTTP/1.1" 200 416 "-" "Mozilla/5.0 (compatible; MJ12bot/v1.4.8; http://mj12bot.com/)" "pattifamily.net"
65.109.26.42 - - [20/Oct/2022:16:45:58 -0700] "GET /pictures/2005_07_26/?C=D;O=A HTTP/1.1" 200 424 "-" "Mozilla/5.0 (compatible; MJ12bot/v1.4.8; http://mj12bot.com/)" "pattifamily.net"
192.95.29.138 - - [20/Oct/2022:16:45:59 -0700] "GET /pictures/2011/2011_08_07/?C=M;O=D HTTP/1.1" 200 414 "-" "Mozilla/5.0 (compatible; MJ12bot/v1.4.8; http://mj12bot.com/)" "pattifamily.net"
192.95.29.138 - - [20/Oct/2022:16:46:01 -0700] "GET /pictures/2011/2011_08_07/?C=N;O=A HTTP/1.1" 200 416 "-" "Mozilla/5.0 (compatible; MJ12bot/v1.4.8; http://mj12bot.com/)" "pattifamily.net"
192.95.29.138 - - [20/Oct/2022:16:46:03 -0700] "GET /pictures/2011/2011_08_07/?C=N;O=D HTTP/1.1" 200 414 "-" "Mozilla/5.0 (compatible; MJ12bot/v1.4.8; http://mj12bot.com/)" "pattifamily.net"
192.95.29.138 - - [20/Oct/2022:16:46:04 -0700] "GET /pictures/2011/2011_08_07/?C=S;O=A HTTP/1.1" 200 416 "-" "Mozilla/5.0 (compatible; MJ12bot/v1.4.8; http://mj12bot.com/)" "pattifamily.net"
192.95.29.138 - - [20/Oct/2022:16:46:06 -0700] "GET /pictures/2011/2011_08_07/?C=S;O=D HTTP/1.1" 200 414 "-" "Mozilla/5.0 (compatible; MJ12bot/v1.4.8; http://mj12bot.com/)" "pattifamily.net"
65.109.26.42 - - [20/Oct/2022:16:46:07 -0700] "GET /pictures/2005_10_19/?C=S;O=A HTTP/1.1" 200 572 "-" "Mozilla/5.0 (compatible; MJ12bot/v1.4.8; http://mj12bot.com/)" "pattifamily.net"
192.95.29.138 - - [20/Oct/2022:16:46:08 -0700] "GET /pictures/2011/2011_08_07/?D=A HTTP/1.1" 200 416 "-" "Mozilla/5.0 (compatible; MJ12bot/v1.4.8; http://mj12bot.com/)" "pattifamily.net"
192.95.29.138 - - [20/Oct/2022:16:46:09 -0700] "GET /pictures/2011/2011_08_07/?D=D HTTP/1.1" 200 416 "-" "Mozilla/5.0 (compatible; MJ12bot/v1.4.8; http://mj12bot.com/)" "pattifamily.net"
192.95.29.138 - - [20/Oct/2022:16:46:11 -0700] "GET /pictures/2011/2011_08_07/?M=A HTTP/1.1" 200 416 "-" "Mozilla/5.0 (compatible; MJ12bot/v1.4.8; http://mj12bot.com/)" "pattifamily.net"
192.95.29.138 - - [20/Oct/2022:16:46:13 -0700] "GET /pictures/2011/2011_08_07/?M=D HTTP/1.1" 200 416 "-" "Mozilla/5.0 (compatible; MJ12bot/v1.4.8; http://mj12bot.com/)" "pattifamily.net"
65.109.26.42 - - [20/Oct/2022:16:46:14 -0700] "GET /pictures/2005_10_22/?C=D;O=A HTTP/1.1" 200 1197 "-" "Mozilla/5.0 (compatible; MJ12bot/v1.4.8; http://mj12bot.com/)" "pattifamily.net"
192.95.29.138 - - [20/Oct/2022:16:46:14 -0700] "GET /pictures/2011/2011_08_07/?N=A HTTP/1.1" 200 416 "-" "Mozilla/5.0 (compatible; MJ12bot/v1.4.8; http://mj12bot.com/)" "pattifamily.net"
192.95.29.138 - - [20/Oct/2022:16:46:16 -0700] "GET /pictures/2011/2011_08_07/?N=D HTTP/1.1" 200 416 "-" "Mozilla/5.0 (compatible; MJ12bot/v1.4.8; http://mj12bot.com/)" "pattifamily.net"
192.95.29.138 - - [20/Oct/2022:16:46:17 -0700] "GET /pictures/2011/2011_08_07/?S=A HTTP/1.1" 200 416 "-" "Mozilla/5.0 (compatible; MJ12bot/v1.4.8; http://mj12bot.com/)" "pattifamily.net"
192.95.29.138 - - [20/Oct/2022:16:46:19 -0700] "GET /pictures/2011/2011_08_07/?S=D HTTP/1.1" 200 416 "-" "Mozilla/5.0 (compatible; MJ12bot/v1.4.8; http://mj12bot.com/)" "pattifamily.net"
192.95.29.138 - - [20/Oct/2022:16:46:22 -0700] "GET /pictures/2011/2011_08_09/?C=D;O=D HTTP/1.1" 200 405 "-" "Mozilla/5.0 (compatible; MJ12bot/v1.4.8; http://mj12bot.com/)" "pattifamily.net"
65.109.26.42 - - [20/Oct/2022:16:46:23 -0700] "GET /pictures/2005_10_22/?C=N;O=D HTTP/1.1" 200 1194 "-" "Mozilla/5.0 (compatible; MJ12bot/v1.4.8; http://mj12bot.com/)" "pattifamily.net"
192.95.29.138 - - [20/Oct/2022:16:46:24 -0700] "GET /pictures/2011/2011_08_09/?C=M;O=A HTTP/1.1" 200 406 "-" "Mozilla/5.0 (compatible; MJ12bot/v1.4.8; http://mj12bot.com/)" "pattifamily.net"
192.95.29.138 - - [20/Oct/2022:16:46:27 -0700] "GET /pictures/2011/2011_08_09/?C=M;O=D HTTP/1.1" 200 405 "-" "Mozilla/5.0 (compatible; MJ12bot/v1.4.8; http://mj12bot.com/)" "pattifamily.net"
192.95.29.138 - - [20/Oct/2022:16:46:29 -0700] "GET /pictures/2011/2011_08_09/?C=N;O=A HTTP/1.1" 200 406 "-" "Mozilla/5.0 (compatible; MJ12bot/v1.4.8; http://mj12bot.com/)" "pattifamily.net"
65.109.26.42 - - [20/Oct/2022:16:46:29 -0700] "GET /pictures/2005_10_22/?C=S;O=A HTTP/1.1" 200 1224 "-" "Mozilla/5.0 (compatible; MJ12bot/v1.4.8; http://mj12bot.com/)" "pattifamily.net"
192.95.29.138 - - [20/Oct/2022:16:46:30 -0700] "GET /pictures/2011/2011_08_09/?C=N;O=D HTTP/1.1" 200 405 "-" "Mozilla/5.0 (compatible; MJ12bot/v1.4.8; http://mj12bot.com/)" "pattifamily.net"
192.95.29.138 - - [20/Oct/2022:16:46:32 -0700] "GET /pictures/2011/2011_08_09/?C=S;O=A HTTP/1.1" 200 406 "-" "Mozilla/5.0 (compatible; MJ12bot/v1.4.8; http://mj12bot.com/)" "pattifamily.net"
192.95.29.138 - - [20/Oct/2022:16:46:34 -0700] "GET /pictures/2011/2011_08_09/?C=S;O=D HTTP/1.1" 200 405 "-" "Mozilla/5.0 (compatible; MJ12bot/v1.4.8; http://mj12bot.com/)" "pattifamily.net"
192.95.29.138 - - [20/Oct/2022:16:46:35 -0700] "GET /pictures/2011/2011_08_09/?D=A HTTP/1.1" 200 406 "-" "Mozilla/5.0 (compatible; MJ12bot/v1.4.8; http://mj12bot.com/)" "pattifamily.net"
51.222.253.12 - - [20/Oct/2022:16:46:37 -0700] "GET /pictures/2005_05_29/ HTTP/1.1" 200 480 "-" "Mozilla/5.0 (compatible; AhrefsBot/7.0; +http://ahrefs.com/robot/)" "pattifamily.net"
192.95.29.138 - - [20/Oct/2022:16:46:37 -0700] "GET /pictures/2011/2011_08_09/?D=D HTTP/1.1" 200 406 "-" "Mozilla/5.0 (compatible; MJ12bot/v1.4.8; http://mj12bot.com/)" "pattifamily.net"
192.95.29.138 - - [20/Oct/2022:16:46:39 -0700] "GET /pictures/2011/2011_08_09/?M=A HTTP/1.1" 200 406 "-" "Mozilla/5.0 (compatible; MJ12bot/v1.4.8; http://mj12bot.com/)" "pattifamily.net"
192.95.29.138 - - [20/Oct/2022:16:46:41 -0700] "GET /pictures/2011/2011_08_09/?M=D HTTP/1.1" 200 406 "-" "Mozilla/5.0 (compatible; MJ12bot/v1.4.8; http://mj12bot.com/)" "pattifamily.net"
192.95.29.138 - - [20/Oct/2022:16:46:43 -0700] "GET /pictures/2011/2011_08_09/?N=A HTTP/1.1" 200 406 "-" "Mozilla/5.0 (compatible; MJ12bot/v1.4.8; http://mj12bot.com/)" "pattifamily.net"
192.95.29.138 - - [20/Oct/2022:16:46:44 -0700] "GET /pictures/2011/2011_08_09/?N=D HTTP/1.1" 200 406 "-" "Mozilla/5.0 (compatible; MJ12bot/v1.4.8; http://mj12bot.com/)" "pattifamily.net"
65.109.26.42 - - [20/Oct/2022:16:46:45 -0700] "GET /pictures/2011/2011_05_04/?C=D;O=D HTTP/1.1" 200 785 "-" "Mozilla/5.0 (compatible; MJ12bot/v1.4.8; http://mj12bot.com/)" "pattifamily.net"
192.95.29.138 - - [20/Oct/2022:16:46:46 -0700] "GET /pictures/2011/2011_08_09/?S=A HTTP/1.1" 200 406 "-" "Mozilla/5.0 (compatible; MJ12bot/v1.4.8; http://mj12bot.com/)" "pattifamily.net"
192.95.29.138 - - [20/Oct/2022:16:46:48 -0700] "GET /pictures/2011/2011_08_09/?S=D HTTP/1.1" 200 406 "-" "Mozilla/5.0 (compatible; MJ12bot/v1.4.8; http://mj12bot.com/)" "pattifamily.net"
192.95.29.138 - - [20/Oct/2022:16:46:50 -0700] "GET /pictures/2011/2011_08_14/?C=D;O=A HTTP/1.1" 200 387 "-" "Mozilla/5.0 (compatible; MJ12bot/v1.4.8; http://mj12bot.com/)" "pattifamily.net"
192.95.29.138 - - [20/Oct/2022:16:46:52 -0700] "GET /pictures/2011/2011_08_14/?C=D;O=D HTTP/1.1" 200 385 "-" "Mozilla/5.0 (compatible; MJ12bot/v1.4.8; http://mj12bot.com/)" "pattifamily.net"
192.95.29.138 - - [20/Oct/2022:16:46:55 -0700] "GET /pictures/2011/2011_08_14/?C=M;O=A HTTP/1.1" 200 387 "-" "Mozilla/5.0 (compatible; MJ12bot/v1.4.8; http://mj12bot.com/)" "pattifamily.net"
192.95.29.138 - - [20/Oct/2022:16:46:57 -0700] "GET /pictures/2011/2011_08_14/?C=M;O=D HTTP/1.1" 200 385 "-" "Mozilla/5.0 (compatible; MJ12bot/v1.4.8; http://mj12bot.com/)" "pattifamily.net"
192.95.29.138 - - [20/Oct/2022:16:47:00 -0700] "GET /pictures/2011/2011_08_14/?C=N;O=A HTTP/1.1" 200 387 "-" "Mozilla/5.0 (compatible; MJ12bot/v1.4.8; http://mj12bot.com/)" "pattifamily.net"
65.109.26.42 - - [20/Oct/2022:16:46:59 -0700] "GET /unknown/Patti/Vacation/ HTTP/1.1" 200 10365 "-" "Mozilla/5.0 (compatible; MJ12bot/v1.4.8; http://mj12bot.com/)" "pattifamily.net"
192.95.29.138 - - [20/Oct/2022:16:47:02 -0700] "GET /pictures/2011/2011_08_14/?C=N;O=D HTTP/1.1" 200 385 "-" "Mozilla/5.0 (compatible; MJ12bot/v1.4.8; http://mj12bot.com/)" "pattifamily.net"
192.95.29.138 - - [20/Oct/2022:16:47:04 -0700] "GET /pictures/2011/2011_08_14/?C=S;O=A HTTP/1.1" 200 387 "-" "Mozilla/5.0 (compatible; MJ12bot/v1.4.8; http://mj12bot.com/)" "pattifamily.net"
192.95.29.138 - - [20/Oct/2022:16:47:06 -0700] "GET /pictures/2011/2011_08_14/?C=S;O=D HTTP/1.1" 200 385 "-" "Mozilla/5.0 (compatible; MJ12bot/v1.4.8; http://mj12bot.com/)" "pattifamily.net"
65.109.26.42 - - [20/Oct/2022:16:47:11 -0700] "GET /unknown/Patti/Vacation/Mystic/?C=N;O=D HTTP/1.1" 200 774 "-" "Mozilla/5.0 (compatible; MJ12bot/v1.4.8; http://mj12bot.com/)" "pattifamily.net"
192.95.29.138 - - [20/Oct/2022:16:47:11 -0700] "GET /pictures/2011/2011_08_14/?D=D HTTP/1.1" 200 387 "-" "Mozilla/5.0 (compatible; MJ12bot/v1.4.8; http://mj12bot.com/)" "pattifamily.net"
192.95.29.138 - - [20/Oct/2022:16:47:14 -0700] "GET /pictures/2011/2011_08_14/?M=A HTTP/1.1" 200 387 "-" "Mozilla/5.0 (compatible; MJ12bot/v1.4.8; http://mj12bot.com/)" "pattifamily.net"
192.95.29.138 - - [20/Oct/2022:16:47:16 -0700] "GET /pictures/2011/2011_08_14/?M=D HTTP/1.1" 200 387 "-" "Mozilla/5.0 (compatible; MJ12bot/v1.4.8; http://mj12bot.com/)" "pattifamily.net"
192.95.29.138 - - [20/Oct/2022:16:47:18 -0700] "GET /pictures/2011/2011_08_14/?N=A HTTP/1.1" 200 387 "-" "Mozilla/5.0 (compatible; MJ12bot/v1.4.8; http://mj12bot.com/)" "pattifamily.net"
192.95.29.138 - - [20/Oct/2022:16:47:19 -0700] "GET /pictures/2011/2011_08_14/?N=D HTTP/1.1" 200 387 "-" "Mozilla/5.0 (compatible; MJ12bot/v1.4.8; http://mj12bot.com/)" "pattifamily.net"
65.109.26.42 - - [20/Oct/2022:16:47:20 -0700] "GET /unknown/Patti/Yankees/?C=D;O=D HTTP/1.1" 200 1393 "-" "Mozilla/5.0 (compatible; MJ12bot/v1.4.8; http://mj12bot.com/)" "pattifamily.net"
192.95.29.138 - - [20/Oct/2022:16:47:21 -0700] "GET /pictures/2011/2011_08_14/?S=A HTTP/1.1" 200 387 "-" "Mozilla/5.0 (compatible; MJ12bot/v1.4.8; http://mj12bot.com/)" "pattifamily.net"
192.95.29.138 - - [20/Oct/2022:16:47:24 -0700] "GET /pictures/2011/2011_08_14/?S=D HTTP/1.1" 200 387 "-" "Mozilla/5.0 (compatible; MJ12bot/v1.4.8; http://mj12bot.com/)" "pattifamily.net"
192.95.29.138 - - [20/Oct/2022:16:47:27 -0700] "GET /pictures/2011/2011_08_22/?C=D;O=A HTTP/1.1" 200 403 "-" "Mozilla/5.0 (compatible; MJ12bot/v1.4.8; http://mj12bot.com/)" "pattifamily.net"
192.95.29.138 - - [20/Oct/2022:16:47:30 -0700] "GET /pictures/2011/2011_08_22/?C=D;O=D HTTP/1.1" 200 402 "-" "Mozilla/5.0 (compatible; MJ12bot/v1.4.8; http://mj12bot.com/)" "pattifamily.net"
192.95.29.138 - - [20/Oct/2022:16:47:32 -0700] "GET /pictures/2011/2011_08_22/?C=M;O=A HTTP/1.1" 200 404 "-" "Mozilla/5.0 (compatible; MJ12bot/v1.4.8; http://mj12bot.com/)" "pattifamily.net"
192.95.29.138 - - [20/Oct/2022:16:47:34 -0700] "GET /pictures/2011/2011_08_22/?C=M;O=D HTTP/1.1" 200 402 "-" "Mozilla/5.0 (compatible; MJ12bot/v1.4.8; http://mj12bot.com/)" "pattifamily.net"
192.95.29.138 - - [20/Oct/2022:16:47:36 -0700] "GET /pictures/2011/2011_08_22/?C=N;O=A HTTP/1.1" 200 403 "-" "Mozilla/5.0 (compatible; MJ12bot/v1.4.8; http://mj12bot.com/)" "pattifamily.net"
192.95.29.138 - - [20/Oct/2022:16:47:38 -0700] "GET /pictures/2011/2011_08_22/?C=N;O=D HTTP/1.1" 200 402 "-" "Mozilla/5.0 (compatible; MJ12bot/v1.4.8; http://mj12bot.com/)" "pattifamily.net"
192.95.29.138 - - [20/Oct/2022:16:47:40 -0700] "GET /pictures/2011/2011_08_22/?C=S;O=A HTTP/1.1" 200 404 "-" "Mozilla/5.0 (compatible; MJ12bot/v1.4.8; http://mj12bot.com/)" "pattifamily.net"
192.95.29.138 - - [20/Oct/2022:16:47:41 -0700] "GET /pictures/2011/2011_08_22/?C=S;O=D HTTP/1.1" 200 402 "-" "Mozilla/5.0 (compatible; MJ12bot/v1.4.8; http://mj12bot.com/)" "pattifamily.net"
192.95.29.138 - - [20/Oct/2022:16:47:46 -0700] "GET /pictures/2011/2011_08_22/?M=A HTTP/1.1" 200 403 "-" "Mozilla/5.0 (compatible; MJ12bot/v1.4.8; http://mj12bot.com/)" "pattifamily.net"
65.109.26.42 - - [20/Oct/2022:16:47:46 -0700] "GET /1976/ HTTP/1.1" 200 378 "-" "Mozilla/5.0 (compatible; MJ12bot/v1.4.8; http://mj12bot.com/)" "www.pattifamily.net"
192.95.29.138 - - [20/Oct/2022:16:47:48 -0700] "GET /pictures/2011/2011_08_22/?M=D HTTP/1.1" 200 403 "-" "Mozilla/5.0 (compatible; MJ12bot/v1.4.8; http://mj12bot.com/)" "pattifamily.net"
192.95.29.138 - - [20/Oct/2022:16:47:49 -0700] "GET /pictures/2011/2011_08_22/?N=A HTTP/1.1" 200 403 "-" "Mozilla/5.0 (compatible; MJ12bot/v1.4.8; http://mj12bot.com/)" "pattifamily.net"
192.95.29.138 - - [20/Oct/2022:16:47:51 -0700] "GET /pictures/2011/2011_08_22/?N=D HTTP/1.1" 200 403 "-" "Mozilla/5.0 (compatible; MJ12bot/v1.4.8; http://mj12bot.com/)" "pattifamily.net"
192.95.29.138 - - [20/Oct/2022:16:47:53 -0700] "GET /pictures/2011/2011_08_22/?S=A HTTP/1.1" 200 403 "-" "Mozilla/5.0 (compatible; MJ12bot/v1.4.8; http://mj12bot.com/)" "pattifamily.net"
65.109.26.42 - - [20/Oct/2022:16:47:54 -0700] "GET /pattiunknown2.html HTTP/1.1" 200 1747 "-" "Mozilla/5.0 (compatible; MJ12bot/v1.4.8; http://mj12bot.com/)" "www.pattifamily.net"
192.95.29.138 - - [20/Oct/2022:16:47:55 -0700] "GET /pictures/2011/2011_08_22/?S=D HTTP/1.1" 200 403 "-" "Mozilla/5.0 (compatible; MJ12bot/v1.4.8; http://mj12bot.com/)" "pattifamily.net"
192.95.29.138 - - [20/Oct/2022:16:47:56 -0700] "GET /pictures/2011/2011_08_25/?C=D;O=A HTTP/1.1" 200 415 "-" "Mozilla/5.0 (compatible; MJ12bot/v1.4.8; http://mj12bot.com/)" "pattifamily.net"
192.95.29.138 - - [20/Oct/2022:16:47:59 -0700] "GET /pictures/2011/2011_08_25/?C=D;O=D HTTP/1.1" 200 413 "-" "Mozilla/5.0 (compatible; MJ12bot/v1.4.8; http://mj12bot.com/)" "pattifamily.net"
192.95.29.138 - - [20/Oct/2022:16:48:01 -0700] "GET /pictures/2011/2011_08_25/?C=M;O=A HTTP/1.1" 200 415 "-" "Mozilla/5.0 (compatible; MJ12bot/v1.4.8; http://mj12bot.com/)" "pattifamily.net"
192.95.29.138 - - [20/Oct/2022:16:48:03 -0700] "GET /pictures/2011/2011_08_25/?C=M;O=D HTTP/1.1" 200 413 "-" "Mozilla/5.0 (compatible; MJ12bot/v1.4.8; http://mj12bot.com/)" "pattifamily.net"
192.95.29.138 - - [20/Oct/2022:16:48:05 -0700] "GET /pictures/2011/2011_08_25/?C=N;O=A HTTP/1.1" 200 415 "-" "Mozilla/5.0 (compatible; MJ12bot/v1.4.8; http://mj12bot.com/)" "pattifamily.net"
