192.151.157.210 - - [20/Oct/2022:21:42:27 -0700] "GET /pictures/2006_09_16/?C=M;O=A HTTP/1.1" 200 560 "-" "Mozilla/5.0 (compatible; MJ12bot/v1.4.8; http://mj12bot.com/)" "pattifamily.net"
192.151.157.210 - - [20/Oct/2022:21:42:39 -0700] "GET /pictures/2006_09_16/?C=N;O=D HTTP/1.1" 200 560 "-" "Mozilla/5.0 (compatible; MJ12bot/v1.4.8; http://mj12bot.com/)" "pattifamily.net"
192.151.157.210 - - [20/Oct/2022:21:42:50 -0700] "GET /pictures/2006_09_16/?C=S;O=A HTTP/1.1" 200 560 "-" "Mozilla/5.0 (compatible; MJ12bot/v1.4.8; http://mj12bot.com/)" "pattifamily.net"
192.151.157.210 - - [20/Oct/2022:21:43:01 -0700] "GET /pictures/2006_09_16/?D=A HTTP/1.1" 200 560 "-" "Mozilla/5.0 (compatible; MJ12bot/v1.4.8; http://mj12bot.com/)" "pattifamily.net"
192.151.157.210 - - [20/Oct/2022:21:43:09 -0700] "GET /pictures/2006_09_16/?M=A HTTP/1.1" 200 560 "-" "Mozilla/5.0 (compatible; MJ12bot/v1.4.8; http://mj12bot.com/)" "pattifamily.net"
192.151.157.210 - - [20/Oct/2022:21:43:20 -0700] "GET /pictures/2006_09_16/?M=D HTTP/1.1" 200 560 "-" "Mozilla/5.0 (compatible; MJ12bot/v1.4.8; http://mj12bot.com/)" "pattifamily.net"
192.151.157.210 - - [20/Oct/2022:21:43:27 -0700] "GET /pictures/2006_09_16/?N=D HTTP/1.1" 200 560 "-" "Mozilla/5.0 (compatible; MJ12bot/v1.4.8; http://mj12bot.com/)" "pattifamily.net"
192.151.157.210 - - [20/Oct/2022:21:43:42 -0700] "GET /pictures/2006_09_16/?S=A HTTP/1.1" 200 560 "-" "Mozilla/5.0 (compatible; MJ12bot/v1.4.8; http://mj12bot.com/)" "pattifamily.net"
192.151.157.210 - - [20/Oct/2022:21:43:50 -0700] "GET /pictures/2006_09_16/?S=D HTTP/1.1" 200 560 "-" "Mozilla/5.0 (compatible; MJ12bot/v1.4.8; http://mj12bot.com/)" "pattifamily.net"
51.222.253.8 - - [20/Oct/2022:21:43:54 -0700] "GET /pictures/2005_01_07/?C=M;O=A HTTP/1.1" 200 414 "-" "Mozilla/5.0 (compatible; AhrefsBot/7.0; +http://ahrefs.com/robot/)" "pattifamily.net"
192.151.157.210 - - [20/Oct/2022:21:44:00 -0700] "GET /pictures/2006_09_20/?C=D;O=A HTTP/1.1" 200 385 "-" "Mozilla/5.0 (compatible; MJ12bot/v1.4.8; http://mj12bot.com/)" "pattifamily.net"
192.151.157.210 - - [20/Oct/2022:21:44:09 -0700] "GET /pictures/2006_09_20/?C=M;O=A HTTP/1.1" 200 386 "-" "Mozilla/5.0 (compatible; MJ12bot/v1.4.8; http://mj12bot.com/)" "pattifamily.net"
192.151.157.210 - - [20/Oct/2022:21:44:21 -0700] "GET /pictures/2006_09_20/?C=N;O=D HTTP/1.1" 200 383 "-" "Mozilla/5.0 (compatible; MJ12bot/v1.4.8; http://mj12bot.com/)" "pattifamily.net"
192.151.157.210 - - [20/Oct/2022:21:44:32 -0700] "GET /pictures/2006_09_20/?C=S;O=A HTTP/1.1" 200 386 "-" "Mozilla/5.0 (compatible; MJ12bot/v1.4.8; http://mj12bot.com/)" "pattifamily.net"
192.151.157.210 - - [20/Oct/2022:21:44:42 -0700] "GET /pictures/2006_09_24/?C=D;O=A HTTP/1.1" 200 435 "-" "Mozilla/5.0 (compatible; MJ12bot/v1.4.8; http://mj12bot.com/)" "pattifamily.net"
192.151.157.210 - - [20/Oct/2022:21:44:54 -0700] "GET /pictures/2006_09_24/?C=M;O=A HTTP/1.1" 200 435 "-" "Mozilla/5.0 (compatible; MJ12bot/v1.4.8; http://mj12bot.com/)" "pattifamily.net"
114.119.154.161 - - [20/Oct/2022:21:45:07 -0700] "GET /august2005.htm HTTP/1.1" 200 850 "http://www.pattifamily.net/?C=S%3BO%3DA" "Mozilla/5.0 (Linux; Android 7.0;) AppleWebKit/537.36 (KHTML, like Gecko) Mobile Safari/537.36 (compatible; PetalBot;+https://webmaster.petalsearch.com/site/petalbot)" "www.pattifamily.net"
192.151.157.210 - - [20/Oct/2022:21:45:11 -0700] "GET /pictures/2006_09_24/?C=N;O=D HTTP/1.1" 200 433 "-" "Mozilla/5.0 (compatible; MJ12bot/v1.4.8; http://mj12bot.com/)" "pattifamily.net"
192.151.157.210 - - [20/Oct/2022:21:45:20 -0700] "GET /pictures/2006_09_24/?C=S;O=A HTTP/1.1" 200 436 "-" "Mozilla/5.0 (compatible; MJ12bot/v1.4.8; http://mj12bot.com/)" "pattifamily.net"
192.151.157.210 - - [20/Oct/2022:21:45:31 -0700] "GET /pictures/2006_09_29/?M=A HTTP/1.1" 200 413 "-" "Mozilla/5.0 (compatible; MJ12bot/v1.4.8; http://mj12bot.com/)" "pattifamily.net"
192.151.157.210 - - [20/Oct/2022:21:45:42 -0700] "GET /pictures/2006_09_29?M=A HTTP/1.1" 301 1424 "-" "Mozilla/5.0 (compatible; MJ12bot/v1.4.8; http://mj12bot.com/)" "pattifamily.net"
192.151.157.210 - - [20/Oct/2022:21:45:50 -0700] "GET /pictures/2006_09_29/?M=A HTTP/1.1" 200 413 "-" "Mozilla/5.0 (compatible; MJ12bot/v1.4.8; http://mj12bot.com/)" "pattifamily.net"
192.151.157.210 - - [20/Oct/2022:21:46:00 -0700] "GET /pictures/2006_10_04/?C=D;O=A HTTP/1.1" 200 423 "-" "Mozilla/5.0 (compatible; MJ12bot/v1.4.8; http://mj12bot.com/)" "pattifamily.net"
51.222.253.14 - - [20/Oct/2022:21:46:02 -0700] "GET /pictures/2005_12_22/?C=M;O=A HTTP/1.1" 200 440 "-" "Mozilla/5.0 (compatible; AhrefsBot/7.0; +http://ahrefs.com/robot/)" "pattifamily.net"
192.151.157.210 - - [20/Oct/2022:21:46:09 -0700] "GET /pictures/2006_10_04/?C=M;O=A HTTP/1.1" 200 424 "-" "Mozilla/5.0 (compatible; MJ12bot/v1.4.8; http://mj12bot.com/)" "pattifamily.net"
192.151.157.210 - - [20/Oct/2022:21:46:18 -0700] "GET /pictures/2006_10_04/?C=N;O=D HTTP/1.1" 200 422 "-" "Mozilla/5.0 (compatible; MJ12bot/v1.4.8; http://mj12bot.com/)" "pattifamily.net"
192.151.157.210 - - [20/Oct/2022:21:46:30 -0700] "GET /pictures/2006_10_04/?C=S;O=A HTTP/1.1" 200 423 "-" "Mozilla/5.0 (compatible; MJ12bot/v1.4.8; http://mj12bot.com/)" "pattifamily.net"
192.151.157.210 - - [20/Oct/2022:21:46:41 -0700] "GET /pictures/2006_10_04/?N=D HTTP/1.1" 200 423 "-" "Mozilla/5.0 (compatible; MJ12bot/v1.4.8; http://mj12bot.com/)" "pattifamily.net"
192.151.157.210 - - [20/Oct/2022:21:46:54 -0700] "GET /pictures/2006_10_04/?S=D HTTP/1.1" 200 423 "-" "Mozilla/5.0 (compatible; MJ12bot/v1.4.8; http://mj12bot.com/)" "pattifamily.net"
192.151.157.210 - - [20/Oct/2022:21:47:05 -0700] "GET /pictures/2006_10_05/?C=D;O=A HTTP/1.1" 200 385 "-" "Mozilla/5.0 (compatible; MJ12bot/v1.4.8; http://mj12bot.com/)" "pattifamily.net"
192.151.157.210 - - [20/Oct/2022:21:47:15 -0700] "GET /pictures/2006_10_05/?C=M;O=A HTTP/1.1" 200 385 "-" "Mozilla/5.0 (compatible; MJ12bot/v1.4.8; http://mj12bot.com/)" "pattifamily.net"
192.151.157.210 - - [20/Oct/2022:21:47:22 -0700] "GET /pictures/2006_10_05/?C=N;O=D HTTP/1.1" 200 384 "-" "Mozilla/5.0 (compatible; MJ12bot/v1.4.8; http://mj12bot.com/)" "pattifamily.net"
192.151.157.210 - - [20/Oct/2022:21:47:36 -0700] "GET /pictures/2006_10_05/?C=S;O=A HTTP/1.1" 200 385 "-" "Mozilla/5.0 (compatible; MJ12bot/v1.4.8; http://mj12bot.com/)" "pattifamily.net"
192.151.157.210 - - [20/Oct/2022:21:47:46 -0700] "GET /pictures/2006_10_05/?D=A HTTP/1.1" 200 385 "-" "Mozilla/5.0 (compatible; MJ12bot/v1.4.8; http://mj12bot.com/)" "pattifamily.net"
192.151.157.210 - - [20/Oct/2022:21:47:55 -0700] "GET /pictures/2006_10_05/?D=D HTTP/1.1" 200 385 "-" "Mozilla/5.0 (compatible; MJ12bot/v1.4.8; http://mj12bot.com/)" "pattifamily.net"
192.151.157.210 - - [20/Oct/2022:21:48:04 -0700] "GET /pictures/2006_10_05/?M=D HTTP/1.1" 200 385 "-" "Mozilla/5.0 (compatible; MJ12bot/v1.4.8; http://mj12bot.com/)" "pattifamily.net"
192.151.157.210 - - [20/Oct/2022:21:48:16 -0700] "GET /pictures/2006_10_05/?N=A HTTP/1.1" 200 385 "-" "Mozilla/5.0 (compatible; MJ12bot/v1.4.8; http://mj12bot.com/)" "pattifamily.net"
51.222.253.11 - - [20/Oct/2022:21:48:23 -0700] "GET /pictures/2005_09_06/?C=D;O=A HTTP/1.1" 200 386 "-" "Mozilla/5.0 (compatible; AhrefsBot/7.0; +http://ahrefs.com/robot/)" "pattifamily.net"
192.151.157.210 - - [20/Oct/2022:21:48:30 -0700] "GET /pictures/2006_10_05/?S=A HTTP/1.1" 200 385 "-" "Mozilla/5.0 (compatible; MJ12bot/v1.4.8; http://mj12bot.com/)" "pattifamily.net"
192.151.157.210 - - [20/Oct/2022:21:48:45 -0700] "GET /pictures/2006_10_05/?S=D HTTP/1.1" 200 385 "-" "Mozilla/5.0 (compatible; MJ12bot/v1.4.8; http://mj12bot.com/)" "pattifamily.net"
192.151.157.210 - - [20/Oct/2022:21:48:59 -0700] "GET /pictures/2006_10_09/?C=D;O=A HTTP/1.1" 200 455 "-" "Mozilla/5.0 (compatible; MJ12bot/v1.4.8; http://mj12bot.com/)" "pattifamily.net"
192.151.157.210 - - [20/Oct/2022:21:49:11 -0700] "GET /pictures/2006_10_09/?C=M;O=A HTTP/1.1" 200 456 "-" "Mozilla/5.0 (compatible; MJ12bot/v1.4.8; http://mj12bot.com/)" "pattifamily.net"
192.151.157.210 - - [20/Oct/2022:21:49:23 -0700] "GET /pictures/2006_10_09/?C=N;O=D HTTP/1.1" 200 453 "-" "Mozilla/5.0 (compatible; MJ12bot/v1.4.8; http://mj12bot.com/)" "pattifamily.net"
192.151.157.210 - - [20/Oct/2022:21:49:33 -0700] "GET /pictures/2006_10_09/?C=S;O=A HTTP/1.1" 200 454 "-" "Mozilla/5.0 (compatible; MJ12bot/v1.4.8; http://mj12bot.com/)" "pattifamily.net"
192.151.157.210 - - [20/Oct/2022:21:49:44 -0700] "GET /pictures/2006_10_09/?D=A HTTP/1.1" 200 455 "-" "Mozilla/5.0 (compatible; MJ12bot/v1.4.8; http://mj12bot.com/)" "pattifamily.net"
192.151.157.210 - - [20/Oct/2022:21:49:55 -0700] "GET /pictures/2006_10_09/?M=A HTTP/1.1" 200 455 "-" "Mozilla/5.0 (compatible; MJ12bot/v1.4.8; http://mj12bot.com/)" "pattifamily.net"
192.151.157.210 - - [20/Oct/2022:21:50:01 -0700] "GET /pictures/2006_10_09/?N=A HTTP/1.1" 200 455 "-" "Mozilla/5.0 (compatible; MJ12bot/v1.4.8; http://mj12bot.com/)" "pattifamily.net"
192.151.157.210 - - [20/Oct/2022:21:50:08 -0700] "GET /pictures/2006_10_09/?S=A HTTP/1.1" 200 455 "-" "Mozilla/5.0 (compatible; MJ12bot/v1.4.8; http://mj12bot.com/)" "pattifamily.net"
192.151.157.210 - - [20/Oct/2022:21:50:16 -0700] "GET /pictures/2007_01_26/?C=D;O=A HTTP/1.1" 200 402 "-" "Mozilla/5.0 (compatible; MJ12bot/v1.4.8; http://mj12bot.com/)" "pattifamily.net"
192.151.157.210 - - [20/Oct/2022:21:50:23 -0700] "GET /pictures/2007_01_26/?C=D;O=D HTTP/1.1" 200 397 "-" "Mozilla/5.0 (compatible; MJ12bot/v1.4.8; http://mj12bot.com/)" "pattifamily.net"
51.222.253.4 - - [20/Oct/2022:21:50:28 -0700] "GET /pictures/2005_01_30/ HTTP/1.1" 200 476 "-" "Mozilla/5.0 (compatible; AhrefsBot/7.0; +http://ahrefs.com/robot/)" "pattifamily.net"
192.151.157.210 - - [20/Oct/2022:21:50:32 -0700] "GET /pictures/2007_01_26/?C=M;O=A HTTP/1.1" 200 402 "-" "Mozilla/5.0 (compatible; MJ12bot/v1.4.8; http://mj12bot.com/)" "pattifamily.net"
192.151.157.210 - - [20/Oct/2022:21:50:39 -0700] "GET /pictures/2007_02_23/?N=D HTTP/1.1" 200 413 "-" "Mozilla/5.0 (compatible; MJ12bot/v1.4.8; http://mj12bot.com/)" "pattifamily.net"
114.119.154.135 - - [20/Oct/2022:21:50:47 -0700] "GET /unknown/Patti/Easter/002_160x106.jpg HTTP/1.1" 200 6737 "https://pattifamily.net/pattieaster.html" "Mozilla/5.0 (Linux; Android 7.0;) AppleWebKit/537.36 (KHTML, like Gecko) Mobile Safari/537.36 (compatible; PetalBot;+https://webmaster.petalsearch.com/site/petalbot)" "pattifamily.net"
192.151.157.210 - - [20/Oct/2022:21:50:48 -0700] "GET /pictures/2007_03_01/?N=A HTTP/1.1" 200 403 "-" "Mozilla/5.0 (compatible; MJ12bot/v1.4.8; http://mj12bot.com/)" "pattifamily.net"
192.151.157.210 - - [20/Oct/2022:21:50:55 -0700] "GET /pictures/2007_03_10/?C=D;O=D HTTP/1.1" 200 401 "-" "Mozilla/5.0 (compatible; MJ12bot/v1.4.8; http://mj12bot.com/)" "pattifamily.net"
192.151.157.210 - - [20/Oct/2022:21:51:02 -0700] "GET /pictures/2007_03_10/?C=M;O=D HTTP/1.1" 200 401 "-" "Mozilla/5.0 (compatible; MJ12bot/v1.4.8; http://mj12bot.com/)" "pattifamily.net"
192.151.157.210 - - [20/Oct/2022:21:51:07 -0700] "GET /pictures/2007_03_10/?C=N;O=A HTTP/1.1" 200 404 "-" "Mozilla/5.0 (compatible; MJ12bot/v1.4.8; http://mj12bot.com/)" "pattifamily.net"
192.151.157.210 - - [20/Oct/2022:21:51:15 -0700] "GET /pictures/2007_03_10/?C=S;O=D HTTP/1.1" 200 401 "-" "Mozilla/5.0 (compatible; MJ12bot/v1.4.8; http://mj12bot.com/)" "pattifamily.net"
192.151.157.210 - - [20/Oct/2022:21:51:25 -0700] "GET /pictures/2007_03_18/?D=D HTTP/1.1" 200 460 "-" "Mozilla/5.0 (compatible; MJ12bot/v1.4.8; http://mj12bot.com/)" "pattifamily.net"
192.151.157.210 - - [20/Oct/2022:21:51:30 -0700] "GET /pictures/2007_03_18/?N=A HTTP/1.1" 200 460 "-" "Mozilla/5.0 (compatible; MJ12bot/v1.4.8; http://mj12bot.com/)" "pattifamily.net"
192.151.157.210 - - [20/Oct/2022:21:51:36 -0700] "GET /pictures/2007_03_19/?D=D HTTP/1.1" 200 403 "-" "Mozilla/5.0 (compatible; MJ12bot/v1.4.8; http://mj12bot.com/)" "pattifamily.net"
192.151.157.210 - - [20/Oct/2022:21:51:42 -0700] "GET /pictures/2007_03_19/?M=D HTTP/1.1" 200 403 "-" "Mozilla/5.0 (compatible; MJ12bot/v1.4.8; http://mj12bot.com/)" "pattifamily.net"
192.151.157.210 - - [20/Oct/2022:21:51:50 -0700] "GET /pictures/2007_03_19/?N=D HTTP/1.1" 200 403 "-" "Mozilla/5.0 (compatible; MJ12bot/v1.4.8; http://mj12bot.com/)" "pattifamily.net"
192.151.157.210 - - [20/Oct/2022:21:51:55 -0700] "GET /pictures/2007_03_19/?S=D HTTP/1.1" 200 403 "-" "Mozilla/5.0 (compatible; MJ12bot/v1.4.8; http://mj12bot.com/)" "pattifamily.net"
192.151.157.210 - - [20/Oct/2022:21:52:03 -0700] "GET /pictures/2007_03_20/?D=A HTTP/1.1" 200 483 "-" "Mozilla/5.0 (compatible; MJ12bot/v1.4.8; http://mj12bot.com/)" "pattifamily.net"
192.151.157.210 - - [20/Oct/2022:21:52:07 -0700] "GET /pictures/2007_03_20/?M=A HTTP/1.1" 200 483 "-" "Mozilla/5.0 (compatible; MJ12bot/v1.4.8; http://mj12bot.com/)" "pattifamily.net"
192.151.157.210 - - [20/Oct/2022:21:52:13 -0700] "GET /pictures/2007_03_20/?N=A HTTP/1.1" 200 483 "-" "Mozilla/5.0 (compatible; MJ12bot/v1.4.8; http://mj12bot.com/)" "pattifamily.net"
157.90.177.217 - - [20/Oct/2022:21:52:18 -0700] "GET /robots.txt HTTP/1.1" 404 88 "-" "Mozilla/5.0 (compatible; BLEXBot/1.0; +http://webmeup-crawler.com/)" "pattifamily.net"
192.151.157.210 - - [20/Oct/2022:21:52:19 -0700] "GET /pictures/2007_03_20/?N=D HTTP/1.1" 200 483 "-" "Mozilla/5.0 (compatible; MJ12bot/v1.4.8; http://mj12bot.com/)" "pattifamily.net"
157.90.177.217 - - [20/Oct/2022:21:52:21 -0700] "GET /sitemap HTTP/1.1" 404 88 "-" "Mozilla/5.0 (compatible; BLEXBot/1.0; +http://webmeup-crawler.com/)" "pattifamily.net"
157.90.177.217 - - [20/Oct/2022:21:52:25 -0700] "GET /sitemap.txt HTTP/1.1" 404 88 "-" "Mozilla/5.0 (compatible; BLEXBot/1.0; +http://webmeup-crawler.com/)" "pattifamily.net"
192.151.157.210 - - [20/Oct/2022:21:52:25 -0700] "GET /pictures/2007_03_20/?S=A HTTP/1.1" 200 483 "-" "Mozilla/5.0 (compatible; MJ12bot/v1.4.8; http://mj12bot.com/)" "pattifamily.net"
192.151.157.210 - - [20/Oct/2022:21:52:30 -0700] "GET /pictures/2007_03_22/?C=D;O=D HTTP/1.1" 200 384 "-" "Mozilla/5.0 (compatible; MJ12bot/v1.4.8; http://mj12bot.com/)" "pattifamily.net"
157.90.177.217 - - [20/Oct/2022:21:52:31 -0700] "GET /unknown/Patti/Vacation/Mystic/?C=D;O=D HTTP/1.1" 200 774 "-" "Mozilla/5.0 (compatible; BLEXBot/1.0; +http://webmeup-crawler.com/)" "pattifamily.net"
157.90.177.217 - - [20/Oct/2022:21:52:34 -0700] "GET /unknown/Patti/Vacation/Mystic/?C=M;O=D HTTP/1.1" 200 777 "-" "Mozilla/5.0 (compatible; BLEXBot/1.0; +http://webmeup-crawler.com/)" "pattifamily.net"
192.151.157.210 - - [20/Oct/2022:21:52:36 -0700] "GET /pictures/2007_03_22/?D=A HTTP/1.1" 200 385 "-" "Mozilla/5.0 (compatible; MJ12bot/v1.4.8; http://mj12bot.com/)" "pattifamily.net"
157.90.177.217 - - [20/Oct/2022:21:52:38 -0700] "GET /unknown/Patti/Vacation/Mystic/?C=N;O=A HTTP/1.1" 200 774 "-" "Mozilla/5.0 (compatible; BLEXBot/1.0; +http://webmeup-crawler.com/)" "pattifamily.net"
192.151.157.210 - - [20/Oct/2022:21:52:41 -0700] "GET /pictures/2007_03_22/?D=D HTTP/1.1" 200 385 "-" "Mozilla/5.0 (compatible; MJ12bot/v1.4.8; http://mj12bot.com/)" "pattifamily.net"
157.90.177.217 - - [20/Oct/2022:21:52:43 -0700] "GET /unknown/Patti/Vacation/Mystic/?C=S;O=D HTTP/1.1" 200 760 "-" "Mozilla/5.0 (compatible; BLEXBot/1.0; +http://webmeup-crawler.com/)" "pattifamily.net"
51.222.253.8 - - [20/Oct/2022:21:52:46 -0700] "GET /pictures/2005_06_30/?C=M;O=A HTTP/1.1" 200 417 "-" "Mozilla/5.0 (compatible; AhrefsBot/7.0; +http://ahrefs.com/robot/)" "pattifamily.net"
192.151.157.210 - - [20/Oct/2022:21:52:48 -0700] "GET /pictures/2007_03_22/?M=A HTTP/1.1" 200 385 "-" "Mozilla/5.0 (compatible; MJ12bot/v1.4.8; http://mj12bot.com/)" "pattifamily.net"
192.151.157.210 - - [20/Oct/2022:21:52:56 -0700] "GET /pictures/2007_03_22/?M=D HTTP/1.1" 200 385 "-" "Mozilla/5.0 (compatible; MJ12bot/v1.4.8; http://mj12bot.com/)" "pattifamily.net"
192.151.157.210 - - [20/Oct/2022:21:53:02 -0700] "GET /pictures/2007_03_22/?N=D HTTP/1.1" 200 385 "-" "Mozilla/5.0 (compatible; MJ12bot/v1.4.8; http://mj12bot.com/)" "pattifamily.net"
192.151.157.210 - - [20/Oct/2022:21:53:09 -0700] "GET /pictures/2007_03_22/?S=A HTTP/1.1" 200 385 "-" "Mozilla/5.0 (compatible; MJ12bot/v1.4.8; http://mj12bot.com/)" "pattifamily.net"
192.151.157.210 - - [20/Oct/2022:21:53:15 -0700] "GET /pictures/2007_03_22/?S=D HTTP/1.1" 200 385 "-" "Mozilla/5.0 (compatible; MJ12bot/v1.4.8; http://mj12bot.com/)" "pattifamily.net"
192.151.157.210 - - [20/Oct/2022:21:53:21 -0700] "GET /pictures/2007_03_24/?D=A HTTP/1.1" 200 404 "-" "Mozilla/5.0 (compatible; MJ12bot/v1.4.8; http://mj12bot.com/)" "pattifamily.net"
192.151.157.210 - - [20/Oct/2022:21:53:26 -0700] "GET /pictures/2007_03_24/?M=A HTTP/1.1" 200 404 "-" "Mozilla/5.0 (compatible; MJ12bot/v1.4.8; http://mj12bot.com/)" "pattifamily.net"
192.151.157.210 - - [20/Oct/2022:21:53:34 -0700] "GET /pictures/2007_03_24/?N=A HTTP/1.1" 200 404 "-" "Mozilla/5.0 (compatible; MJ12bot/v1.4.8; http://mj12bot.com/)" "pattifamily.net"
192.151.157.210 - - [20/Oct/2022:21:53:43 -0700] "GET /pictures/2007_03_24/?N=D HTTP/1.1" 200 404 "-" "Mozilla/5.0 (compatible; MJ12bot/v1.4.8; http://mj12bot.com/)" "pattifamily.net"
192.151.157.210 - - [20/Oct/2022:21:53:49 -0700] "GET /pictures/2007_03_24/?S=A HTTP/1.1" 200 404 "-" "Mozilla/5.0 (compatible; MJ12bot/v1.4.8; http://mj12bot.com/)" "pattifamily.net"
192.151.157.210 - - [20/Oct/2022:21:53:54 -0700] "GET /pictures/2007_03_24/?S=D HTTP/1.1" 200 404 "-" "Mozilla/5.0 (compatible; MJ12bot/v1.4.8; http://mj12bot.com/)" "pattifamily.net"
192.151.157.210 - - [20/Oct/2022:21:54:03 -0700] "GET /pictures/2007_03_26/?D=A HTTP/1.1" 200 402 "-" "Mozilla/5.0 (compatible; MJ12bot/v1.4.8; http://mj12bot.com/)" "pattifamily.net"
192.151.157.210 - - [20/Oct/2022:21:54:10 -0700] "GET /pictures/2007_03_27/?D=A HTTP/1.1" 200 386 "-" "Mozilla/5.0 (compatible; MJ12bot/v1.4.8; http://mj12bot.com/)" "pattifamily.net"
192.151.157.210 - - [20/Oct/2022:21:54:17 -0700] "GET /pictures/2007_03_27/?D=D HTTP/1.1" 200 386 "-" "Mozilla/5.0 (compatible; MJ12bot/v1.4.8; http://mj12bot.com/)" "pattifamily.net"
192.151.157.210 - - [20/Oct/2022:21:54:23 -0700] "GET /pictures/2007_03_27/?M=A HTTP/1.1" 200 386 "-" "Mozilla/5.0 (compatible; MJ12bot/v1.4.8; http://mj12bot.com/)" "pattifamily.net"
192.151.157.210 - - [20/Oct/2022:21:54:31 -0700] "GET /pictures/2007_03_27/?M=D HTTP/1.1" 200 386 "-" "Mozilla/5.0 (compatible; MJ12bot/v1.4.8; http://mj12bot.com/)" "pattifamily.net"
192.151.157.210 - - [20/Oct/2022:21:54:38 -0700] "GET /pictures/2007_03_27/?N=A HTTP/1.1" 200 386 "-" "Mozilla/5.0 (compatible; MJ12bot/v1.4.8; http://mj12bot.com/)" "pattifamily.net"
192.151.157.210 - - [20/Oct/2022:21:54:47 -0700] "GET /pictures/2007_03_27/?N=D HTTP/1.1" 200 386 "-" "Mozilla/5.0 (compatible; MJ12bot/v1.4.8; http://mj12bot.com/)" "pattifamily.net"
192.151.157.210 - - [20/Oct/2022:21:54:54 -0700] "GET /pictures/2007_03_27/?S=A HTTP/1.1" 200 386 "-" "Mozilla/5.0 (compatible; MJ12bot/v1.4.8; http://mj12bot.com/)" "pattifamily.net"
51.222.253.4 - - [20/Oct/2022:21:55:03 -0700] "GET /pictures/2005_08_07/?C=N;O=A HTTP/1.1" 200 454 "-" "Mozilla/5.0 (compatible; AhrefsBot/7.0; +http://ahrefs.com/robot/)" "pattifamily.net"
192.151.157.210 - - [20/Oct/2022:21:55:04 -0700] "GET /pictures/2007_03_27/?S=D HTTP/1.1" 200 386 "-" "Mozilla/5.0 (compatible; MJ12bot/v1.4.8; http://mj12bot.com/)" "pattifamily.net"
192.151.157.210 - - [20/Oct/2022:21:55:13 -0700] "GET /pictures/2007_03_27?D=A HTTP/1.1" 301 1424 "-" "Mozilla/5.0 (compatible; MJ12bot/v1.4.8; http://mj12bot.com/)" "pattifamily.net"
192.151.157.210 - - [20/Oct/2022:21:55:21 -0700] "GET /pictures/2007_03_27/?D=A HTTP/1.1" 200 386 "-" "Mozilla/5.0 (compatible; MJ12bot/v1.4.8; http://mj12bot.com/)" "pattifamily.net"
192.151.157.210 - - [20/Oct/2022:21:55:30 -0700] "GET /pictures/2007_03_27?N=D HTTP/1.1" 301 1424 "-" "Mozilla/5.0 (compatible; MJ12bot/v1.4.8; http://mj12bot.com/)" "pattifamily.net"
192.151.157.210 - - [20/Oct/2022:21:55:39 -0700] "GET /pictures/2007_03_27/?N=D HTTP/1.1" 200 386 "-" "Mozilla/5.0 (compatible; MJ12bot/v1.4.8; http://mj12bot.com/)" "pattifamily.net"
192.151.157.210 - - [20/Oct/2022:21:55:43 -0700] "GET /pictures/2007_03_27?S=A HTTP/1.1" 301 1424 "-" "Mozilla/5.0 (compatible; MJ12bot/v1.4.8; http://mj12bot.com/)" "pattifamily.net"
192.151.157.210 - - [20/Oct/2022:21:55:52 -0700] "GET /pictures/2007_03_27/?S=A HTTP/1.1" 200 386 "-" "Mozilla/5.0 (compatible; MJ12bot/v1.4.8; http://mj12bot.com/)" "pattifamily.net"
192.151.157.210 - - [20/Oct/2022:21:56:02 -0700] "GET /pictures/2007_03_31/?D=A HTTP/1.1" 200 425 "-" "Mozilla/5.0 (compatible; MJ12bot/v1.4.8; http://mj12bot.com/)" "pattifamily.net"
192.151.157.210 - - [20/Oct/2022:21:56:11 -0700] "GET /pictures/2007_03_31/?M=A HTTP/1.1" 200 425 "-" "Mozilla/5.0 (compatible; MJ12bot/v1.4.8; http://mj12bot.com/)" "pattifamily.net"
114.119.154.14 - - [20/Oct/2022:21:56:24 -0700] "GET /1977/Lubold/?C=S%3BO%3DA HTTP/1.1" 200 1625 "https://pattifamily.net/1977/Lubold/?C=M%3BO%3DA" "Mozilla/5.0 (Linux; Android 7.0;) AppleWebKit/537.36 (KHTML, like Gecko) Mobile Safari/537.36 (compatible; PetalBot;+https://webmaster.petalsearch.com/site/petalbot)" "pattifamily.net"
51.222.253.17 - - [20/Oct/2022:21:56:58 -0700] "GET /pictures/2005_12_19/?C=N;O=A HTTP/1.1" 200 404 "-" "Mozilla/5.0 (compatible; AhrefsBot/7.0; +http://ahrefs.com/robot/)" "pattifamily.net"
51.222.253.15 - - [20/Oct/2022:21:59:43 -0700] "GET /pictures/2005_01_07/?C=D;O=A HTTP/1.1" 200 414 "-" "Mozilla/5.0 (compatible; AhrefsBot/7.0; +http://ahrefs.com/robot/)" "pattifamily.net"
