157.55.39.38 - - [20/Sep/2022:16:27:07 -0700] "GET /murray/slides/1964/June1964/014_426x640.jpg HTTP/1.1" 200 52575 "-" "Mozilla/5.0 (compatible; bingbot/2.0; +http://www.bing.com/bingbot.htm)" "pattifamily.net"
114.119.154.115 - - [20/Sep/2022:16:27:46 -0700] "GET /1976/ HTTP/1.1" 200 378 "https://pattifamily.net?C=D%3BO%3DA" "Mozilla/5.0 (Linux; Android 7.0;) AppleWebKit/537.36 (KHTML, like Gecko) Mobile Safari/537.36 (compatible; PetalBot;+https://webmaster.petalsearch.com/site/petalbot)" "pattifamily.net"
51.222.253.11 - - [20/Sep/2022:16:30:46 -0700] "GET /pictures/2004_12_17/ HTTP/1.1" 200 403 "-" "Mozilla/5.0 (compatible; AhrefsBot/7.0; +http://ahrefs.com/robot/)" "pattifamily.net"
51.222.253.20 - - [20/Sep/2022:16:34:34 -0700] "GET /pictures/2005_03_16/?C=N;O=D HTTP/1.1" 200 452 "-" "Mozilla/5.0 (compatible; AhrefsBot/7.0; +http://ahrefs.com/robot/)" "pattifamily.net"
51.222.253.9 - - [20/Sep/2022:16:38:22 -0700] "GET /1978/?C=M;O=D HTTP/1.1" 200 376 "-" "Mozilla/5.0 (compatible; AhrefsBot/7.0; +http://ahrefs.com/robot/)" "pattifamily.net"
51.222.253.6 - - [20/Sep/2022:16:42:10 -0700] "GET /1988/?C=N;O=D HTTP/1.1" 200 369 "-" "Mozilla/5.0 (compatible; AhrefsBot/7.0; +http://ahrefs.com/robot/)" "pattifamily.net"
114.119.154.13 - - [20/Sep/2022:16:45:53 -0700] "GET /1974/Wedding/?C=D%3BO%3DA HTTP/1.1" 200 1594 "http://www.pattifamily.net/1974/Wedding/?C=N%3BO%3DD" "Mozilla/5.0 (Linux; Android 7.0;) AppleWebKit/537.36 (KHTML, like Gecko) Mobile Safari/537.36 (compatible; PetalBot;+https://webmaster.petalsearch.com/site/petalbot)" "www.pattifamily.net"
51.222.253.12 - - [20/Sep/2022:16:46:05 -0700] "GET /pictures/2004_11_04/ HTTP/1.1" 200 426 "-" "Mozilla/5.0 (compatible; AhrefsBot/7.0; +http://ahrefs.com/robot/)" "pattifamily.net"
51.222.253.16 - - [20/Sep/2022:16:49:55 -0700] "GET /pictures/2006_06_09/?C=S;O=D HTTP/1.1" 200 397 "-" "Mozilla/5.0 (compatible; AhrefsBot/7.0; +http://ahrefs.com/robot/)" "pattifamily.net"
51.222.253.15 - - [20/Sep/2022:16:53:51 -0700] "GET /pictures/2004_11_03/?C=D;O=A HTTP/1.1" 200 426 "-" "Mozilla/5.0 (compatible; AhrefsBot/7.0; +http://ahrefs.com/robot/)" "pattifamily.net"
51.222.253.19 - - [20/Sep/2022:16:57:47 -0700] "GET /1992/Patti/August211992/?C=M;O=A HTTP/1.1" 200 644 "-" "Mozilla/5.0 (compatible; AhrefsBot/7.0; +http://ahrefs.com/robot/)" "pattifamily.net"
51.222.253.17 - - [20/Sep/2022:17:01:46 -0700] "GET /1992/Patti/August211992/?C=D;O=A HTTP/1.1" 200 644 "-" "Mozilla/5.0 (compatible; AhrefsBot/7.0; +http://ahrefs.com/robot/)" "pattifamily.net"
114.119.154.155 - - [20/Sep/2022:17:04:00 -0700] "GET /1970/Patti/?C=D%3BO%3DA HTTP/1.1" 200 805 "https://pattifamily.net/1970/Patti/" "Mozilla/5.0 (Linux; Android 7.0;) AppleWebKit/537.36 (KHTML, like Gecko) Mobile Safari/537.36 (compatible; PetalBot;+https://webmaster.petalsearch.com/site/petalbot)" "pattifamily.net"
51.222.253.20 - - [20/Sep/2022:17:05:57 -0700] "GET /pictures/2005_10_05/ HTTP/1.1" 200 403 "-" "Mozilla/5.0 (compatible; AhrefsBot/7.0; +http://ahrefs.com/robot/)" "pattifamily.net"
51.222.253.12 - - [20/Sep/2022:17:10:19 -0700] "GET /pictures/2004_11_03/?C=M;O=A HTTP/1.1" 200 426 "-" "Mozilla/5.0 (compatible; AhrefsBot/7.0; +http://ahrefs.com/robot/)" "pattifamily.net"
51.222.253.2 - - [20/Sep/2022:17:14:27 -0700] "GET /1993/Patti/March81993/?C=S;O=D HTTP/1.1" 200 619 "-" "Mozilla/5.0 (compatible; AhrefsBot/7.0; +http://ahrefs.com/robot/)" "pattifamily.net"
51.222.253.17 - - [20/Sep/2022:17:18:47 -0700] "GET /pictures/2006_04_26/?C=M;O=D HTTP/1.1" 200 419 "-" "Mozilla/5.0 (compatible; AhrefsBot/7.0; +http://ahrefs.com/robot/)" "pattifamily.net"
114.119.154.14 - - [20/Sep/2022:17:22:14 -0700] "GET /2001/?C=N%3BO%3DD HTTP/1.1" 200 5095 "http://www.pattifamily.net/2001/?C=S%3BO%3DA" "Mozilla/5.0 (Linux; Android 7.0;) AppleWebKit/537.36 (KHTML, like Gecko) Mobile Safari/537.36 (compatible; PetalBot;+https://webmaster.petalsearch.com/site/petalbot)" "www.pattifamily.net"
51.222.253.8 - - [20/Sep/2022:17:23:01 -0700] "GET /pictures/2006_03_20/?C=N;O=D HTTP/1.1" 200 397 "-" "Mozilla/5.0 (compatible; AhrefsBot/7.0; +http://ahrefs.com/robot/)" "pattifamily.net"
51.222.253.18 - - [20/Sep/2022:17:26:59 -0700] "GET /pictures/2004_11_03/?C=S;O=A HTTP/1.1" 200 428 "-" "Mozilla/5.0 (compatible; AhrefsBot/7.0; +http://ahrefs.com/robot/)" "pattifamily.net"
51.222.253.5 - - [20/Sep/2022:17:30:45 -0700] "GET /1980/ HTTP/1.1" 200 376 "-" "Mozilla/5.0 (compatible; AhrefsBot/7.0; +http://ahrefs.com/robot/)" "pattifamily.net"
51.222.253.3 - - [20/Sep/2022:17:34:04 -0700] "GET /1993/Patti/March81993/?C=M;O=D HTTP/1.1" 200 630 "-" "Mozilla/5.0 (compatible; AhrefsBot/7.0; +http://ahrefs.com/robot/)" "pattifamily.net"
51.222.253.7 - - [20/Sep/2022:17:37:36 -0700] "GET /pictures/2006_06_10/?C=S;O=D HTTP/1.1" 200 424 "-" "Mozilla/5.0 (compatible; AhrefsBot/7.0; +http://ahrefs.com/robot/)" "pattifamily.net"
114.119.154.155 - - [20/Sep/2022:17:40:27 -0700] "GET /1980/Patti/?C=M%3BO%3DA HTTP/1.1" 200 1725 "https://pattifamily.net/1980/Patti/?C=N%3BO%3DD" "Mozilla/5.0 (Linux; Android 7.0;) AppleWebKit/537.36 (KHTML, like Gecko) Mobile Safari/537.36 (compatible; PetalBot;+https://webmaster.petalsearch.com/site/petalbot)" "pattifamily.net"
51.222.253.13 - - [20/Sep/2022:17:41:01 -0700] "GET /march2006.html HTTP/1.1" 200 751 "-" "Mozilla/5.0 (compatible; AhrefsBot/7.0; +http://ahrefs.com/robot/)" "pattifamily.net"
51.222.253.2 - - [20/Sep/2022:17:44:24 -0700] "GET /pictures/2005_10_27/ HTTP/1.1" 200 404 "-" "Mozilla/5.0 (compatible; AhrefsBot/7.0; +http://ahrefs.com/robot/)" "pattifamily.net"
51.222.253.1 - - [20/Sep/2022:17:47:36 -0700] "GET /1997/?C=M;O=D HTTP/1.1" 200 374 "-" "Mozilla/5.0 (compatible; AhrefsBot/7.0; +http://ahrefs.com/robot/)" "pattifamily.net"
51.222.253.11 - - [20/Sep/2022:17:51:24 -0700] "GET /1994/Patti/January241994/?C=S;O=D HTTP/1.1" 200 1495 "-" "Mozilla/5.0 (compatible; AhrefsBot/7.0; +http://ahrefs.com/robot/)" "pattifamily.net"
51.222.253.13 - - [20/Sep/2022:17:54:42 -0700] "GET /pictures/2005_02_18/?C=S;O=A HTTP/1.1" 200 426 "-" "Mozilla/5.0 (compatible; AhrefsBot/7.0; +http://ahrefs.com/robot/)" "pattifamily.net"
114.119.154.124 - - [20/Sep/2022:17:55:37 -0700] "GET /1989/Patti/?C=N%3BO%3DD HTTP/1.1" 200 2056 "http://pattifamily.net/1989/Patti/?C=M%3BO%3DA" "Mozilla/5.0 (Linux; Android 7.0;) AppleWebKit/537.36 (KHTML, like Gecko) Mobile Safari/537.36 (compatible; PetalBot;+https://webmaster.petalsearch.com/site/petalbot)" "pattifamily.net"
51.222.253.10 - - [20/Sep/2022:17:58:04 -0700] "GET /pictures/2006_01_06/?C=S;O=D HTTP/1.1" 200 434 "-" "Mozilla/5.0 (compatible; AhrefsBot/7.0; +http://ahrefs.com/robot/)" "pattifamily.net"
51.222.253.2 - - [20/Sep/2022:18:01:22 -0700] "GET /pictures/2006_05_06/?C=M;O=D HTTP/1.1" 200 434 "-" "Mozilla/5.0 (compatible; AhrefsBot/7.0; +http://ahrefs.com/robot/)" "pattifamily.net"
114.119.154.14 - - [20/Sep/2022:18:03:36 -0700] "GET /1988/Lubold/?C=N%3BO%3DD HTTP/1.1" 200 1197 "https://pattifamily.net/1988/Lubold/?C=D%3BO%3DA" "Mozilla/5.0 (Linux; Android 7.0;) AppleWebKit/537.36 (KHTML, like Gecko) Mobile Safari/537.36 (compatible; PetalBot;+https://webmaster.petalsearch.com/site/petalbot)" "pattifamily.net"
51.222.253.7 - - [20/Sep/2022:18:04:50 -0700] "GET /pictures/2005_02_18/?C=D;O=A HTTP/1.1" 200 426 "-" "Mozilla/5.0 (compatible; AhrefsBot/7.0; +http://ahrefs.com/robot/)" "pattifamily.net"
51.222.253.4 - - [20/Sep/2022:18:08:16 -0700] "GET /pictures/2006_05_18/?C=D;O=D HTTP/1.1" 200 384 "-" "Mozilla/5.0 (compatible; AhrefsBot/7.0; +http://ahrefs.com/robot/)" "pattifamily.net"
40.77.167.6 - - [20/Sep/2022:18:10:30 -0700] "GET /pictures/2005_01_01/ HTTP/1.1" 200 384 "-" "Mozilla/5.0 (compatible; bingbot/2.0; +http://www.bing.com/bingbot.htm)" "pattifamily.net"
51.222.253.20 - - [20/Sep/2022:18:11:45 -0700] "GET /1988/?C=D;O=D HTTP/1.1" 200 369 "-" "Mozilla/5.0 (compatible; AhrefsBot/7.0; +http://ahrefs.com/robot/)" "pattifamily.net"
114.119.154.14 - - [20/Sep/2022:18:12:19 -0700] "GET /1997/Lubold/?C=S%3BO%3DA HTTP/1.1" 200 457 "http://www.pattifamily.net/1997/Lubold/?C=N%3BO%3DD" "Mozilla/5.0 (Linux; Android 7.0;) AppleWebKit/537.36 (KHTML, like Gecko) Mobile Safari/537.36 (compatible; PetalBot;+https://webmaster.petalsearch.com/site/petalbot)" "www.pattifamily.net"
42.83.147.34 - - [20/Sep/2022:18:14:13 -0700] "GET / HTTP/1.1" 200 2014 "-" "Mozilla/5.0 (Windows NT 6.1; Win64; x64) AppleWebKit/537.36 (KHTML, like Gecko)Chrome/74.0.3729.169 Safari/537.36" "pattifamily.net"
51.222.253.7 - - [20/Sep/2022:18:15:08 -0700] "GET /pictures/2004_12_27/?C=D;O=D HTTP/1.1" 200 424 "-" "Mozilla/5.0 (compatible; AhrefsBot/7.0; +http://ahrefs.com/robot/)" "pattifamily.net"
51.222.253.10 - - [20/Sep/2022:18:19:06 -0700] "GET /pictures/2006_06_15/?C=M;O=D HTTP/1.1" 200 494 "-" "Mozilla/5.0 (compatible; AhrefsBot/7.0; +http://ahrefs.com/robot/)" "pattifamily.net"
114.119.154.115 - - [20/Sep/2022:18:22:25 -0700] "GET /1982/Lubold/?C=M%3BO%3DA HTTP/1.1" 200 2965 "http://www.pattifamily.net/1982/Lubold/?C=N%3BO%3DD" "Mozilla/5.0 (Linux; Android 7.0;) AppleWebKit/537.36 (KHTML, like Gecko) Mobile Safari/537.36 (compatible; PetalBot;+https://webmaster.petalsearch.com/site/petalbot)" "www.pattifamily.net"
51.222.253.7 - - [20/Sep/2022:18:22:51 -0700] "GET /pictures/2005_10_13/ HTTP/1.1" 200 465 "-" "Mozilla/5.0 (compatible; AhrefsBot/7.0; +http://ahrefs.com/robot/)" "pattifamily.net"
51.222.253.4 - - [20/Sep/2022:18:26:33 -0700] "GET /1988/?C=M;O=D HTTP/1.1" 200 371 "-" "Mozilla/5.0 (compatible; AhrefsBot/7.0; +http://ahrefs.com/robot/)" "pattifamily.net"
51.222.253.7 - - [20/Sep/2022:18:30:14 -0700] "GET /pictures/2006_03_11/?C=S;O=D HTTP/1.1" 200 419 "-" "Mozilla/5.0 (compatible; AhrefsBot/7.0; +http://ahrefs.com/robot/)" "pattifamily.net"
114.119.154.124 - - [20/Sep/2022:18:33:34 -0700] "GET /1982/Lubold/?C=M%3BO%3DA HTTP/1.1" 200 2965 "https://pattifamily.net/1982/Lubold/?C=D%3BO%3DA" "Mozilla/5.0 (Linux; Android 7.0;) AppleWebKit/537.36 (KHTML, like Gecko) Mobile Safari/537.36 (compatible; PetalBot;+https://webmaster.petalsearch.com/site/petalbot)" "pattifamily.net"
51.222.253.18 - - [20/Sep/2022:18:34:02 -0700] "GET /pictures/2006_02_04/?C=S;O=D HTTP/1.1" 200 436 "-" "Mozilla/5.0 (compatible; AhrefsBot/7.0; +http://ahrefs.com/robot/)" "pattifamily.net"
51.222.253.19 - - [20/Sep/2022:18:37:58 -0700] "GET /1992/Patti/August211992/?C=N;O=A HTTP/1.1" 200 644 "-" "Mozilla/5.0 (compatible; AhrefsBot/7.0; +http://ahrefs.com/robot/)" "pattifamily.net"
51.222.253.1 - - [20/Sep/2022:18:41:48 -0700] "GET /pictures/2006_06_09/?C=M;O=D HTTP/1.1" 200 397 "-" "Mozilla/5.0 (compatible; AhrefsBot/7.0; +http://ahrefs.com/robot/)" "pattifamily.net"
114.119.154.135 - - [20/Sep/2022:18:45:38 -0700] "GET /1992/Patti/December281992/?C=S%3BO%3DA HTTP/1.1" 200 879 "https://pattifamily.net/1992/Patti/December281992/?C=M%3BO%3DA" "Mozilla/5.0 (Linux; Android 7.0;) AppleWebKit/537.36 (KHTML, like Gecko) Mobile Safari/537.36 (compatible; PetalBot;+https://webmaster.petalsearch.com/site/petalbot)" "pattifamily.net"
51.222.253.11 - - [20/Sep/2022:18:45:50 -0700] "GET /pictures/2005_01_23/?C=S;O=D HTTP/1.1" 200 421 "-" "Mozilla/5.0 (compatible; AhrefsBot/7.0; +http://ahrefs.com/robot/)" "pattifamily.net"
51.222.253.12 - - [20/Sep/2022:18:49:18 -0700] "GET /pictures/2006_02_09/?C=S;O=D HTTP/1.1" 200 422 "-" "Mozilla/5.0 (compatible; AhrefsBot/7.0; +http://ahrefs.com/robot/)" "pattifamily.net"
114.119.154.13 - - [20/Sep/2022:18:51:45 -0700] "GET /1971/Patti/?C=N%3BO%3DD HTTP/1.1" 200 3250 "https://pattifamily.net/1971/Patti/?C=D%3BO%3DA" "Mozilla/5.0 (Linux; Android 7.0;) AppleWebKit/537.36 (KHTML, like Gecko) Mobile Safari/537.36 (compatible; PetalBot;+https://webmaster.petalsearch.com/site/petalbot)" "pattifamily.net"
51.222.253.7 - - [20/Sep/2022:18:53:10 -0700] "GET /pictures/2004_11_20/?C=N;O=D HTTP/1.1" 200 407 "-" "Mozilla/5.0 (compatible; AhrefsBot/7.0; +http://ahrefs.com/robot/)" "pattifamily.net"
51.222.253.20 - - [20/Sep/2022:18:56:59 -0700] "GET /pictures/2006_04_09/?C=S;O=D HTTP/1.1" 200 402 "-" "Mozilla/5.0 (compatible; AhrefsBot/7.0; +http://ahrefs.com/robot/)" "pattifamily.net"
114.119.154.124 - - [20/Sep/2022:18:57:41 -0700] "GET /1982/Lubold/?C=D%3BO%3DA HTTP/1.1" 200 2965 "https://pattifamily.net/1982/Lubold/" "Mozilla/5.0 (Linux; Android 7.0;) AppleWebKit/537.36 (KHTML, like Gecko) Mobile Safari/537.36 (compatible; PetalBot;+https://webmaster.petalsearch.com/site/petalbot)" "pattifamily.net"
51.222.253.4 - - [20/Sep/2022:19:00:49 -0700] "GET /pictures/2005_01_03/?C=N;O=D HTTP/1.1" 200 384 "-" "Mozilla/5.0 (compatible; AhrefsBot/7.0; +http://ahrefs.com/robot/)" "pattifamily.net"
51.222.253.20 - - [20/Sep/2022:19:04:55 -0700] "GET /pictures/2006_03_14/?C=S;O=A HTTP/1.1" 200 484 "-" "Mozilla/5.0 (compatible; AhrefsBot/7.0; +http://ahrefs.com/robot/)" "pattifamily.net"
51.222.253.15 - - [20/Sep/2022:19:08:47 -0700] "GET /familytree/?C=S;O=D HTTP/1.1" 200 2428 "-" "Mozilla/5.0 (compatible; AhrefsBot/7.0; +http://ahrefs.com/robot/)" "pattifamily.net"
114.119.154.115 - - [20/Sep/2022:19:09:02 -0700] "GET /1992/?C=D%3BO%3DA HTTP/1.1" 200 379 "https://pattifamily.net/1992/?C=N%3BO%3DD" "Mozilla/5.0 (Linux; Android 7.0;) AppleWebKit/537.36 (KHTML, like Gecko) Mobile Safari/537.36 (compatible; PetalBot;+https://webmaster.petalsearch.com/site/petalbot)" "pattifamily.net"
51.222.253.7 - - [20/Sep/2022:19:12:23 -0700] "GET /pictures/2006_03_14/?C=M;O=A HTTP/1.1" 200 489 "-" "Mozilla/5.0 (compatible; AhrefsBot/7.0; +http://ahrefs.com/robot/)" "pattifamily.net"
114.119.154.14 - - [20/Sep/2022:19:14:54 -0700] "GET /1996/Patti/January311996/?C=D%3BO%3DA HTTP/1.1" 200 1388 "https://pattifamily.net/1996/Patti/January311996/?C=N%3BO%3DD" "Mozilla/5.0 (Linux; Android 7.0;) AppleWebKit/537.36 (KHTML, like Gecko) Mobile Safari/537.36 (compatible; PetalBot;+https://webmaster.petalsearch.com/site/petalbot)" "pattifamily.net"
51.222.253.20 - - [20/Sep/2022:19:15:56 -0700] "GET /pictures/2006_05_26/?C=N;O=D HTTP/1.1" 200 949 "-" "Mozilla/5.0 (compatible; AhrefsBot/7.0; +http://ahrefs.com/robot/)" "pattifamily.net"
51.222.253.9 - - [20/Sep/2022:19:19:36 -0700] "GET /1986/Lubold/?C=M;O=D HTTP/1.1" 200 814 "-" "Mozilla/5.0 (compatible; AhrefsBot/7.0; +http://ahrefs.com/robot/)" "pattifamily.net"
114.119.154.161 - - [20/Sep/2022:19:20:47 -0700] "GET /pictures/2006_05_09/?C=N%3BO%3DD HTTP/1.1" 200 405 "http://www.pattifamily.net/pictures/2006_05_09/" "Mozilla/5.0 (Linux; Android 7.0;) AppleWebKit/537.36 (KHTML, like Gecko) Mobile Safari/537.36 (compatible; PetalBot;+https://webmaster.petalsearch.com/site/petalbot)" "www.pattifamily.net"
51.222.253.18 - - [20/Sep/2022:19:23:12 -0700] "GET /pictures/2006_03_14/?C=D;O=A HTTP/1.1" 200 489 "-" "Mozilla/5.0 (compatible; AhrefsBot/7.0; +http://ahrefs.com/robot/)" "pattifamily.net"
114.119.154.115 - - [20/Sep/2022:19:26:26 -0700] "GET /carolandfrank.htm HTTP/1.1" 200 1370 "https://pattifamily.net/?C=M%3BO%3DA" "Mozilla/5.0 (Linux; Android 7.0;) AppleWebKit/537.36 (KHTML, like Gecko) Mobile Safari/537.36 (compatible; PetalBot;+https://webmaster.petalsearch.com/site/petalbot)" "pattifamily.net"
51.222.253.15 - - [20/Sep/2022:19:26:51 -0700] "GET /pictures/2006_04_07/?C=S;O=D HTTP/1.1" 200 423 "-" "Mozilla/5.0 (compatible; AhrefsBot/7.0; +http://ahrefs.com/robot/)" "pattifamily.net"
51.222.253.9 - - [20/Sep/2022:19:30:37 -0700] "GET /1991/?C=M;O=D HTTP/1.1" 200 375 "-" "Mozilla/5.0 (compatible; AhrefsBot/7.0; +http://ahrefs.com/robot/)" "pattifamily.net"
114.119.154.115 - - [20/Sep/2022:19:31:28 -0700] "GET /1997/?C=S%3BO%3DA HTTP/1.1" 200 375 "http://pattifamily.net/1997/?C=D%3BO%3DA" "Mozilla/5.0 (Linux; Android 7.0;) AppleWebKit/537.36 (KHTML, like Gecko) Mobile Safari/537.36 (compatible; PetalBot;+https://webmaster.petalsearch.com/site/petalbot)" "pattifamily.net"
51.222.253.6 - - [20/Sep/2022:19:34:20 -0700] "GET /pictures/2005_10_14/?C=N;O=D HTTP/1.1" 200 440 "-" "Mozilla/5.0 (compatible; AhrefsBot/7.0; +http://ahrefs.com/robot/)" "pattifamily.net"
114.119.154.13 - - [20/Sep/2022:19:36:28 -0700] "GET /1993/Patti/March81993/ HTTP/1.1" 200 627 "http://www.pattifamily.net/1993/Patti/?C=D%3BO%3DA" "Mozilla/5.0 (Linux; Android 7.0;) AppleWebKit/537.36 (KHTML, like Gecko) Mobile Safari/537.36 (compatible; PetalBot;+https://webmaster.petalsearch.com/site/petalbot)" "www.pattifamily.net"
51.222.253.18 - - [20/Sep/2022:19:38:23 -0700] "GET /1993/Patti/?C=M;O=A HTTP/1.1" 200 499 "-" "Mozilla/5.0 (compatible; AhrefsBot/7.0; +http://ahrefs.com/robot/)" "pattifamily.net"
114.119.154.13 - - [20/Sep/2022:19:41:30 -0700] "GET /pattiyankees.html HTTP/1.1" 200 788 "http://www.pattifamily.net/?C=S%3BO%3DA" "Mozilla/5.0 (Linux; Android 7.0;) AppleWebKit/537.36 (KHTML, like Gecko) Mobile Safari/537.36 (compatible; PetalBot;+https://webmaster.petalsearch.com/site/petalbot)" "www.pattifamily.net"
51.222.253.8 - - [20/Sep/2022:19:42:04 -0700] "GET /1993/Patti/?C=D;O=A HTTP/1.1" 200 498 "-" "Mozilla/5.0 (compatible; AhrefsBot/7.0; +http://ahrefs.com/robot/)" "pattifamily.net"
51.222.253.19 - - [20/Sep/2022:19:46:14 -0700] "GET /pictures/2006_04_10/?C=N;O=A HTTP/1.1" 200 423 "-" "Mozilla/5.0 (compatible; AhrefsBot/7.0; +http://ahrefs.com/robot/)" "pattifamily.net"
114.119.154.135 - - [20/Sep/2022:19:46:31 -0700] "GET /1999/Lubold/?C=S%3BO%3DA HTTP/1.1" 200 2341 "https://pattifamily.net/1999/Lubold/" "Mozilla/5.0 (Linux; Android 7.0;) AppleWebKit/537.36 (KHTML, like Gecko) Mobile Safari/537.36 (compatible; PetalBot;+https://webmaster.petalsearch.com/site/petalbot)" "pattifamily.net"
51.222.253.2 - - [20/Sep/2022:19:49:54 -0700] "GET /pictures/2006_05_27/?C=S;O=D HTTP/1.1" 200 643 "-" "Mozilla/5.0 (compatible; AhrefsBot/7.0; +http://ahrefs.com/robot/)" "pattifamily.net"
114.119.154.115 - - [20/Sep/2022:19:51:31 -0700] "GET /2005/?C=M%3BO%3DA HTTP/1.1" 200 2906 "https://pattifamily.net/2005/?C=S%3BO%3DA" "Mozilla/5.0 (Linux; Android 7.0;) AppleWebKit/537.36 (KHTML, like Gecko) Mobile Safari/537.36 (compatible; PetalBot;+https://webmaster.petalsearch.com/site/petalbot)" "pattifamily.net"
51.222.253.17 - - [20/Sep/2022:19:53:48 -0700] "GET /pictures/2005_06_06/?C=S;O=A HTTP/1.1" 200 415 "-" "Mozilla/5.0 (compatible; AhrefsBot/7.0; +http://ahrefs.com/robot/)" "pattifamily.net"
114.119.154.124 - - [20/Sep/2022:19:56:31 -0700] "GET /1994/Patti/August231994/?C=N%3BO%3DD HTTP/1.1" 200 870 "http://www.pattifamily.net/1994/Patti/August231994/?C=S%3BO%3DA" "Mozilla/5.0 (Linux; Android 7.0;) AppleWebKit/537.36 (KHTML, like Gecko) Mobile Safari/537.36 (compatible; PetalBot;+https://webmaster.petalsearch.com/site/petalbot)" "www.pattifamily.net"
51.222.253.14 - - [20/Sep/2022:19:57:33 -0700] "GET /pictures/2005_01_03/?C=N;O=A HTTP/1.1" 200 385 "-" "Mozilla/5.0 (compatible; AhrefsBot/7.0; +http://ahrefs.com/robot/)" "pattifamily.net"
40.77.167.7 - - [20/Sep/2022:20:00:21 -0700] "GET /pictures/2005_09_13/ HTTP/1.1" 200 414 "-" "Mozilla/5.0 (compatible; bingbot/2.0; +http://www.bing.com/bingbot.htm)" "pattifamily.net"
51.222.253.13 - - [20/Sep/2022:20:01:21 -0700] "GET /1991/Patti/ HTTP/1.1" 200 916 "-" "Mozilla/5.0 (compatible; AhrefsBot/7.0; +http://ahrefs.com/robot/)" "pattifamily.net"
114.119.154.124 - - [20/Sep/2022:20:01:31 -0700] "GET /1994/Patti/August231994/?C=M%3BO%3DA HTTP/1.1" 200 870 "http://www.pattifamily.net/1994/Patti/August231994/?C=S%3BO%3DA" "Mozilla/5.0 (Linux; Android 7.0;) AppleWebKit/537.36 (KHTML, like Gecko) Mobile Safari/537.36 (compatible; PetalBot;+https://webmaster.petalsearch.com/site/petalbot)" "www.pattifamily.net"
51.222.253.17 - - [20/Sep/2022:20:05:12 -0700] "GET /pictures/2006_04_08/?C=N;O=D HTTP/1.1" 200 470 "-" "Mozilla/5.0 (compatible; AhrefsBot/7.0; +http://ahrefs.com/robot/)" "pattifamily.net"
114.119.154.13 - - [20/Sep/2022:20:06:32 -0700] "GET /1999/Patti/ HTTP/1.1" 200 1958 "https://pattifamily.net/1999/?C=M%3BO%3DA" "Mozilla/5.0 (Linux; Android 7.0;) AppleWebKit/537.36 (KHTML, like Gecko) Mobile Safari/537.36 (compatible; PetalBot;+https://webmaster.petalsearch.com/site/petalbot)" "pattifamily.net"
51.222.253.3 - - [20/Sep/2022:20:08:57 -0700] "GET /pictures/2005_06_06/?C=D;O=A HTTP/1.1" 200 415 "-" "Mozilla/5.0 (compatible; AhrefsBot/7.0; +http://ahrefs.com/robot/)" "pattifamily.net"
114.119.154.155 - - [20/Sep/2022:20:11:31 -0700] "GET /1973/Patti/?C=D%3BO%3DA HTTP/1.1" 200 3560 "http://pattifamily.net/1973/Patti/?C=S%3BO%3DA" "Mozilla/5.0 (Linux; Android 7.0;) AppleWebKit/537.36 (KHTML, like Gecko) Mobile Safari/537.36 (compatible; PetalBot;+https://webmaster.petalsearch.com/site/petalbot)" "pattifamily.net"
51.222.253.6 - - [20/Sep/2022:20:12:28 -0700] "GET /pictures/2004_10_23/?C=M;O=D HTTP/1.1" 200 556 "-" "Mozilla/5.0 (compatible; AhrefsBot/7.0; +http://ahrefs.com/robot/)" "pattifamily.net"
51.222.253.19 - - [20/Sep/2022:20:16:10 -0700] "GET /pictures/2005_06_06/?C=M;O=A HTTP/1.1" 200 416 "-" "Mozilla/5.0 (compatible; AhrefsBot/7.0; +http://ahrefs.com/robot/)" "pattifamily.net"
114.119.154.13 - - [20/Sep/2022:20:16:32 -0700] "GET /pattixmas2.html HTTP/1.1" 200 2066 "https://pattifamily.net/?C=M%3BO%3DA" "Mozilla/5.0 (Linux; Android 7.0;) AppleWebKit/537.36 (KHTML, like Gecko) Mobile Safari/537.36 (compatible; PetalBot;+https://webmaster.petalsearch.com/site/petalbot)" "pattifamily.net"
51.222.253.7 - - [20/Sep/2022:20:20:12 -0700] "GET /pictures/2004_10_23/?C=S;O=D HTTP/1.1" 200 563 "-" "Mozilla/5.0 (compatible; AhrefsBot/7.0; +http://ahrefs.com/robot/)" "pattifamily.net"
114.119.154.115 - - [20/Sep/2022:20:21:32 -0700] "GET /1982/Lubold/?C=S%3BO%3DA HTTP/1.1" 200 2965 "https://pattifamily.net/1982/Lubold/" "Mozilla/5.0 (Linux; Android 7.0;) AppleWebKit/537.36 (KHTML, like Gecko) Mobile Safari/537.36 (compatible; PetalBot;+https://webmaster.petalsearch.com/site/petalbot)" "pattifamily.net"
51.222.253.2 - - [20/Sep/2022:20:24:25 -0700] "GET /pictures/2006_05_14/?C=N;O=D HTTP/1.1" 200 394 "-" "Mozilla/5.0 (compatible; AhrefsBot/7.0; +http://ahrefs.com/robot/)" "pattifamily.net"
51.222.253.16 - - [20/Sep/2022:20:28:31 -0700] "GET /pictures/2005_11_27/?C=D;O=A HTTP/1.1" 200 466 "-" "Mozilla/5.0 (compatible; AhrefsBot/7.0; +http://ahrefs.com/robot/)" "pattifamily.net"
114.119.154.115 - - [20/Sep/2022:20:31:32 -0700] "GET /1980/?C=N%3BO%3DD HTTP/1.1" 200 376 "http://www.pattifamily.net/1980/?C=D%3BO%3DA" "Mozilla/5.0 (Linux; Android 7.0;) AppleWebKit/537.36 (KHTML, like Gecko) Mobile Safari/537.36 (compatible; PetalBot;+https://webmaster.petalsearch.com/site/petalbot)" "www.pattifamily.net"
51.222.253.17 - - [20/Sep/2022:20:32:38 -0700] "GET /pictures/2006_03_06/?C=S;O=D HTTP/1.1" 200 422 "-" "Mozilla/5.0 (compatible; AhrefsBot/7.0; +http://ahrefs.com/robot/)" "pattifamily.net"
114.119.154.115 - - [20/Sep/2022:20:36:32 -0700] "GET /1999/?C=D%3BO%3DA HTTP/1.1" 200 375 "http://www.pattifamily.net/1999/?C=N%3BO%3DD" "Mozilla/5.0 (Linux; Android 7.0;) AppleWebKit/537.36 (KHTML, like Gecko) Mobile Safari/537.36 (compatible; PetalBot;+https://webmaster.petalsearch.com/site/petalbot)" "www.pattifamily.net"
51.222.253.16 - - [20/Sep/2022:20:36:42 -0700] "GET /pictures/2006_03_01/?C=S;O=A HTTP/1.1" 200 406 "-" "Mozilla/5.0 (compatible; AhrefsBot/7.0; +http://ahrefs.com/robot/)" "pattifamily.net"
51.222.253.1 - - [20/Sep/2022:20:40:53 -0700] "GET /pictures/2005_11_27/?C=S;O=A HTTP/1.1" 200 464 "-" "Mozilla/5.0 (compatible; AhrefsBot/7.0; +http://ahrefs.com/robot/)" "pattifamily.net"
114.119.154.115 - - [20/Sep/2022:20:41:34 -0700] "GET /1993/Patti/March81993/?C=N%3BO%3DD HTTP/1.1" 200 627 "https://pattifamily.net/1993/Patti/March81993/?C=S%3BO%3DA" "Mozilla/5.0 (Linux; Android 7.0;) AppleWebKit/537.36 (KHTML, like Gecko) Mobile Safari/537.36 (compatible; PetalBot;+https://webmaster.petalsearch.com/site/petalbot)" "pattifamily.net"
51.222.253.16 - - [20/Sep/2022:20:45:08 -0700] "GET /1993/Patti/?C=N;O=A HTTP/1.1" 200 498 "-" "Mozilla/5.0 (compatible; AhrefsBot/7.0; +http://ahrefs.com/robot/)" "pattifamily.net"
65.108.64.210 - - [20/Sep/2022:20:46:17 -0700] "GET /robots.txt HTTP/1.1" 404 73 "-" "Mozilla/5.0 (compatible; MJ12bot/v1.4.8; http://mj12bot.com/)" "www.pattifamily.net"
65.108.64.210 - - [20/Sep/2022:20:46:19 -0700] "GET /december2004.htm HTTP/1.1" 200 798 "-" "Mozilla/5.0 (compatible; MJ12bot/v1.4.8; http://mj12bot.com/)" "www.pattifamily.net"
65.108.64.210 - - [20/Sep/2022:20:46:21 -0700] "GET /pictures/ HTTP/1.1" 200 480 "-" "Mozilla/5.0 (compatible; MJ12bot/v1.4.8; http://mj12bot.com/)" "www.pattifamily.net"
114.119.154.14 - - [20/Sep/2022:20:46:32 -0700] "GET /2000/Patti/ HTTP/1.1" 200 1546 "http://www.pattifamily.net/2000/?C=N%3BO%3DD" "Mozilla/5.0 (Linux; Android 7.0;) AppleWebKit/537.36 (KHTML, like Gecko) Mobile Safari/537.36 (compatible; PetalBot;+https://webmaster.petalsearch.com/site/petalbot)" "www.pattifamily.net"
107.72.162.23 - - [20/Sep/2022:20:48:10 -0700] "GET / HTTP/1.1" 200 2014 "-" "Mozilla/5.0 (iPhone; CPU iPhone OS 15_6_1 like Mac OS X) AppleWebKit/605.1.15 (KHTML, like Gecko) Version/15.6.1 Mobile/15E148 Safari/604.1" "pattifamily.net"
107.72.162.23 - - [20/Sep/2022:20:48:11 -0700] "GET /favicon.ico HTTP/1.1" 404 88 "http://pattifamily.net/" "Mozilla/5.0 (iPhone; CPU iPhone OS 15_6_1 like Mac OS X) AppleWebKit/605.1.15 (KHTML, like Gecko) Version/15.6.1 Mobile/15E148 Safari/604.1" "pattifamily.net"
107.72.162.23 - - [20/Sep/2022:20:48:16 -0700] "GET /1982/ HTTP/1.1" 200 352 "http://pattifamily.net/" "Mozilla/5.0 (iPhone; CPU iPhone OS 15_6_1 like Mac OS X) AppleWebKit/605.1.15 (KHTML, like Gecko) Version/15.6.1 Mobile/15E148 Safari/604.1" "pattifamily.net"
107.72.162.23 - - [20/Sep/2022:20:48:19 -0700] "GET /1982/Lubold/ HTTP/1.1" 200 2965 "http://pattifamily.net/1982/" "Mozilla/5.0 (iPhone; CPU iPhone OS 15_6_1 like Mac OS X) AppleWebKit/605.1.15 (KHTML, like Gecko) Version/15.6.1 Mobile/15E148 Safari/604.1" "pattifamily.net"
107.72.162.23 - - [20/Sep/2022:20:48:32 -0700] "GET /lubold80s.html HTTP/1.1" 200 8226 "http://pattifamily.net/" "Mozilla/5.0 (iPhone; CPU iPhone OS 15_6_1 like Mac OS X) AppleWebKit/605.1.15 (KHTML, like Gecko) Version/15.6.1 Mobile/15E148 Safari/604.1" "pattifamily.net"
107.72.162.23 - - [20/Sep/2022:20:48:32 -0700] "GET /1980/Lubold/001_160x106.jpg HTTP/1.1" 200 7635 "http://pattifamily.net/lubold80s.html" "Mozilla/5.0 (iPhone; CPU iPhone OS 15_6_1 like Mac OS X) AppleWebKit/605.1.15 (KHTML, like Gecko) Version/15.6.1 Mobile/15E148 Safari/604.1" "pattifamily.net"
107.72.162.23 - - [20/Sep/2022:20:48:32 -0700] "GET /1980/Lubold/002_80x120.jpg HTTP/1.1" 200 4517 "http://pattifamily.net/lubold80s.html" "Mozilla/5.0 (iPhone; CPU iPhone OS 15_6_1 like Mac OS X) AppleWebKit/605.1.15 (KHTML, like Gecko) Version/15.6.1 Mobile/15E148 Safari/604.1" "pattifamily.net"
107.72.162.23 - - [20/Sep/2022:20:48:32 -0700] "GET /1980/Lubold/033_80x120.jpg HTTP/1.1" 200 4045 "http://pattifamily.net/lubold80s.html" "Mozilla/5.0 (iPhone; CPU iPhone OS 15_6_1 like Mac OS X) AppleWebKit/605.1.15 (KHTML, like Gecko) Version/15.6.1 Mobile/15E148 Safari/604.1" "pattifamily.net"
107.72.162.23 - - [20/Sep/2022:20:48:32 -0700] "GET /1980/Lubold/025_79x120.jpg HTTP/1.1" 200 3973 "http://pattifamily.net/lubold80s.html" "Mozilla/5.0 (iPhone; CPU iPhone OS 15_6_1 like Mac OS X) AppleWebKit/605.1.15 (KHTML, like Gecko) Version/15.6.1 Mobile/15E148 Safari/604.1" "pattifamily.net"
107.72.162.23 - - [20/Sep/2022:20:48:32 -0700] "GET /1980/Lubold/019_79x120.jpg HTTP/1.1" 200 4137 "http://pattifamily.net/lubold80s.html" "Mozilla/5.0 (iPhone; CPU iPhone OS 15_6_1 like Mac OS X) AppleWebKit/605.1.15 (KHTML, like Gecko) Version/15.6.1 Mobile/15E148 Safari/604.1" "pattifamily.net"
107.72.162.23 - - [20/Sep/2022:20:48:32 -0700] "GET /1980/Lubold/039_160x106.jpg HTTP/1.1" 200 6474 "http://pattifamily.net/lubold80s.html" "Mozilla/5.0 (iPhone; CPU iPhone OS 15_6_1 like Mac OS X) AppleWebKit/605.1.15 (KHTML, like Gecko) Version/15.6.1 Mobile/15E148 Safari/604.1" "pattifamily.net"
107.72.162.23 - - [20/Sep/2022:20:48:32 -0700] "GET /1980/Lubold/038_160x106.jpg HTTP/1.1" 200 6113 "http://pattifamily.net/lubold80s.html" "Mozilla/5.0 (iPhone; CPU iPhone OS 15_6_1 like Mac OS X) AppleWebKit/605.1.15 (KHTML, like Gecko) Version/15.6.1 Mobile/15E148 Safari/604.1" "pattifamily.net"
107.72.162.23 - - [20/Sep/2022:20:48:32 -0700] "GET /1980/Lubold/013_80x120.jpg HTTP/1.1" 200 3971 "http://pattifamily.net/lubold80s.html" "Mozilla/5.0 (iPhone; CPU iPhone OS 15_6_1 like Mac OS X) AppleWebKit/605.1.15 (KHTML, like Gecko) Version/15.6.1 Mobile/15E148 Safari/604.1" "pattifamily.net"
107.72.162.23 - - [20/Sep/2022:20:48:32 -0700] "GET /1980/Lubold/017_80x120.jpg HTTP/1.1" 200 4588 "http://pattifamily.net/lubold80s.html" "Mozilla/5.0 (iPhone; CPU iPhone OS 15_6_1 like Mac OS X) AppleWebKit/605.1.15 (KHTML, like Gecko) Version/15.6.1 Mobile/15E148 Safari/604.1" "pattifamily.net"
107.72.162.23 - - [20/Sep/2022:20:48:32 -0700] "GET /1980/Lubold/037_160x106.jpg HTTP/1.1" 200 7241 "http://pattifamily.net/lubold80s.html" "Mozilla/5.0 (iPhone; CPU iPhone OS 15_6_1 like Mac OS X) AppleWebKit/605.1.15 (KHTML, like Gecko) Version/15.6.1 Mobile/15E148 Safari/604.1" "pattifamily.net"
107.72.162.23 - - [20/Sep/2022:20:48:32 -0700] "GET /1980/Lubold/020_160x106.jpg HTTP/1.1" 200 5572 "http://pattifamily.net/lubold80s.html" "Mozilla/5.0 (iPhone; CPU iPhone OS 15_6_1 like Mac OS X) AppleWebKit/605.1.15 (KHTML, like Gecko) Version/15.6.1 Mobile/15E148 Safari/604.1" "pattifamily.net"
107.72.162.23 - - [20/Sep/2022:20:48:32 -0700] "GET /1980/Lubold/041_79x120.jpg HTTP/1.1" 200 5442 "http://pattifamily.net/lubold80s.html" "Mozilla/5.0 (iPhone; CPU iPhone OS 15_6_1 like Mac OS X) AppleWebKit/605.1.15 (KHTML, like Gecko) Version/15.6.1 Mobile/15E148 Safari/604.1" "pattifamily.net"
107.72.162.23 - - [20/Sep/2022:20:48:32 -0700] "GET /1980/Lubold/027_160x106.jpg HTTP/1.1" 200 5815 "http://pattifamily.net/lubold80s.html" "Mozilla/5.0 (iPhone; CPU iPhone OS 15_6_1 like Mac OS X) AppleWebKit/605.1.15 (KHTML, like Gecko) Version/15.6.1 Mobile/15E148 Safari/604.1" "pattifamily.net"
107.72.162.23 - - [20/Sep/2022:20:48:32 -0700] "GET /1980/Lubold/021_160x106.jpg HTTP/1.1" 200 5643 "http://pattifamily.net/lubold80s.html" "Mozilla/5.0 (iPhone; CPU iPhone OS 15_6_1 like Mac OS X) AppleWebKit/605.1.15 (KHTML, like Gecko) Version/15.6.1 Mobile/15E148 Safari/604.1" "pattifamily.net"
107.72.162.23 - - [20/Sep/2022:20:48:32 -0700] "GET /1980/Lubold/029_160x106.jpg HTTP/1.1" 200 6938 "http://pattifamily.net/lubold80s.html" "Mozilla/5.0 (iPhone; CPU iPhone OS 15_6_1 like Mac OS X) AppleWebKit/605.1.15 (KHTML, like Gecko) Version/15.6.1 Mobile/15E148 Safari/604.1" "pattifamily.net"
107.72.162.23 - - [20/Sep/2022:20:48:32 -0700] "GET /1980/Lubold/011_160x106.jpg HTTP/1.1" 200 4137 "http://pattifamily.net/lubold80s.html" "Mozilla/5.0 (iPhone; CPU iPhone OS 15_6_1 like Mac OS X) AppleWebKit/605.1.15 (KHTML, like Gecko) Version/15.6.1 Mobile/15E148 Safari/604.1" "pattifamily.net"
107.72.162.23 - - [20/Sep/2022:20:48:32 -0700] "GET /1980/Lubold/031_160x106.jpg HTTP/1.1" 200 7194 "http://pattifamily.net/lubold80s.html" "Mozilla/5.0 (iPhone; CPU iPhone OS 15_6_1 like Mac OS X) AppleWebKit/605.1.15 (KHTML, like Gecko) Version/15.6.1 Mobile/15E148 Safari/604.1" "pattifamily.net"
107.72.162.23 - - [20/Sep/2022:20:48:32 -0700] "GET /1980/Lubold/009_160x106.jpg HTTP/1.1" 200 5501 "http://pattifamily.net/lubold80s.html" "Mozilla/5.0 (iPhone; CPU iPhone OS 15_6_1 like Mac OS X) AppleWebKit/605.1.15 (KHTML, like Gecko) Version/15.6.1 Mobile/15E148 Safari/604.1" "pattifamily.net"
107.72.162.23 - - [20/Sep/2022:20:48:32 -0700] "GET /1980/Lubold/043_80x120.jpg HTTP/1.1" 200 5408 "http://pattifamily.net/lubold80s.html" "Mozilla/5.0 (iPhone; CPU iPhone OS 15_6_1 like Mac OS X) AppleWebKit/605.1.15 (KHTML, like Gecko) Version/15.6.1 Mobile/15E148 Safari/604.1" "pattifamily.net"
107.72.162.23 - - [20/Sep/2022:20:48:32 -0700] "GET /1980/Lubold/005_160x106.jpg HTTP/1.1" 200 6802 "http://pattifamily.net/lubold80s.html" "Mozilla/5.0 (iPhone; CPU iPhone OS 15_6_1 like Mac OS X) AppleWebKit/605.1.15 (KHTML, like Gecko) Version/15.6.1 Mobile/15E148 Safari/604.1" "pattifamily.net"
107.72.162.23 - - [20/Sep/2022:20:48:32 -0700] "GET /1980/Lubold/022_79x120.jpg HTTP/1.1" 200 4175 "http://pattifamily.net/lubold80s.html" "Mozilla/5.0 (iPhone; CPU iPhone OS 15_6_1 like Mac OS X) AppleWebKit/605.1.15 (KHTML, like Gecko) Version/15.6.1 Mobile/15E148 Safari/604.1" "pattifamily.net"
107.72.162.23 - - [20/Sep/2022:20:48:32 -0700] "GET /1980/Lubold/028_160x106.jpg HTTP/1.1" 200 6351 "http://pattifamily.net/lubold80s.html" "Mozilla/5.0 (iPhone; CPU iPhone OS 15_6_1 like Mac OS X) AppleWebKit/605.1.15 (KHTML, like Gecko) Version/15.6.1 Mobile/15E148 Safari/604.1" "pattifamily.net"
107.72.162.23 - - [20/Sep/2022:20:48:32 -0700] "GET /1980/Lubold/036_160x106.jpg HTTP/1.1" 200 7896 "http://pattifamily.net/lubold80s.html" "Mozilla/5.0 (iPhone; CPU iPhone OS 15_6_1 like Mac OS X) AppleWebKit/605.1.15 (KHTML, like Gecko) Version/15.6.1 Mobile/15E148 Safari/604.1" "pattifamily.net"
107.72.162.23 - - [20/Sep/2022:20:48:32 -0700] "GET /1980/Lubold/014_160x106.jpg HTTP/1.1" 200 6149 "http://pattifamily.net/lubold80s.html" "Mozilla/5.0 (iPhone; CPU iPhone OS 15_6_1 like Mac OS X) AppleWebKit/605.1.15 (KHTML, like Gecko) Version/15.6.1 Mobile/15E148 Safari/604.1" "pattifamily.net"
107.72.162.23 - - [20/Sep/2022:20:48:32 -0700] "GET /1980/Lubold/044_80x120.jpg HTTP/1.1" 200 5363 "http://pattifamily.net/lubold80s.html" "Mozilla/5.0 (iPhone; CPU iPhone OS 15_6_1 like Mac OS X) AppleWebKit/605.1.15 (KHTML, like Gecko) Version/15.6.1 Mobile/15E148 Safari/604.1" "pattifamily.net"
107.72.162.23 - - [20/Sep/2022:20:48:32 -0700] "GET /1980/Lubold/026_160x106.jpg HTTP/1.1" 200 5848 "http://pattifamily.net/lubold80s.html" "Mozilla/5.0 (iPhone; CPU iPhone OS 15_6_1 like Mac OS X) AppleWebKit/605.1.15 (KHTML, like Gecko) Version/15.6.1 Mobile/15E148 Safari/604.1" "pattifamily.net"
107.72.162.23 - - [20/Sep/2022:20:48:32 -0700] "GET /1980/Lubold/015_80x120.jpg HTTP/1.1" 200 4333 "http://pattifamily.net/lubold80s.html" "Mozilla/5.0 (iPhone; CPU iPhone OS 15_6_1 like Mac OS X) AppleWebKit/605.1.15 (KHTML, like Gecko) Version/15.6.1 Mobile/15E148 Safari/604.1" "pattifamily.net"
107.72.162.23 - - [20/Sep/2022:20:48:32 -0700] "GET /1980/Lubold/008_160x106.jpg HTTP/1.1" 200 5350 "http://pattifamily.net/lubold80s.html" "Mozilla/5.0 (iPhone; CPU iPhone OS 15_6_1 like Mac OS X) AppleWebKit/605.1.15 (KHTML, like Gecko) Version/15.6.1 Mobile/15E148 Safari/604.1" "pattifamily.net"
107.72.162.23 - - [20/Sep/2022:20:48:32 -0700] "GET /1980/Lubold/007_160x106.jpg HTTP/1.1" 200 4813 "http://pattifamily.net/lubold80s.html" "Mozilla/5.0 (iPhone; CPU iPhone OS 15_6_1 like Mac OS X) AppleWebKit/605.1.15 (KHTML, like Gecko) Version/15.6.1 Mobile/15E148 Safari/604.1" "pattifamily.net"
107.72.162.23 - - [20/Sep/2022:20:48:32 -0700] "GET /1980/Lubold/035_160x106.jpg HTTP/1.1" 200 6334 "http://pattifamily.net/lubold80s.html" "Mozilla/5.0 (iPhone; CPU iPhone OS 15_6_1 like Mac OS X) AppleWebKit/605.1.15 (KHTML, like Gecko) Version/15.6.1 Mobile/15E148 Safari/604.1" "pattifamily.net"
107.72.162.23 - - [20/Sep/2022:20:48:32 -0700] "GET /1980/Lubold/040_79x120.jpg HTTP/1.1" 200 5225 "http://pattifamily.net/lubold80s.html" "Mozilla/5.0 (iPhone; CPU iPhone OS 15_6_1 like Mac OS X) AppleWebKit/605.1.15 (KHTML, like Gecko) Version/15.6.1 Mobile/15E148 Safari/604.1" "pattifamily.net"
107.72.162.23 - - [20/Sep/2022:20:48:32 -0700] "GET /1980/Lubold/032_160x106.jpg HTTP/1.1" 200 5609 "http://pattifamily.net/lubold80s.html" "Mozilla/5.0 (iPhone; CPU iPhone OS 15_6_1 like Mac OS X) AppleWebKit/605.1.15 (KHTML, like Gecko) Version/15.6.1 Mobile/15E148 Safari/604.1" "pattifamily.net"
107.72.162.23 - - [20/Sep/2022:20:48:32 -0700] "GET /1980/Lubold/003_160x106.jpg HTTP/1.1" 200 7529 "http://pattifamily.net/lubold80s.html" "Mozilla/5.0 (iPhone; CPU iPhone OS 15_6_1 like Mac OS X) AppleWebKit/605.1.15 (KHTML, like Gecko) Version/15.6.1 Mobile/15E148 Safari/604.1" "pattifamily.net"
107.72.162.23 - - [20/Sep/2022:20:48:32 -0700] "GET /1980/Lubold/045_80x120.jpg HTTP/1.1" 200 2217 "http://pattifamily.net/lubold80s.html" "Mozilla/5.0 (iPhone; CPU iPhone OS 15_6_1 like Mac OS X) AppleWebKit/605.1.15 (KHTML, like Gecko) Version/15.6.1 Mobile/15E148 Safari/604.1" "pattifamily.net"
107.72.162.23 - - [20/Sep/2022:20:48:33 -0700] "GET /1980/Lubold/042_160x106.jpg HTTP/1.1" 200 7247 "http://pattifamily.net/lubold80s.html" "Mozilla/5.0 (iPhone; CPU iPhone OS 15_6_1 like Mac OS X) AppleWebKit/605.1.15 (KHTML, like Gecko) Version/15.6.1 Mobile/15E148 Safari/604.1" "pattifamily.net"
107.72.162.23 - - [20/Sep/2022:20:48:33 -0700] "GET /1980/Lubold/030_79x120.jpg HTTP/1.1" 200 4036 "http://pattifamily.net/lubold80s.html" "Mozilla/5.0 (iPhone; CPU iPhone OS 15_6_1 like Mac OS X) AppleWebKit/605.1.15 (KHTML, like Gecko) Version/15.6.1 Mobile/15E148 Safari/604.1" "pattifamily.net"
107.72.162.23 - - [20/Sep/2022:20:48:33 -0700] "GET /1980/Lubold/024_79x120.jpg HTTP/1.1" 200 4147 "http://pattifamily.net/lubold80s.html" "Mozilla/5.0 (iPhone; CPU iPhone OS 15_6_1 like Mac OS X) AppleWebKit/605.1.15 (KHTML, like Gecko) Version/15.6.1 Mobile/15E148 Safari/604.1" "pattifamily.net"
107.72.162.23 - - [20/Sep/2022:20:48:33 -0700] "GET /1980/Lubold/004_160x106.jpg HTTP/1.1" 200 6125 "http://pattifamily.net/lubold80s.html" "Mozilla/5.0 (iPhone; CPU iPhone OS 15_6_1 like Mac OS X) AppleWebKit/605.1.15 (KHTML, like Gecko) Version/15.6.1 Mobile/15E148 Safari/604.1" "pattifamily.net"
107.72.162.23 - - [20/Sep/2022:20:48:33 -0700] "GET /1980/Lubold/023_79x120.jpg HTTP/1.1" 200 2710 "http://pattifamily.net/lubold80s.html" "Mozilla/5.0 (iPhone; CPU iPhone OS 15_6_1 like Mac OS X) AppleWebKit/605.1.15 (KHTML, like Gecko) Version/15.6.1 Mobile/15E148 Safari/604.1" "pattifamily.net"
107.72.162.23 - - [20/Sep/2022:20:48:33 -0700] "GET /1980/Lubold/010_160x106.jpg HTTP/1.1" 200 6428 "http://pattifamily.net/lubold80s.html" "Mozilla/5.0 (iPhone; CPU iPhone OS 15_6_1 like Mac OS X) AppleWebKit/605.1.15 (KHTML, like Gecko) Version/15.6.1 Mobile/15E148 Safari/604.1" "pattifamily.net"
107.72.162.23 - - [20/Sep/2022:20:48:33 -0700] "GET /1980/Lubold/018_79x120.jpg HTTP/1.1" 200 4218 "http://pattifamily.net/lubold80s.html" "Mozilla/5.0 (iPhone; CPU iPhone OS 15_6_1 like Mac OS X) AppleWebKit/605.1.15 (KHTML, like Gecko) Version/15.6.1 Mobile/15E148 Safari/604.1" "pattifamily.net"
107.72.162.23 - - [20/Sep/2022:20:48:33 -0700] "GET /1980/Lubold/012_160x106.jpg HTTP/1.1" 200 6540 "http://pattifamily.net/lubold80s.html" "Mozilla/5.0 (iPhone; CPU iPhone OS 15_6_1 like Mac OS X) AppleWebKit/605.1.15 (KHTML, like Gecko) Version/15.6.1 Mobile/15E148 Safari/604.1" "pattifamily.net"
107.72.162.23 - - [20/Sep/2022:20:48:33 -0700] "GET /1980/Lubold/034_160x106.jpg HTTP/1.1" 200 6708 "http://pattifamily.net/lubold80s.html" "Mozilla/5.0 (iPhone; CPU iPhone OS 15_6_1 like Mac OS X) AppleWebKit/605.1.15 (KHTML, like Gecko) Version/15.6.1 Mobile/15E148 Safari/604.1" "pattifamily.net"
107.72.162.23 - - [20/Sep/2022:20:48:33 -0700] "GET /1980/Lubold/006_160x106.jpg HTTP/1.1" 200 4646 "http://pattifamily.net/lubold80s.html" "Mozilla/5.0 (iPhone; CPU iPhone OS 15_6_1 like Mac OS X) AppleWebKit/605.1.15 (KHTML, like Gecko) Version/15.6.1 Mobile/15E148 Safari/604.1" "pattifamily.net"
107.72.162.23 - - [20/Sep/2022:20:48:33 -0700] "GET /1980/Lubold/016_160x106.jpg HTTP/1.1" 200 6576 "http://pattifamily.net/lubold80s.html" "Mozilla/5.0 (iPhone; CPU iPhone OS 15_6_1 like Mac OS X) AppleWebKit/605.1.15 (KHTML, like Gecko) Version/15.6.1 Mobile/15E148 Safari/604.1" "pattifamily.net"
107.72.162.23 - - [20/Sep/2022:20:48:33 -0700] "GET /1980/Lubold/046_160x106.jpg HTTP/1.1" 200 5717 "http://pattifamily.net/lubold80s.html" "Mozilla/5.0 (iPhone; CPU iPhone OS 15_6_1 like Mac OS X) AppleWebKit/605.1.15 (KHTML, like Gecko) Version/15.6.1 Mobile/15E148 Safari/604.1" "pattifamily.net"
107.72.162.23 - - [20/Sep/2022:20:48:33 -0700] "GET /1980/Lubold/050_160x106.jpg HTTP/1.1" 200 3929 "http://pattifamily.net/lubold80s.html" "Mozilla/5.0 (iPhone; CPU iPhone OS 15_6_1 like Mac OS X) AppleWebKit/605.1.15 (KHTML, like Gecko) Version/15.6.1 Mobile/15E148 Safari/604.1" "pattifamily.net"
107.72.162.23 - - [20/Sep/2022:20:48:33 -0700] "GET /1980/Lubold/048_160x106.jpg HTTP/1.1" 200 5651 "http://pattifamily.net/lubold80s.html" "Mozilla/5.0 (iPhone; CPU iPhone OS 15_6_1 like Mac OS X) AppleWebKit/605.1.15 (KHTML, like Gecko) Version/15.6.1 Mobile/15E148 Safari/604.1" "pattifamily.net"
107.72.162.23 - - [20/Sep/2022:20:48:33 -0700] "GET /1980/Lubold/047_160x106.jpg HTTP/1.1" 200 5517 "http://pattifamily.net/lubold80s.html" "Mozilla/5.0 (iPhone; CPU iPhone OS 15_6_1 like Mac OS X) AppleWebKit/605.1.15 (KHTML, like Gecko) Version/15.6.1 Mobile/15E148 Safari/604.1" "pattifamily.net"
107.72.162.23 - - [20/Sep/2022:20:48:33 -0700] "GET /1980/Lubold/049_160x106.jpg HTTP/1.1" 200 5366 "http://pattifamily.net/lubold80s.html" "Mozilla/5.0 (iPhone; CPU iPhone OS 15_6_1 like Mac OS X) AppleWebKit/605.1.15 (KHTML, like Gecko) Version/15.6.1 Mobile/15E148 Safari/604.1" "pattifamily.net"
107.72.162.23 - - [20/Sep/2022:20:48:33 -0700] "GET /1980/Lubold/051_160x106.jpg HTTP/1.1" 200 3722 "http://pattifamily.net/lubold80s.html" "Mozilla/5.0 (iPhone; CPU iPhone OS 15_6_1 like Mac OS X) AppleWebKit/605.1.15 (KHTML, like Gecko) Version/15.6.1 Mobile/15E148 Safari/604.1" "pattifamily.net"
107.72.162.23 - - [20/Sep/2022:20:48:33 -0700] "GET /1980/Lubold/052_160x106.jpg HTTP/1.1" 200 7274 "http://pattifamily.net/lubold80s.html" "Mozilla/5.0 (iPhone; CPU iPhone OS 15_6_1 like Mac OS X) AppleWebKit/605.1.15 (KHTML, like Gecko) Version/15.6.1 Mobile/15E148 Safari/604.1" "pattifamily.net"
107.72.162.23 - - [20/Sep/2022:20:48:33 -0700] "GET /1980/Lubold/054_160x106.jpg HTTP/1.1" 200 4775 "http://pattifamily.net/lubold80s.html" "Mozilla/5.0 (iPhone; CPU iPhone OS 15_6_1 like Mac OS X) AppleWebKit/605.1.15 (KHTML, like Gecko) Version/15.6.1 Mobile/15E148 Safari/604.1" "pattifamily.net"
107.72.162.23 - - [20/Sep/2022:20:48:33 -0700] "GET /1980/Lubold/055_80x120.jpg HTTP/1.1" 200 4510 "http://pattifamily.net/lubold80s.html" "Mozilla/5.0 (iPhone; CPU iPhone OS 15_6_1 like Mac OS X) AppleWebKit/605.1.15 (KHTML, like Gecko) Version/15.6.1 Mobile/15E148 Safari/604.1" "pattifamily.net"
107.72.162.23 - - [20/Sep/2022:20:48:33 -0700] "GET /1980/Lubold/053_160x106.jpg HTTP/1.1" 200 4466 "http://pattifamily.net/lubold80s.html" "Mozilla/5.0 (iPhone; CPU iPhone OS 15_6_1 like Mac OS X) AppleWebKit/605.1.15 (KHTML, like Gecko) Version/15.6.1 Mobile/15E148 Safari/604.1" "pattifamily.net"
107.72.162.23 - - [20/Sep/2022:20:48:33 -0700] "GET /1980/Lubold/056_160x106.jpg HTTP/1.1" 200 4105 "http://pattifamily.net/lubold80s.html" "Mozilla/5.0 (iPhone; CPU iPhone OS 15_6_1 like Mac OS X) AppleWebKit/605.1.15 (KHTML, like Gecko) Version/15.6.1 Mobile/15E148 Safari/604.1" "pattifamily.net"
107.72.162.23 - - [20/Sep/2022:20:48:33 -0700] "GET /1980/Lubold/057_160x106.jpg HTTP/1.1" 200 4391 "http://pattifamily.net/lubold80s.html" "Mozilla/5.0 (iPhone; CPU iPhone OS 15_6_1 like Mac OS X) AppleWebKit/605.1.15 (KHTML, like Gecko) Version/15.6.1 Mobile/15E148 Safari/604.1" "pattifamily.net"
107.72.162.23 - - [20/Sep/2022:20:48:33 -0700] "GET /1980/Lubold/058_160x106.jpg HTTP/1.1" 200 6110 "http://pattifamily.net/lubold80s.html" "Mozilla/5.0 (iPhone; CPU iPhone OS 15_6_1 like Mac OS X) AppleWebKit/605.1.15 (KHTML, like Gecko) Version/15.6.1 Mobile/15E148 Safari/604.1" "pattifamily.net"
107.72.162.23 - - [20/Sep/2022:20:48:33 -0700] "GET /1980/Lubold/059_160x106.jpg HTTP/1.1" 200 6066 "http://pattifamily.net/lubold80s.html" "Mozilla/5.0 (iPhone; CPU iPhone OS 15_6_1 like Mac OS X) AppleWebKit/605.1.15 (KHTML, like Gecko) Version/15.6.1 Mobile/15E148 Safari/604.1" "pattifamily.net"
107.72.162.23 - - [20/Sep/2022:20:48:33 -0700] "GET /1980/Lubold/060_160x106.jpg HTTP/1.1" 200 6572 "http://pattifamily.net/lubold80s.html" "Mozilla/5.0 (iPhone; CPU iPhone OS 15_6_1 like Mac OS X) AppleWebKit/605.1.15 (KHTML, like Gecko) Version/15.6.1 Mobile/15E148 Safari/604.1" "pattifamily.net"
107.72.162.23 - - [20/Sep/2022:20:48:33 -0700] "GET /1980/Lubold/061_160x106.jpg HTTP/1.1" 200 5338 "http://pattifamily.net/lubold80s.html" "Mozilla/5.0 (iPhone; CPU iPhone OS 15_6_1 like Mac OS X) AppleWebKit/605.1.15 (KHTML, like Gecko) Version/15.6.1 Mobile/15E148 Safari/604.1" "pattifamily.net"
107.72.162.23 - - [20/Sep/2022:20:48:33 -0700] "GET /1980/Lubold/062_160x106.jpg HTTP/1.1" 200 4945 "http://pattifamily.net/lubold80s.html" "Mozilla/5.0 (iPhone; CPU iPhone OS 15_6_1 like Mac OS X) AppleWebKit/605.1.15 (KHTML, like Gecko) Version/15.6.1 Mobile/15E148 Safari/604.1" "pattifamily.net"
107.72.162.23 - - [20/Sep/2022:20:48:33 -0700] "GET /1980/Lubold/063_160x106.jpg HTTP/1.1" 200 5666 "http://pattifamily.net/lubold80s.html" "Mozilla/5.0 (iPhone; CPU iPhone OS 15_6_1 like Mac OS X) AppleWebKit/605.1.15 (KHTML, like Gecko) Version/15.6.1 Mobile/15E148 Safari/604.1" "pattifamily.net"
107.72.162.23 - - [20/Sep/2022:20:48:33 -0700] "GET /1980/Lubold/064_160x106.jpg HTTP/1.1" 200 6384 "http://pattifamily.net/lubold80s.html" "Mozilla/5.0 (iPhone; CPU iPhone OS 15_6_1 like Mac OS X) AppleWebKit/605.1.15 (KHTML, like Gecko) Version/15.6.1 Mobile/15E148 Safari/604.1" "pattifamily.net"
107.72.162.23 - - [20/Sep/2022:20:48:33 -0700] "GET /1980/Lubold/065_160x106.jpg HTTP/1.1" 200 4716 "http://pattifamily.net/lubold80s.html" "Mozilla/5.0 (iPhone; CPU iPhone OS 15_6_1 like Mac OS X) AppleWebKit/605.1.15 (KHTML, like Gecko) Version/15.6.1 Mobile/15E148 Safari/604.1" "pattifamily.net"
107.72.162.23 - - [20/Sep/2022:20:48:33 -0700] "GET /1980/Lubold/066_160x106.jpg HTTP/1.1" 200 6073 "http://pattifamily.net/lubold80s.html" "Mozilla/5.0 (iPhone; CPU iPhone OS 15_6_1 like Mac OS X) AppleWebKit/605.1.15 (KHTML, like Gecko) Version/15.6.1 Mobile/15E148 Safari/604.1" "pattifamily.net"
107.72.162.23 - - [20/Sep/2022:20:48:33 -0700] "GET /1980/Lubold/067_160x106.jpg HTTP/1.1" 200 5570 "http://pattifamily.net/lubold80s.html" "Mozilla/5.0 (iPhone; CPU iPhone OS 15_6_1 like Mac OS X) AppleWebKit/605.1.15 (KHTML, like Gecko) Version/15.6.1 Mobile/15E148 Safari/604.1" "pattifamily.net"
107.72.162.23 - - [20/Sep/2022:20:48:33 -0700] "GET /1980/Lubold/068_160x106.jpg HTTP/1.1" 200 5523 "http://pattifamily.net/lubold80s.html" "Mozilla/5.0 (iPhone; CPU iPhone OS 15_6_1 like Mac OS X) AppleWebKit/605.1.15 (KHTML, like Gecko) Version/15.6.1 Mobile/15E148 Safari/604.1" "pattifamily.net"
107.72.162.23 - - [20/Sep/2022:20:48:33 -0700] "GET /1980/Lubold/069_160x106.jpg HTTP/1.1" 200 5527 "http://pattifamily.net/lubold80s.html" "Mozilla/5.0 (iPhone; CPU iPhone OS 15_6_1 like Mac OS X) AppleWebKit/605.1.15 (KHTML, like Gecko) Version/15.6.1 Mobile/15E148 Safari/604.1" "pattifamily.net"
107.72.162.23 - - [20/Sep/2022:20:48:34 -0700] "GET /1980/Lubold/070_160x106.jpg HTTP/1.1" 200 4306 "http://pattifamily.net/lubold80s.html" "Mozilla/5.0 (iPhone; CPU iPhone OS 15_6_1 like Mac OS X) AppleWebKit/605.1.15 (KHTML, like Gecko) Version/15.6.1 Mobile/15E148 Safari/604.1" "pattifamily.net"
107.72.162.23 - - [20/Sep/2022:20:48:34 -0700] "GET /1980/Lubold/071_160x106.jpg HTTP/1.1" 200 8112 "http://pattifamily.net/lubold80s.html" "Mozilla/5.0 (iPhone; CPU iPhone OS 15_6_1 like Mac OS X) AppleWebKit/605.1.15 (KHTML, like Gecko) Version/15.6.1 Mobile/15E148 Safari/604.1" "pattifamily.net"
107.72.162.23 - - [20/Sep/2022:20:48:34 -0700] "GET /1980/Lubold/072_160x106.jpg HTTP/1.1" 200 7140 "http://pattifamily.net/lubold80s.html" "Mozilla/5.0 (iPhone; CPU iPhone OS 15_6_1 like Mac OS X) AppleWebKit/605.1.15 (KHTML, like Gecko) Version/15.6.1 Mobile/15E148 Safari/604.1" "pattifamily.net"
107.72.162.23 - - [20/Sep/2022:20:48:34 -0700] "GET /1980/Lubold/073_160x106.jpg HTTP/1.1" 200 5670 "http://pattifamily.net/lubold80s.html" "Mozilla/5.0 (iPhone; CPU iPhone OS 15_6_1 like Mac OS X) AppleWebKit/605.1.15 (KHTML, like Gecko) Version/15.6.1 Mobile/15E148 Safari/604.1" "pattifamily.net"
107.72.162.23 - - [20/Sep/2022:20:48:34 -0700] "GET /1980/Lubold/074_79x120.jpg HTTP/1.1" 200 3291 "http://pattifamily.net/lubold80s.html" "Mozilla/5.0 (iPhone; CPU iPhone OS 15_6_1 like Mac OS X) AppleWebKit/605.1.15 (KHTML, like Gecko) Version/15.6.1 Mobile/15E148 Safari/604.1" "pattifamily.net"
107.72.162.23 - - [20/Sep/2022:20:48:34 -0700] "GET /1980/Lubold/075_79x120.jpg HTTP/1.1" 200 4364 "http://pattifamily.net/lubold80s.html" "Mozilla/5.0 (iPhone; CPU iPhone OS 15_6_1 like Mac OS X) AppleWebKit/605.1.15 (KHTML, like Gecko) Version/15.6.1 Mobile/15E148 Safari/604.1" "pattifamily.net"
107.72.162.23 - - [20/Sep/2022:20:48:34 -0700] "GET /1980/Lubold/076_160x106.jpg HTTP/1.1" 200 8857 "http://pattifamily.net/lubold80s.html" "Mozilla/5.0 (iPhone; CPU iPhone OS 15_6_1 like Mac OS X) AppleWebKit/605.1.15 (KHTML, like Gecko) Version/15.6.1 Mobile/15E148 Safari/604.1" "pattifamily.net"
107.72.162.23 - - [20/Sep/2022:20:48:34 -0700] "GET /1980/Lubold/077_160x106.jpg HTTP/1.1" 200 7776 "http://pattifamily.net/lubold80s.html" "Mozilla/5.0 (iPhone; CPU iPhone OS 15_6_1 like Mac OS X) AppleWebKit/605.1.15 (KHTML, like Gecko) Version/15.6.1 Mobile/15E148 Safari/604.1" "pattifamily.net"
107.72.162.23 - - [20/Sep/2022:20:48:34 -0700] "GET /1980/Lubold/078_160x106.jpg HTTP/1.1" 200 6765 "http://pattifamily.net/lubold80s.html" "Mozilla/5.0 (iPhone; CPU iPhone OS 15_6_1 like Mac OS X) AppleWebKit/605.1.15 (KHTML, like Gecko) Version/15.6.1 Mobile/15E148 Safari/604.1" "pattifamily.net"
107.72.162.23 - - [20/Sep/2022:20:48:34 -0700] "GET /1980/Lubold/079_160x106.jpg HTTP/1.1" 200 6368 "http://pattifamily.net/lubold80s.html" "Mozilla/5.0 (iPhone; CPU iPhone OS 15_6_1 like Mac OS X) AppleWebKit/605.1.15 (KHTML, like Gecko) Version/15.6.1 Mobile/15E148 Safari/604.1" "pattifamily.net"
