114.119.154.135 - - [19/Sep/2022:22:02:00 -0700] "GET /2001/?C=M%3BO%3DA HTTP/1.1" 200 5095 "http://www.pattifamily.net/2001/?C=S%3BO%3DA" "Mozilla/5.0 (Linux; Android 7.0;) AppleWebKit/537.36 (KHTML, like Gecko) Mobile Safari/537.36 (compatible; PetalBot;+https://webmaster.petalsearch.com/site/petalbot)" "www.pattifamily.net"
114.119.154.13 - - [19/Sep/2022:22:07:37 -0700] "GET /1992/Patti/May41992/?C=M%3BO%3DA HTTP/1.1" 200 1750 "https://pattifamily.net/1992/Patti/May41992/?C=S%3BO%3DA" "Mozilla/5.0 (Linux; Android 7.0;) AppleWebKit/537.36 (KHTML, like Gecko) Mobile Safari/537.36 (compatible; PetalBot;+https://webmaster.petalsearch.com/site/petalbot)" "pattifamily.net"
114.119.154.135 - - [19/Sep/2022:22:12:58 -0700] "GET /1996/Lubold/ HTTP/1.1" 200 942 "https://pattifamily.net/1996/?C=M%3BO%3DA" "Mozilla/5.0 (Linux; Android 7.0;) AppleWebKit/537.36 (KHTML, like Gecko) Mobile Safari/537.36 (compatible; PetalBot;+https://webmaster.petalsearch.com/site/petalbot)" "pattifamily.net"
114.119.154.115 - - [19/Sep/2022:22:18:28 -0700] "GET /2002/Patti/ HTTP/1.1" 200 2247 "https://pattifamily.net/2002/" "Mozilla/5.0 (Linux; Android 7.0;) AppleWebKit/537.36 (KHTML, like Gecko) Mobile Safari/537.36 (compatible; PetalBot;+https://webmaster.petalsearch.com/site/petalbot)" "pattifamily.net"
114.119.154.124 - - [19/Sep/2022:22:23:55 -0700] "GET /familytree/ HTTP/1.1" 200 2331 "http://www.pattifamily.net/?C=S%3BO%3DA" "Mozilla/5.0 (Linux; Android 7.0;) AppleWebKit/537.36 (KHTML, like Gecko) Mobile Safari/537.36 (compatible; PetalBot;+https://webmaster.petalsearch.com/site/petalbot)" "www.pattifamily.net"
114.119.154.155 - - [19/Sep/2022:22:29:14 -0700] "GET /1980/?C=S%3BO%3DA HTTP/1.1" 200 376 "http://www.pattifamily.net/1980/?C=N%3BO%3DD" "Mozilla/5.0 (Linux; Android 7.0;) AppleWebKit/537.36 (KHTML, like Gecko) Mobile Safari/537.36 (compatible; PetalBot;+https://webmaster.petalsearch.com/site/petalbot)" "www.pattifamily.net"
114.119.154.14 - - [19/Sep/2022:22:34:39 -0700] "GET /2004/Patti/?C=N%3BO%3DD HTTP/1.1" 200 389 "http://www.pattifamily.net/2004/Patti/" "Mozilla/5.0 (Linux; Android 7.0;) AppleWebKit/537.36 (KHTML, like Gecko) Mobile Safari/537.36 (compatible; PetalBot;+https://webmaster.petalsearch.com/site/petalbot)" "www.pattifamily.net"
114.119.154.13 - - [19/Sep/2022:22:40:06 -0700] "GET /1977/Lubold/?C=N%3BO%3DD HTTP/1.1" 200 1625 "http://www.pattifamily.net/1977/Lubold/?C=D%3BO%3DA" "Mozilla/5.0 (Linux; Android 7.0;) AppleWebKit/537.36 (KHTML, like Gecko) Mobile Safari/537.36 (compatible; PetalBot;+https://webmaster.petalsearch.com/site/petalbot)" "www.pattifamily.net"
114.119.154.155 - - [19/Sep/2022:22:45:37 -0700] "GET /1992/Patti/?C=S%3BO%3DA HTTP/1.1" 200 447 "https://pattifamily.net/1992/Patti/?C=M%3BO%3DA" "Mozilla/5.0 (Linux; Android 7.0;) AppleWebKit/537.36 (KHTML, like Gecko) Mobile Safari/537.36 (compatible; PetalBot;+https://webmaster.petalsearch.com/site/petalbot)" "pattifamily.net"
114.119.154.124 - - [19/Sep/2022:22:51:05 -0700] "GET /1971/Patti/?C=S%3BO%3DA HTTP/1.1" 200 3250 "http://www.pattifamily.net/1971/Patti/?C=M%3BO%3DA" "Mozilla/5.0 (Linux; Android 7.0;) AppleWebKit/537.36 (KHTML, like Gecko) Mobile Safari/537.36 (compatible; PetalBot;+https://webmaster.petalsearch.com/site/petalbot)" "www.pattifamily.net"
20.244.43.68 - - [19/Sep/2022:22:54:10 -0700] "GET /Makhdamxshell.php HTTP/1.1" 404 88 "-" "Mozilla/5.0 (Windows NT 10.0; Win64; x64) AppleWebKit/537.36 (KHTML, like Gecko) Chrome/85.0.4183.102 Safari/537.36" "pattifamily.net"
20.244.43.68 - - [19/Sep/2022:22:54:18 -0700] "GET /wp-admin/includes/class-wp-media-list-data.php HTTP/1.1" 404 88 "-" "Mozilla/5.0 (Windows NT 10.0; Win64; x64) AppleWebKit/537.36 (KHTML, like Gecko) Chrome/85.0.4183.102 Safari/537.36" "pattifamily.net"
20.244.43.68 - - [19/Sep/2022:22:54:24 -0700] "GET /wp-includes/wp-class.php HTTP/1.1" 404 88 "-" "Mozilla/5.0 (Windows NT 10.0; Win64; x64) AppleWebKit/537.36 (KHTML, like Gecko) Chrome/85.0.4183.102 Safari/537.36" "pattifamily.net"
20.244.43.68 - - [19/Sep/2022:22:54:34 -0700] "GET /radio.php HTTP/1.1" 404 88 "-" "Mozilla/5.0 (Windows NT 10.0; Win64; x64) AppleWebKit/537.36 (KHTML, like Gecko) Chrome/85.0.4183.102 Safari/537.36" "pattifamily.net"
20.244.43.68 - - [19/Sep/2022:22:54:44 -0700] "GET /fw.php HTTP/1.1" 404 88 "-" "Mozilla/5.0 (Windows NT 10.0; Win64; x64) AppleWebKit/537.36 (KHTML, like Gecko) Chrome/85.0.4183.102 Safari/537.36" "pattifamily.net"
20.244.43.68 - - [19/Sep/2022:22:54:50 -0700] "GET /fx.php HTTP/1.1" 404 88 "-" "Mozilla/5.0 (Windows NT 10.0; Win64; x64) AppleWebKit/537.36 (KHTML, like Gecko) Chrome/85.0.4183.102 Safari/537.36" "pattifamily.net"
20.244.43.68 - - [19/Sep/2022:22:54:57 -0700] "GET /ups.php HTTP/1.1" 404 88 "-" "Mozilla/5.0 (Windows NT 10.0; Win64; x64) AppleWebKit/537.36 (KHTML, like Gecko) Chrome/85.0.4183.102 Safari/537.36" "pattifamily.net"
20.244.43.68 - - [19/Sep/2022:22:55:16 -0700] "GET /wikindex.php HTTP/1.1" 404 88 "-" "Mozilla/5.0 (Windows NT 10.0; Win64; x64) AppleWebKit/537.36 (KHTML, like Gecko) Chrome/85.0.4183.102 Safari/537.36" "pattifamily.net"
20.244.43.68 - - [19/Sep/2022:22:55:24 -0700] "GET /1index.php HTTP/1.1" 404 88 "-" "Mozilla/5.0 (Windows NT 10.0; Win64; x64) AppleWebKit/537.36 (KHTML, like Gecko) Chrome/85.0.4183.102 Safari/537.36" "pattifamily.net"
20.244.43.68 - - [19/Sep/2022:22:55:41 -0700] "GET /0.php HTTP/1.1" 404 88 "-" "Mozilla/5.0 (Windows NT 10.0; Win64; x64) AppleWebKit/537.36 (KHTML, like Gecko) Chrome/85.0.4183.102 Safari/537.36" "pattifamily.net"
20.244.43.68 - - [19/Sep/2022:22:55:46 -0700] "GET /01.php HTTP/1.1" 404 88 "-" "Mozilla/5.0 (Windows NT 10.0; Win64; x64) AppleWebKit/537.36 (KHTML, like Gecko) Chrome/85.0.4183.102 Safari/537.36" "pattifamily.net"
20.244.43.68 - - [19/Sep/2022:22:55:52 -0700] "GET /0byte HTTP/1.1" 404 88 "-" "Mozilla/5.0 (Windows NT 10.0; Win64; x64) AppleWebKit/537.36 (KHTML, like Gecko) Chrome/85.0.4183.102 Safari/537.36" "pattifamily.net"
20.244.43.68 - - [19/Sep/2022:22:56:10 -0700] "GET /0byte.php HTTP/1.1" 404 88 "-" "Mozilla/5.0 (Windows NT 10.0; Win64; x64) AppleWebKit/537.36 (KHTML, like Gecko) Chrome/85.0.4183.102 Safari/537.36" "pattifamily.net"
20.244.43.68 - - [19/Sep/2022:22:56:30 -0700] "GET /1.php HTTP/1.1" 404 88 "-" "Mozilla/5.0 (Windows NT 10.0; Win64; x64) AppleWebKit/537.36 (KHTML, like Gecko) Chrome/85.0.4183.102 Safari/537.36" "pattifamily.net"
114.119.154.155 - - [19/Sep/2022:22:56:36 -0700] "GET /unknown/Lubold/?C=N%3BO%3DD HTTP/1.1" 200 7271 "https://pattifamily.net/unknown/Lubold/?C=D%3BO%3DA" "Mozilla/5.0 (Linux; Android 7.0;) AppleWebKit/537.36 (KHTML, like Gecko) Mobile Safari/537.36 (compatible; PetalBot;+https://webmaster.petalsearch.com/site/petalbot)" "pattifamily.net"
20.244.43.68 - - [19/Sep/2022:22:56:45 -0700] "GET /10.php HTTP/1.1" 404 88 "-" "Mozilla/5.0 (Windows NT 10.0; Win64; x64) AppleWebKit/537.36 (KHTML, like Gecko) Chrome/85.0.4183.102 Safari/537.36" "pattifamily.net"
20.244.43.68 - - [19/Sep/2022:22:57:13 -0700] "GET /100.php HTTP/1.1" 404 88 "-" "Mozilla/5.0 (Windows NT 10.0; Win64; x64) AppleWebKit/537.36 (KHTML, like Gecko) Chrome/85.0.4183.102 Safari/537.36" "pattifamily.net"
20.244.43.68 - - [19/Sep/2022:22:57:21 -0700] "GET /11index.php HTTP/1.1" 404 88 "-" "Mozilla/5.0 (Windows NT 10.0; Win64; x64) AppleWebKit/537.36 (KHTML, like Gecko) Chrome/85.0.4183.102 Safari/537.36" "pattifamily.net"
20.244.43.68 - - [19/Sep/2022:22:57:35 -0700] "GET /13.php HTTP/1.1" 404 88 "-" "Mozilla/5.0 (Windows NT 10.0; Win64; x64) AppleWebKit/537.36 (KHTML, like Gecko) Chrome/85.0.4183.102 Safari/537.36" "pattifamily.net"
20.244.43.68 - - [19/Sep/2022:22:57:43 -0700] "GET /1337.php HTTP/1.1" 404 88 "-" "Mozilla/5.0 (Windows NT 10.0; Win64; x64) AppleWebKit/537.36 (KHTML, like Gecko) Chrome/85.0.4183.102 Safari/537.36" "pattifamily.net"
20.244.43.68 - - [19/Sep/2022:22:57:56 -0700] "GET /2.php HTTP/1.1" 404 88 "-" "Mozilla/5.0 (Windows NT 10.0; Win64; x64) AppleWebKit/537.36 (KHTML, like Gecko) Chrome/85.0.4183.102 Safari/537.36" "pattifamily.net"
20.244.43.68 - - [19/Sep/2022:22:58:04 -0700] "GET /2index.php HTTP/1.1" 404 88 "-" "Mozilla/5.0 (Windows NT 10.0; Win64; x64) AppleWebKit/537.36 (KHTML, like Gecko) Chrome/85.0.4183.102 Safari/537.36" "pattifamily.net"
20.244.43.68 - - [19/Sep/2022:22:58:13 -0700] "GET /3.php HTTP/1.1" 404 88 "-" "Mozilla/5.0 (Windows NT 10.0; Win64; x64) AppleWebKit/537.36 (KHTML, like Gecko) Chrome/85.0.4183.102 Safari/537.36" "pattifamily.net"
20.244.43.68 - - [19/Sep/2022:22:58:22 -0700] "GET /4.php HTTP/1.1" 404 88 "-" "Mozilla/5.0 (Windows NT 10.0; Win64; x64) AppleWebKit/537.36 (KHTML, like Gecko) Chrome/85.0.4183.102 Safari/537.36" "pattifamily.net"
20.244.43.68 - - [19/Sep/2022:22:58:28 -0700] "GET /403.php HTTP/1.1" 404 88 "-" "Mozilla/5.0 (Windows NT 10.0; Win64; x64) AppleWebKit/537.36 (KHTML, like Gecko) Chrome/85.0.4183.102 Safari/537.36" "pattifamily.net"
20.244.43.68 - - [19/Sep/2022:22:58:47 -0700] "GET /404.php HTTP/1.1" 404 88 "-" "Mozilla/5.0 (Windows NT 10.0; Win64; x64) AppleWebKit/537.36 (KHTML, like Gecko) Chrome/85.0.4183.102 Safari/537.36" "pattifamily.net"
20.244.43.68 - - [19/Sep/2022:22:58:58 -0700] "GET /5.php HTTP/1.1" 404 88 "-" "Mozilla/5.0 (Windows NT 10.0; Win64; x64) AppleWebKit/537.36 (KHTML, like Gecko) Chrome/85.0.4183.102 Safari/537.36" "pattifamily.net"
20.244.43.68 - - [19/Sep/2022:22:59:06 -0700] "GET /9.php HTTP/1.1" 404 88 "-" "Mozilla/5.0 (Windows NT 10.0; Win64; x64) AppleWebKit/537.36 (KHTML, like Gecko) Chrome/85.0.4183.102 Safari/537.36" "pattifamily.net"
20.244.43.68 - - [19/Sep/2022:22:59:11 -0700] "GET /Alfa.php HTTP/1.1" 404 88 "-" "Mozilla/5.0 (Windows NT 10.0; Win64; x64) AppleWebKit/537.36 (KHTML, like Gecko) Chrome/85.0.4183.102 Safari/537.36" "pattifamily.net"
20.244.43.68 - - [19/Sep/2022:22:59:19 -0700] "GET /FoxWSO.php HTTP/1.1" 404 88 "-" "Mozilla/5.0 (Windows NT 10.0; Win64; x64) AppleWebKit/537.36 (KHTML, like Gecko) Chrome/85.0.4183.102 Safari/537.36" "pattifamily.net"
20.244.43.68 - - [19/Sep/2022:22:59:23 -0700] "GET /WSO.php HTTP/1.1" 404 88 "-" "Mozilla/5.0 (Windows NT 10.0; Win64; x64) AppleWebKit/537.36 (KHTML, like Gecko) Chrome/85.0.4183.102 Safari/537.36" "pattifamily.net"
20.244.43.68 - - [19/Sep/2022:22:59:27 -0700] "GET /a.php HTTP/1.1" 404 88 "-" "Mozilla/5.0 (Windows NT 10.0; Win64; x64) AppleWebKit/537.36 (KHTML, like Gecko) Chrome/85.0.4183.102 Safari/537.36" "pattifamily.net"
20.244.43.68 - - [19/Sep/2022:22:59:35 -0700] "GET /about.php HTTP/1.1" 404 88 "-" "Mozilla/5.0 (Windows NT 10.0; Win64; x64) AppleWebKit/537.36 (KHTML, like Gecko) Chrome/85.0.4183.102 Safari/537.36" "pattifamily.net"
20.244.43.68 - - [19/Sep/2022:22:59:40 -0700] "GET /alf.php HTTP/1.1" 404 88 "-" "Mozilla/5.0 (Windows NT 10.0; Win64; x64) AppleWebKit/537.36 (KHTML, like Gecko) Chrome/85.0.4183.102 Safari/537.36" "pattifamily.net"
20.244.43.68 - - [19/Sep/2022:22:59:46 -0700] "GET /alfa.php HTTP/1.1" 404 88 "-" "Mozilla/5.0 (Windows NT 10.0; Win64; x64) AppleWebKit/537.36 (KHTML, like Gecko) Chrome/85.0.4183.102 Safari/537.36" "pattifamily.net"
20.244.43.68 - - [19/Sep/2022:22:59:59 -0700] "GET /alfashell.php HTTP/1.1" 404 88 "-" "Mozilla/5.0 (Windows NT 10.0; Win64; x64) AppleWebKit/537.36 (KHTML, like Gecko) Chrome/85.0.4183.102 Safari/537.36" "pattifamily.net"
20.244.43.68 - - [19/Sep/2022:23:00:20 -0700] "GET /alwso.php HTTP/1.1" 404 88 "-" "Mozilla/5.0 (Windows NT 10.0; Win64; x64) AppleWebKit/537.36 (KHTML, like Gecko) Chrome/85.0.4183.102 Safari/537.36" "pattifamily.net"
20.244.43.68 - - [19/Sep/2022:23:00:38 -0700] "GET /autoload_classmap.php HTTP/1.1" 404 88 "-" "Mozilla/5.0 (Windows NT 10.0; Win64; x64) AppleWebKit/537.36 (KHTML, like Gecko) Chrome/85.0.4183.102 Safari/537.36" "pattifamily.net"
20.244.43.68 - - [19/Sep/2022:23:00:46 -0700] "GET /b.php HTTP/1.1" 404 88 "-" "Mozilla/5.0 (Windows NT 10.0; Win64; x64) AppleWebKit/537.36 (KHTML, like Gecko) Chrome/85.0.4183.102 Safari/537.36" "pattifamily.net"
20.244.43.68 - - [19/Sep/2022:23:01:05 -0700] "GET /blog.php HTTP/1.1" 404 88 "-" "Mozilla/5.0 (Windows NT 10.0; Win64; x64) AppleWebKit/537.36 (KHTML, like Gecko) Chrome/85.0.4183.102 Safari/537.36" "pattifamily.net"
20.244.43.68 - - [19/Sep/2022:23:01:09 -0700] "GET /blog/fw.php HTTP/1.1" 404 88 "-" "Mozilla/5.0 (Windows NT 10.0; Win64; x64) AppleWebKit/537.36 (KHTML, like Gecko) Chrome/85.0.4183.102 Safari/537.36" "pattifamily.net"
20.244.43.68 - - [19/Sep/2022:23:01:19 -0700] "GET /bypass.php HTTP/1.1" 404 88 "-" "Mozilla/5.0 (Windows NT 10.0; Win64; x64) AppleWebKit/537.36 (KHTML, like Gecko) Chrome/85.0.4183.102 Safari/537.36" "pattifamily.net"
20.244.43.68 - - [19/Sep/2022:23:01:29 -0700] "GET /c.php HTTP/1.1" 404 88 "-" "Mozilla/5.0 (Windows NT 10.0; Win64; x64) AppleWebKit/537.36 (KHTML, like Gecko) Chrome/85.0.4183.102 Safari/537.36" "pattifamily.net"
20.244.43.68 - - [19/Sep/2022:23:01:36 -0700] "GET /c99.php HTTP/1.1" 404 88 "-" "Mozilla/5.0 (Windows NT 10.0; Win64; x64) AppleWebKit/537.36 (KHTML, like Gecko) Chrome/85.0.4183.102 Safari/537.36" "pattifamily.net"
20.244.43.68 - - [19/Sep/2022:23:01:53 -0700] "GET /content.php HTTP/1.1" 404 88 "-" "Mozilla/5.0 (Windows NT 10.0; Win64; x64) AppleWebKit/537.36 (KHTML, like Gecko) Chrome/85.0.4183.102 Safari/537.36" "pattifamily.net"
114.119.154.161 - - [19/Sep/2022:23:01:59 -0700] "GET /patti70s.html HTTP/1.1" 200 6140 "http://www.pattifamily.net/?C=S%3BO%3DA" "Mozilla/5.0 (Linux; Android 7.0;) AppleWebKit/537.36 (KHTML, like Gecko) Mobile Safari/537.36 (compatible; PetalBot;+https://webmaster.petalsearch.com/site/petalbot)" "www.pattifamily.net"
20.244.43.68 - - [19/Sep/2022:23:02:04 -0700] "GET /date.php HTTP/1.1" 404 88 "-" "Mozilla/5.0 (Windows NT 10.0; Win64; x64) AppleWebKit/537.36 (KHTML, like Gecko) Chrome/85.0.4183.102 Safari/537.36" "pattifamily.net"
20.244.43.68 - - [19/Sep/2022:23:02:13 -0700] "GET /doc.php HTTP/1.1" 404 88 "-" "Mozilla/5.0 (Windows NT 10.0; Win64; x64) AppleWebKit/537.36 (KHTML, like Gecko) Chrome/85.0.4183.102 Safari/537.36" "pattifamily.net"
20.244.43.68 - - [19/Sep/2022:23:02:31 -0700] "GET /e.php HTTP/1.1" 404 88 "-" "Mozilla/5.0 (Windows NT 10.0; Win64; x64) AppleWebKit/537.36 (KHTML, like Gecko) Chrome/85.0.4183.102 Safari/537.36" "pattifamily.net"
20.244.43.68 - - [19/Sep/2022:23:03:00 -0700] "GET /edit-form.php HTTP/1.1" 404 88 "-" "Mozilla/5.0 (Windows NT 10.0; Win64; x64) AppleWebKit/537.36 (KHTML, like Gecko) Chrome/85.0.4183.102 Safari/537.36" "pattifamily.net"
20.244.43.68 - - [19/Sep/2022:23:03:02 -0700] "GET /f.php HTTP/1.1" 404 88 "-" "Mozilla/5.0 (Windows NT 10.0; Win64; x64) AppleWebKit/537.36 (KHTML, like Gecko) Chrome/85.0.4183.102 Safari/537.36" "pattifamily.net"
20.244.43.68 - - [19/Sep/2022:23:03:10 -0700] "GET /fox.php HTTP/1.1" 404 88 "-" "Mozilla/5.0 (Windows NT 10.0; Win64; x64) AppleWebKit/537.36 (KHTML, like Gecko) Chrome/85.0.4183.102 Safari/537.36" "pattifamily.net"
20.244.43.68 - - [19/Sep/2022:23:03:30 -0700] "GET /g.php HTTP/1.1" 404 88 "-" "Mozilla/5.0 (Windows NT 10.0; Win64; x64) AppleWebKit/537.36 (KHTML, like Gecko) Chrome/85.0.4183.102 Safari/537.36" "pattifamily.net"
20.244.43.68 - - [19/Sep/2022:23:03:34 -0700] "GET /goods.php HTTP/1.1" 404 88 "-" "Mozilla/5.0 (Windows NT 10.0; Win64; x64) AppleWebKit/537.36 (KHTML, like Gecko) Chrome/85.0.4183.102 Safari/537.36" "pattifamily.net"
20.244.43.68 - - [19/Sep/2022:23:03:41 -0700] "GET /h.php HTTP/1.1" 404 88 "-" "Mozilla/5.0 (Windows NT 10.0; Win64; x64) AppleWebKit/537.36 (KHTML, like Gecko) Chrome/85.0.4183.102 Safari/537.36" "pattifamily.net"
20.244.43.68 - - [19/Sep/2022:23:03:52 -0700] "GET /haxor.php HTTP/1.1" 404 88 "-" "Mozilla/5.0 (Windows NT 10.0; Win64; x64) AppleWebKit/537.36 (KHTML, like Gecko) Chrome/85.0.4183.102 Safari/537.36" "pattifamily.net"
20.244.43.68 - - [19/Sep/2022:23:04:12 -0700] "GET /hello.php HTTP/1.1" 404 88 "-" "Mozilla/5.0 (Windows NT 10.0; Win64; x64) AppleWebKit/537.36 (KHTML, like Gecko) Chrome/85.0.4183.102 Safari/537.36" "pattifamily.net"
20.244.43.68 - - [19/Sep/2022:23:04:26 -0700] "GET /i.php HTTP/1.1" 404 88 "-" "Mozilla/5.0 (Windows NT 10.0; Win64; x64) AppleWebKit/537.36 (KHTML, like Gecko) Chrome/85.0.4183.102 Safari/537.36" "pattifamily.net"
20.244.43.68 - - [19/Sep/2022:23:04:30 -0700] "GET /images/about.php HTTP/1.1" 404 88 "-" "Mozilla/5.0 (Windows NT 10.0; Win64; x64) AppleWebKit/537.36 (KHTML, like Gecko) Chrome/85.0.4183.102 Safari/537.36" "pattifamily.net"
20.244.43.68 - - [19/Sep/2022:23:04:38 -0700] "GET /jindex.php HTTP/1.1" 404 88 "-" "Mozilla/5.0 (Windows NT 10.0; Win64; x64) AppleWebKit/537.36 (KHTML, like Gecko) Chrome/85.0.4183.102 Safari/537.36" "pattifamily.net"
20.244.43.68 - - [19/Sep/2022:23:04:42 -0700] "GET /k.php HTTP/1.1" 404 88 "-" "Mozilla/5.0 (Windows NT 10.0; Win64; x64) AppleWebKit/537.36 (KHTML, like Gecko) Chrome/85.0.4183.102 Safari/537.36" "pattifamily.net"
20.244.43.68 - - [19/Sep/2022:23:04:56 -0700] "GET /l.php HTTP/1.1" 404 88 "-" "Mozilla/5.0 (Windows NT 10.0; Win64; x64) AppleWebKit/537.36 (KHTML, like Gecko) Chrome/85.0.4183.102 Safari/537.36" "pattifamily.net"
20.244.43.68 - - [19/Sep/2022:23:05:04 -0700] "GET /license.php HTTP/1.1" 404 88 "-" "Mozilla/5.0 (Windows NT 10.0; Win64; x64) AppleWebKit/537.36 (KHTML, like Gecko) Chrome/85.0.4183.102 Safari/537.36" "pattifamily.net"
20.244.43.68 - - [19/Sep/2022:23:05:21 -0700] "GET /m.php HTTP/1.1" 404 88 "-" "Mozilla/5.0 (Windows NT 10.0; Win64; x64) AppleWebKit/537.36 (KHTML, like Gecko) Chrome/85.0.4183.102 Safari/537.36" "pattifamily.net"
114.119.154.115 - - [19/Sep/2022:23:07:30 -0700] "GET /1993/Lubold/?C=N%3BO%3DD HTTP/1.1" 200 1762 "https://pattifamily.net/1993/Lubold/?C=M%3BO%3DA" "Mozilla/5.0 (Linux; Android 7.0;) AppleWebKit/537.36 (KHTML, like Gecko) Mobile Safari/537.36 (compatible; PetalBot;+https://webmaster.petalsearch.com/site/petalbot)" "pattifamily.net"
114.119.154.14 - - [19/Sep/2022:23:12:49 -0700] "GET /1976/?C=S%3BO%3DA HTTP/1.1" 200 378 "http://www.pattifamily.net/1976/?C=N%3BO%3DD" "Mozilla/5.0 (Linux; Android 7.0;) AppleWebKit/537.36 (KHTML, like Gecko) Mobile Safari/537.36 (compatible; PetalBot;+https://webmaster.petalsearch.com/site/petalbot)" "www.pattifamily.net"
114.119.154.135 - - [19/Sep/2022:23:18:26 -0700] "GET /1993/Patti/June11993/?C=D%3BO%3DA HTTP/1.1" 200 1647 "http://www.pattifamily.net/1993/Patti/June11993/?C=S%3BO%3DA" "Mozilla/5.0 (Linux; Android 7.0;) AppleWebKit/537.36 (KHTML, like Gecko) Mobile Safari/537.36 (compatible; PetalBot;+https://webmaster.petalsearch.com/site/petalbot)" "www.pattifamily.net"
114.119.154.161 - - [19/Sep/2022:23:23:50 -0700] "GET /1998/Patti/?C=N%3BO%3DD HTTP/1.1" 200 2298 "https://pattifamily.net/1998/Patti/" "Mozilla/5.0 (Linux; Android 7.0;) AppleWebKit/537.36 (KHTML, like Gecko) Mobile Safari/537.36 (compatible; PetalBot;+https://webmaster.petalsearch.com/site/petalbot)" "pattifamily.net"
114.119.154.14 - - [19/Sep/2022:23:29:18 -0700] "GET /murrayunknown.html HTTP/1.1" 200 826 "http://www.pattifamily.net/?C=S%3BO%3DA" "Mozilla/5.0 (Linux; Android 7.0;) AppleWebKit/537.36 (KHTML, like Gecko) Mobile Safari/537.36 (compatible; PetalBot;+https://webmaster.petalsearch.com/site/petalbot)" "www.pattifamily.net"
114.119.154.115 - - [19/Sep/2022:23:34:41 -0700] "GET /1972/?C=N%3BO%3DD HTTP/1.1" 200 351 "http://www.pattifamily.net/1972/?C=D%3BO%3DA" "Mozilla/5.0 (Linux; Android 7.0;) AppleWebKit/537.36 (KHTML, like Gecko) Mobile Safari/537.36 (compatible; PetalBot;+https://webmaster.petalsearch.com/site/petalbot)" "www.pattifamily.net"
114.119.130.111 - - [19/Sep/2022:23:36:22 -0700] "GET /robots.txt HTTP/1.1" 404 88 "-" "Mozilla/5.0 (compatible;PetalBot;+https://webmaster.petalsearch.com/site/petalbot)" "pattifamily.net"
114.119.154.13 - - [20/Sep/2022:00:02:11 -0700] "GET /1980/Patti/?C=M%3BO%3DA HTTP/1.1" 200 1725 "https://pattifamily.net/1980/Patti/?C=N%3BO%3DD" "Mozilla/5.0 (Linux; Android 7.0;) AppleWebKit/537.36 (KHTML, like Gecko) Mobile Safari/537.36 (compatible; PetalBot;+https://webmaster.petalsearch.com/site/petalbot)" "pattifamily.net"
114.119.154.124 - - [20/Sep/2022:00:07:17 -0700] "GET /murray/slides/unknown/ HTTP/1.1" 200 1676 "https://pattifamily.net/murray/slides/" "Mozilla/5.0 (Linux; Android 7.0;) AppleWebKit/537.36 (KHTML, like Gecko) Mobile Safari/537.36 (compatible; PetalBot;+https://webmaster.petalsearch.com/site/petalbot)" "pattifamily.net"
114.119.154.161 - - [20/Sep/2022:00:12:38 -0700] "GET /1977/?C=D%3BO%3DA HTTP/1.1" 200 378 "http://pattifamily.net/1977/?C=S%3BO%3DA" "Mozilla/5.0 (Linux; Android 7.0;) AppleWebKit/537.36 (KHTML, like Gecko) Mobile Safari/537.36 (compatible; PetalBot;+https://webmaster.petalsearch.com/site/petalbot)" "pattifamily.net"
5.255.253.167 - - [20/Sep/2022:02:14:25 -0700] "GET /robots.txt HTTP/1.1" 404 73 "-" "Mozilla/5.0 (compatible; YandexBot/3.0; +http://yandex.com/bots)" "pattifamily.net"
5.45.207.150 - - [20/Sep/2022:02:14:29 -0700] "GET /pictures/2008_06_04/ HTTP/1.1" 200 416 "-" "Mozilla/5.0 (compatible; YandexBot/3.0; +http://yandex.com/bots)" "pattifamily.net"
5.255.253.121 - - [20/Sep/2022:02:25:18 -0700] "GET /pictures/2004_11_09/?C=S;O=D HTTP/1.1" 200 436 "-" "Mozilla/5.0 (compatible; YandexBot/3.0; +http://yandex.com/bots)" "pattifamily.net"
114.119.154.135 - - [20/Sep/2022:02:31:17 -0700] "GET /1980/Lubold/?C=M%3BO%3DA HTTP/1.1" 200 3676 "https://pattifamily.net/1980/Lubold/?C=S%3BO%3DA" "Mozilla/5.0 (Linux; Android 7.0;) AppleWebKit/537.36 (KHTML, like Gecko) Mobile Safari/537.36 (compatible; PetalBot;+https://webmaster.petalsearch.com/site/petalbot)" "pattifamily.net"
114.119.154.155 - - [20/Sep/2022:03:37:47 -0700] "GET /1979/ HTTP/1.1" 200 378 "http://www.pattifamily.net/1979/Lubold/?C=N%3BO%3DD" "Mozilla/5.0 (Linux; Android 7.0;) AppleWebKit/537.36 (KHTML, like Gecko) Mobile Safari/537.36 (compatible; PetalBot;+https://webmaster.petalsearch.com/site/petalbot)" "www.pattifamily.net"
5.255.253.111 - - [20/Sep/2022:04:13:49 -0700] "GET /robots.txt HTTP/1.1" 404 73 "-" "Mozilla/5.0 (compatible; YandexBot/3.0; +http://yandex.com/bots)" "pattifamily.net"
5.255.231.107 - - [20/Sep/2022:04:13:53 -0700] "GET /pictures/2010/2010_11_26/ HTTP/1.1" 200 399 "-" "Mozilla/5.0 (compatible; YandexBot/3.0; +http://yandex.com/bots)" "pattifamily.net"
139.198.14.215 - - [20/Sep/2022:04:23:36 -0700] "GET / HTTP/1.1" 200 2014 "-" "Mozilla/5.0 (compatible; Baiduspider/2.0; +http://www.baidu.com/search/spider.html)" "www.pattifamily.net"
213.180.203.71 - - [20/Sep/2022:04:51:29 -0700] "GET /pictures/2004_11_19/ HTTP/1.1" 200 517 "-" "Mozilla/5.0 (compatible; YandexBot/3.0; +http://yandex.com/bots)" "pattifamily.net"
52.33.121.232 - - [20/Sep/2022:05:04:03 -0700] "GET / HTTP/1.1" 200 2014 "-" "Mozilla/5.0 (X11; Linux x86_64) AppleWebKit/537.36 (KHTML, like Gecko) Chrome/83.0.4103.97 Safari/537.36" "pattifamily.net"
54.189.118.194 - - [20/Sep/2022:05:04:04 -0700] "GET / HTTP/1.1" 200 2014 "-" "Mozilla/5.0 (X11; Linux x86_64) AppleWebKit/537.36 (KHTML, like Gecko) Chrome/83.0.4103.97 Safari/537.36" "pattifamily.net"
35.92.10.105 - - [20/Sep/2022:05:04:34 -0700] "GET /favicon.ico HTTP/1.1" 404 88 "-" "Mozilla/5.0 (X11; Linux x86_64) AppleWebKit/537.36 (KHTML, like Gecko) Chrome/83.0.4103.97 Safari/537.36" "pattifamily.net"
34.218.233.229 - - [20/Sep/2022:05:04:35 -0700] "GET /favicon.ico HTTP/1.1" 404 88 "-" "Mozilla/5.0 (X11; Linux x86_64) AppleWebKit/537.36 (KHTML, like Gecko) Chrome/83.0.4103.97 Safari/537.36" "pattifamily.net"
35.92.10.105 - - [20/Sep/2022:05:04:36 -0700] "GET / HTTP/1.1" 200 2014 "-" "Mozilla/5.0 (X11; Linux x86_64) AppleWebKit/537.36 (KHTML, like Gecko) Chrome/83.0.4103.97 Safari/537.36" "pattifamily.net"
34.218.233.229 - - [20/Sep/2022:05:04:40 -0700] "GET / HTTP/1.1" 200 2014 "-" "Mozilla/5.0 (X11; Linux x86_64) AppleWebKit/537.36 (KHTML, like Gecko) Chrome/83.0.4103.97 Safari/537.36" "pattifamily.net"
114.119.154.14 - - [20/Sep/2022:05:14:58 -0700] "GET /familytree/?C=M%3BO%3DA HTTP/1.1" 200 2331 "http://www.pattifamily.net/familytree/?C=N%3BO%3DD" "Mozilla/5.0 (Linux; Android 7.0;) AppleWebKit/537.36 (KHTML, like Gecko) Mobile Safari/537.36 (compatible; PetalBot;+https://webmaster.petalsearch.com/site/petalbot)" "www.pattifamily.net"
35.228.23.56 - - [20/Sep/2022:05:19:17 -0700] "GET / HTTP/1.1" 200 16904 "-" "-" "pattifamily.net"
87.250.224.156 - - [20/Sep/2022:05:42:48 -0700] "GET /robots.txt HTTP/1.1" 404 73 "-" "Mozilla/5.0 (compatible; YandexBot/3.0; +http://yandex.com/bots)" "pattifamily.net"
87.250.224.127 - - [20/Sep/2022:05:42:52 -0700] "GET /pictures/2004_10_23/?C=N;O=D HTTP/1.1" 200 561 "-" "Mozilla/5.0 (compatible; YandexBot/3.0; +http://yandex.com/bots)" "pattifamily.net"
114.119.154.155 - - [20/Sep/2022:05:52:56 -0700] "GET /march2006.html HTTP/1.1" 200 751 "https://pattifamily.net?C=D%3BO%3DA" "Mozilla/5.0 (Linux; Android 7.0;) AppleWebKit/537.36 (KHTML, like Gecko) Mobile Safari/537.36 (compatible; PetalBot;+https://webmaster.petalsearch.com/site/petalbot)" "pattifamily.net"
114.119.154.13 - - [20/Sep/2022:06:05:46 -0700] "GET /1974/ HTTP/1.1" 200 352 "https://pattifamily.net?C=D%3BO%3DA" "Mozilla/5.0 (Linux; Android 7.0;) AppleWebKit/537.36 (KHTML, like Gecko) Mobile Safari/537.36 (compatible; PetalBot;+https://webmaster.petalsearch.com/site/petalbot)" "pattifamily.net"
114.119.154.115 - - [20/Sep/2022:06:17:43 -0700] "GET /1980/?C=N%3BO%3DD HTTP/1.1" 200 376 "https://pattifamily.net/1980/" "Mozilla/5.0 (Linux; Android 7.0;) AppleWebKit/537.36 (KHTML, like Gecko) Mobile Safari/537.36 (compatible; PetalBot;+https://webmaster.petalsearch.com/site/petalbot)" "pattifamily.net"
114.119.154.124 - - [20/Sep/2022:06:30:23 -0700] "GET /1994/Patti/May161994/?C=M%3BO%3DA HTTP/1.1" 200 1027 "https://pattifamily.net/1994/Patti/May161994/?C=S%3BO%3DA" "Mozilla/5.0 (Linux; Android 7.0;) AppleWebKit/537.36 (KHTML, like Gecko) Mobile Safari/537.36 (compatible; PetalBot;+https://webmaster.petalsearch.com/site/petalbot)" "pattifamily.net"
114.119.154.115 - - [20/Sep/2022:06:41:12 -0700] "GET /1984/?C=S%3BO%3DA HTTP/1.1" 200 378 "http://www.pattifamily.net/1984/" "Mozilla/5.0 (Linux; Android 7.0;) AppleWebKit/537.36 (KHTML, like Gecko) Mobile Safari/537.36 (compatible; PetalBot;+https://webmaster.petalsearch.com/site/petalbot)" "www.pattifamily.net"
114.119.154.115 - - [20/Sep/2022:06:51:35 -0700] "GET /1970/Patti/?C=M%3BO%3DA HTTP/1.1" 200 805 "https://pattifamily.net/1970/Patti/" "Mozilla/5.0 (Linux; Android 7.0;) AppleWebKit/537.36 (KHTML, like Gecko) Mobile Safari/537.36 (compatible; PetalBot;+https://webmaster.petalsearch.com/site/petalbot)" "pattifamily.net"
77.74.177.119 - - [20/Sep/2022:06:58:47 -0700] "GET / HTTP/1.1" 200 2014 "-" "Mozilla/5.0 (Windows NT 10.0; Win64; x64) AppleWebKit/537.36 (KHTML, like Gecko) Chrome/71.0.3578.98 Safari/537.36" "pattifamily.net"
114.119.154.124 - - [20/Sep/2022:07:02:18 -0700] "GET /1977/Lubold/?C=S%3BO%3DA HTTP/1.1" 200 1625 "http://pattifamily.net/1977/Lubold/?C=N%3BO%3DD" "Mozilla/5.0 (Linux; Android 7.0;) AppleWebKit/537.36 (KHTML, like Gecko) Mobile Safari/537.36 (compatible; PetalBot;+https://webmaster.petalsearch.com/site/petalbot)" "pattifamily.net"
114.119.154.135 - - [20/Sep/2022:07:14:13 -0700] "GET /1992/Patti/?C=M%3BO%3DA HTTP/1.1" 200 447 "https://pattifamily.net/1992/Patti/?C=S%3BO%3DA" "Mozilla/5.0 (Linux; Android 7.0;) AppleWebKit/537.36 (KHTML, like Gecko) Mobile Safari/537.36 (compatible; PetalBot;+https://webmaster.petalsearch.com/site/petalbot)" "pattifamily.net"
114.119.154.161 - - [20/Sep/2022:07:24:59 -0700] "GET /familytree/?C=N%3BO%3DD HTTP/1.1" 200 2331 "http://www.pattifamily.net/familytree/?C=M%3BO%3DA" "Mozilla/5.0 (Linux; Android 7.0;) AppleWebKit/537.36 (KHTML, like Gecko) Mobile Safari/537.36 (compatible; PetalBot;+https://webmaster.petalsearch.com/site/petalbot)" "www.pattifamily.net"
114.119.154.124 - - [20/Sep/2022:07:35:45 -0700] "GET /pattieaster.html HTTP/1.1" 200 1453 "http://www.pattifamily.net/?C=S%3BO%3DA" "Mozilla/5.0 (Linux; Android 7.0;) AppleWebKit/537.36 (KHTML, like Gecko) Mobile Safari/537.36 (compatible; PetalBot;+https://webmaster.petalsearch.com/site/petalbot)" "www.pattifamily.net"
114.119.142.94 - - [20/Sep/2022:07:42:32 -0700] "GET /robots.txt HTTP/1.1" 404 88 "-" "Mozilla/5.0 (compatible;PetalBot;+https://webmaster.petalsearch.com/site/petalbot)" "pattifamily.net"
114.119.154.115 - - [20/Sep/2022:07:49:56 -0700] "GET /1991/?C=N%3BO%3DD HTTP/1.1" 200 377 "http://www.pattifamily.net/1991/?C=M%3BO%3DA" "Mozilla/5.0 (Linux; Android 7.0;) AppleWebKit/537.36 (KHTML, like Gecko) Mobile Safari/537.36 (compatible; PetalBot;+https://webmaster.petalsearch.com/site/petalbot)" "www.pattifamily.net"
114.119.141.232 - - [20/Sep/2022:08:04:46 -0700] "GET /robots.txt HTTP/1.1" 404 88 "-" "Mozilla/5.0 (compatible;PetalBot;+https://webmaster.petalsearch.com/site/petalbot)" "www.pattifamily.net"
213.180.203.71 - - [20/Sep/2022:08:06:15 -0700] "GET /robots.txt HTTP/1.1" 404 73 "-" "Mozilla/5.0 (compatible; YandexBot/3.0; +http://yandex.com/bots)" "pattifamily.net"
5.255.253.167 - - [20/Sep/2022:08:06:19 -0700] "GET /1973/ HTTP/1.1" 200 351 "-" "Mozilla/5.0 (compatible; YandexBot/3.0; +http://yandex.com/bots)" "pattifamily.net"
114.119.154.13 - - [20/Sep/2022:08:11:42 -0700] "GET /patti90s.html HTTP/1.1" 200 10594 "https://pattifamily.net?C=D%3BO%3DA" "Mozilla/5.0 (Linux; Android 7.0;) AppleWebKit/537.36 (KHTML, like Gecko) Mobile Safari/537.36 (compatible; PetalBot;+https://webmaster.petalsearch.com/site/petalbot)" "pattifamily.net"
114.119.154.155 - - [20/Sep/2022:08:22:28 -0700] "GET /1986/ HTTP/1.1" 200 353 "http://www.pattifamily.net/?C=S%3BO%3DA" "Mozilla/5.0 (Linux; Android 7.0;) AppleWebKit/537.36 (KHTML, like Gecko) Mobile Safari/537.36 (compatible; PetalBot;+https://webmaster.petalsearch.com/site/petalbot)" "www.pattifamily.net"
114.119.154.115 - - [20/Sep/2022:08:33:01 -0700] "GET /2002/Patti/?C=D%3BO%3DA HTTP/1.1" 200 2247 "http://www.pattifamily.net/2002/Patti/?C=N%3BO%3DD" "Mozilla/5.0 (Linux; Android 7.0;) AppleWebKit/537.36 (KHTML, like Gecko) Mobile Safari/537.36 (compatible; PetalBot;+https://webmaster.petalsearch.com/site/petalbot)" "www.pattifamily.net"
114.119.154.161 - - [20/Sep/2022:08:42:58 -0700] "GET /1992/Patti/?C=D%3BO%3DA HTTP/1.1" 200 447 "http://www.pattifamily.net/1992/Patti/" "Mozilla/5.0 (Linux; Android 7.0;) AppleWebKit/537.36 (KHTML, like Gecko) Mobile Safari/537.36 (compatible; PetalBot;+https://webmaster.petalsearch.com/site/petalbot)" "www.pattifamily.net"
114.119.154.115 - - [20/Sep/2022:08:52:49 -0700] "GET /1998/?C=M%3BO%3DA HTTP/1.1" 200 374 "http://www.pattifamily.net/1998/" "Mozilla/5.0 (Linux; Android 7.0;) AppleWebKit/537.36 (KHTML, like Gecko) Mobile Safari/537.36 (compatible; PetalBot;+https://webmaster.petalsearch.com/site/petalbot)" "www.pattifamily.net"
114.119.154.155 - - [20/Sep/2022:09:02:25 -0700] "GET /1992/Patti/?C=S%3BO%3DA HTTP/1.1" 200 447 "https://pattifamily.net/1992/Patti/?C=M%3BO%3DA" "Mozilla/5.0 (Linux; Android 7.0;) AppleWebKit/537.36 (KHTML, like Gecko) Mobile Safari/537.36 (compatible; PetalBot;+https://webmaster.petalsearch.com/site/petalbot)" "pattifamily.net"
114.119.154.13 - - [20/Sep/2022:09:12:05 -0700] "GET /murray/?C=D%3BO%3DA HTTP/1.1" 200 353 "https://pattifamily.net/murray/?C=M%3BO%3DA" "Mozilla/5.0 (Linux; Android 7.0;) AppleWebKit/537.36 (KHTML, like Gecko) Mobile Safari/537.36 (compatible; PetalBot;+https://webmaster.petalsearch.com/site/petalbot)" "pattifamily.net"
114.119.154.135 - - [20/Sep/2022:09:22:08 -0700] "GET /january2005.htm HTTP/1.1" 200 830 "http://www.pattifamily.net?C=N%3BO%3DD" "Mozilla/5.0 (Linux; Android 7.0;) AppleWebKit/537.36 (KHTML, like Gecko) Mobile Safari/537.36 (compatible; PetalBot;+https://webmaster.petalsearch.com/site/petalbot)" "www.pattifamily.net"
114.119.154.124 - - [20/Sep/2022:09:31:40 -0700] "GET /murrayunknown.html HTTP/1.1" 200 826 "http://www.pattifamily.net/?C=S%3BO%3DA" "Mozilla/5.0 (Linux; Android 7.0;) AppleWebKit/537.36 (KHTML, like Gecko) Mobile Safari/537.36 (compatible; PetalBot;+https://webmaster.petalsearch.com/site/petalbot)" "www.pattifamily.net"
114.119.154.161 - - [20/Sep/2022:09:41:04 -0700] "GET /2003/Patti/?C=S%3BO%3DA HTTP/1.1" 200 1621 "https://pattifamily.net/2003/Patti/?C=N%3BO%3DD" "Mozilla/5.0 (Linux; Android 7.0;) AppleWebKit/537.36 (KHTML, like Gecko) Mobile Safari/537.36 (compatible; PetalBot;+https://webmaster.petalsearch.com/site/petalbot)" "pattifamily.net"
5.255.253.143 - - [20/Sep/2022:09:43:51 -0700] "GET /robots.txt HTTP/1.1" 404 73 "-" "Mozilla/5.0 (compatible; YandexBot/3.0; +http://yandex.com/bots)" "pattifamily.net"
5.45.207.148 - - [20/Sep/2022:09:43:54 -0700] "GET /1997/ HTTP/1.1" 200 375 "-" "Mozilla/5.0 (compatible; YandexBot/3.0; +http://yandex.com/bots)" "pattifamily.net"
114.119.154.161 - - [20/Sep/2022:09:50:35 -0700] "GET /unknown/Patti/ HTTP/1.1" 200 20311 "https://pattifamily.net/unknown/?C=D%3BO%3DA" "Mozilla/5.0 (Linux; Android 7.0;) AppleWebKit/537.36 (KHTML, like Gecko) Mobile Safari/537.36 (compatible; PetalBot;+https://webmaster.petalsearch.com/site/petalbot)" "pattifamily.net"
114.119.154.115 - - [20/Sep/2022:10:00:16 -0700] "GET /1991/Lubold/?C=S%3BO%3DA HTTP/1.1" 200 1422 "http://www.pattifamily.net/1991/Lubold/?C=D%3BO%3DA" "Mozilla/5.0 (Linux; Android 7.0;) AppleWebKit/537.36 (KHTML, like Gecko) Mobile Safari/537.36 (compatible; PetalBot;+https://webmaster.petalsearch.com/site/petalbot)" "www.pattifamily.net"
5.255.253.131 - - [20/Sep/2022:10:05:59 -0700] "GET /pictures/2005_04_29/ HTTP/1.1" 200 434 "-" "Mozilla/5.0 (compatible; YandexBot/3.0; +http://yandex.com/bots)" "pattifamily.net"
114.119.154.124 - - [20/Sep/2022:10:09:50 -0700] "GET /1985/Lubold/?C=N%3BO%3DD HTTP/1.1" 200 2575 "http://www.pattifamily.net/1985/Lubold/?C=S%3BO%3DA" "Mozilla/5.0 (Linux; Android 7.0;) AppleWebKit/537.36 (KHTML, like Gecko) Mobile Safari/537.36 (compatible; PetalBot;+https://webmaster.petalsearch.com/site/petalbot)" "www.pattifamily.net"
114.119.154.161 - - [20/Sep/2022:10:19:50 -0700] "GET /luboldunknown1.html HTTP/1.1" 200 1785 "https://pattifamily.net?C=N%3BO%3DD" "Mozilla/5.0 (Linux; Android 7.0;) AppleWebKit/537.36 (KHTML, like Gecko) Mobile Safari/537.36 (compatible; PetalBot;+https://webmaster.petalsearch.com/site/petalbot)" "pattifamily.net"
194.38.20.161 - - [20/Sep/2022:10:23:23 -0700] "GET /wp-content/themes/konzept/includes/uploadify/upload.php HTTP/1.1" 404 73 "-" "ALittle Client" "pattifamily.net"
114.119.154.14 - - [20/Sep/2022:10:30:14 -0700] "GET /1994/Patti/May161994/?C=D%3BO%3DA HTTP/1.1" 200 1027 "https://pattifamily.net/1994/Patti/May161994/?C=S%3BO%3DA" "Mozilla/5.0 (Linux; Android 7.0;) AppleWebKit/537.36 (KHTML, like Gecko) Mobile Safari/537.36 (compatible; PetalBot;+https://webmaster.petalsearch.com/site/petalbot)" "pattifamily.net"
114.119.154.161 - - [20/Sep/2022:10:40:17 -0700] "GET /1977/Patti/?C=N%3BO%3DD HTTP/1.1" 200 2134 "http://www.pattifamily.net/1977/Patti/?C=M%3BO%3DA" "Mozilla/5.0 (Linux; Android 7.0;) AppleWebKit/537.36 (KHTML, like Gecko) Mobile Safari/537.36 (compatible; PetalBot;+https://webmaster.petalsearch.com/site/petalbot)" "www.pattifamily.net"
114.119.154.14 - - [20/Sep/2022:10:50:21 -0700] "GET /2001/?C=D%3BO%3DA HTTP/1.1" 200 5095 "http://pattifamily.net/2001/" "Mozilla/5.0 (Linux; Android 7.0;) AppleWebKit/537.36 (KHTML, like Gecko) Mobile Safari/537.36 (compatible; PetalBot;+https://webmaster.petalsearch.com/site/petalbot)" "pattifamily.net"
114.119.154.124 - - [20/Sep/2022:11:00:36 -0700] "GET /1972/?C=N%3BO%3DD HTTP/1.1" 200 351 "http://www.pattifamily.net/1972/?C=D%3BO%3DA" "Mozilla/5.0 (Linux; Android 7.0;) AppleWebKit/537.36 (KHTML, like Gecko) Mobile Safari/537.36 (compatible; PetalBot;+https://webmaster.petalsearch.com/site/petalbot)" "www.pattifamily.net"
114.119.154.161 - - [20/Sep/2022:11:11:06 -0700] "GET /1991/Lubold/?C=N%3BO%3DD HTTP/1.1" 200 1422 "https://pattifamily.net/1991/Lubold/?C=M%3BO%3DA" "Mozilla/5.0 (Linux; Android 7.0;) AppleWebKit/537.36 (KHTML, like Gecko) Mobile Safari/537.36 (compatible; PetalBot;+https://webmaster.petalsearch.com/site/petalbot)" "pattifamily.net"
114.119.156.56 - - [20/Sep/2022:11:17:53 -0700] "GET /?C=S%3BO%3DA HTTP/1.1" 200 2014 "http://www.pattifamily.net" "Mozilla/5.0 (Linux; Android 7.0;) AppleWebKit/537.36 (KHTML, like Gecko) Mobile Safari/537.36 (compatible; PetalBot;+https://webmaster.petalsearch.com/site/petalbot)" "www.pattifamily.net"
114.119.154.161 - - [20/Sep/2022:11:22:15 -0700] "GET /1989/?C=N%3BO%3DD HTTP/1.1" 200 378 "http://pattifamily.net/1989/" "Mozilla/5.0 (Linux; Android 7.0;) AppleWebKit/537.36 (KHTML, like Gecko) Mobile Safari/537.36 (compatible; PetalBot;+https://webmaster.petalsearch.com/site/petalbot)" "pattifamily.net"
114.119.154.115 - - [20/Sep/2022:11:33:55 -0700] "GET /1997/Patti/ HTTP/1.1" 200 2317 "http://pattifamily.net/1997/?C=D%3BO%3DA" "Mozilla/5.0 (Linux; Android 7.0;) AppleWebKit/537.36 (KHTML, like Gecko) Mobile Safari/537.36 (compatible; PetalBot;+https://webmaster.petalsearch.com/site/petalbot)" "pattifamily.net"
46.161.27.153 - - [20/Sep/2022:11:42:00 -0700] "GET /administrator/ HTTP/1.1" 404 88 "-" "Mozilla/5.0 (Windows NT 10.0; Win64; x64) AppleWebKit/537.36 (KHTML, like Gecko) Chrome/64.0.3282.140 Safari/537.36 Edge/18.17763" "pattifamily.net"
114.119.154.135 - - [20/Sep/2022:11:46:49 -0700] "GET /1976/?C=S%3BO%3DA HTTP/1.1" 200 378 "http://www.pattifamily.net/1976/?C=N%3BO%3DD" "Mozilla/5.0 (Linux; Android 7.0;) AppleWebKit/537.36 (KHTML, like Gecko) Mobile Safari/537.36 (compatible; PetalBot;+https://webmaster.petalsearch.com/site/petalbot)" "www.pattifamily.net"
114.119.154.13 - - [20/Sep/2022:12:19:26 -0700] "GET /patti/July241991/ HTTP/1.1" 200 1494 "https://pattifamily.net/patti/?C=N%3BO%3DD" "Mozilla/5.0 (Linux; Android 7.0;) AppleWebKit/537.36 (KHTML, like Gecko) Mobile Safari/537.36 (compatible; PetalBot;+https://webmaster.petalsearch.com/site/petalbot)" "pattifamily.net"
51.222.253.4 - - [20/Sep/2022:12:31:58 -0700] "GET /robots.txt HTTP/1.1" 404 88 "-" "Mozilla/5.0 (compatible; AhrefsBot/7.0; +http://ahrefs.com/robot/)" "pattifamily.net"
51.222.253.14 - - [20/Sep/2022:12:31:59 -0700] "GET / HTTP/1.1" 200 2014 "-" "Mozilla/5.0 (compatible; AhrefsBot/7.0; +http://ahrefs.com/robot/)" "pattifamily.net"
114.119.154.124 - - [20/Sep/2022:12:38:09 -0700] "GET /1999/Lubold/?C=M%3BO%3DA HTTP/1.1" 200 2341 "http://www.pattifamily.net/1999/Lubold/?C=S%3BO%3DA" "Mozilla/5.0 (Linux; Android 7.0;) AppleWebKit/537.36 (KHTML, like Gecko) Mobile Safari/537.36 (compatible; PetalBot;+https://webmaster.petalsearch.com/site/petalbot)" "www.pattifamily.net"
51.222.253.17 - - [20/Sep/2022:12:45:01 -0700] "GET /pictures/2006_05_06/?C=S;O=A HTTP/1.1" 200 436 "-" "Mozilla/5.0 (compatible; AhrefsBot/7.0; +http://ahrefs.com/robot/)" "pattifamily.net"
51.222.253.12 - - [20/Sep/2022:12:52:55 -0700] "GET /1991/Lubold/?C=S;O=D HTTP/1.1" 200 1402 "-" "Mozilla/5.0 (compatible; AhrefsBot/7.0; +http://ahrefs.com/robot/)" "pattifamily.net"
114.119.154.13 - - [20/Sep/2022:12:55:42 -0700] "GET /1997/Lubold/?C=M%3BO%3DA HTTP/1.1" 200 457 "https://pattifamily.net/1997/Lubold/?C=S%3BO%3DA" "Mozilla/5.0 (Linux; Android 7.0;) AppleWebKit/537.36 (KHTML, like Gecko) Mobile Safari/537.36 (compatible; PetalBot;+https://webmaster.petalsearch.com/site/petalbot)" "pattifamily.net"
51.222.253.2 - - [20/Sep/2022:13:01:05 -0700] "GET /2004/?C=N;O=D HTTP/1.1" 200 348 "-" "Mozilla/5.0 (compatible; AhrefsBot/7.0; +http://ahrefs.com/robot/)" "pattifamily.net"
51.222.253.1 - - [20/Sep/2022:13:09:42 -0700] "GET /pictures/2004_10_28/?C=S;O=D HTTP/1.1" 200 415 "-" "Mozilla/5.0 (compatible; AhrefsBot/7.0; +http://ahrefs.com/robot/)" "pattifamily.net"
114.119.154.124 - - [20/Sep/2022:13:12:47 -0700] "GET /1979/?C=D%3BO%3DA HTTP/1.1" 200 378 "http://www.pattifamily.net/1979/?C=N%3BO%3DD" "Mozilla/5.0 (Linux; Android 7.0;) AppleWebKit/537.36 (KHTML, like Gecko) Mobile Safari/537.36 (compatible; PetalBot;+https://webmaster.petalsearch.com/site/petalbot)" "www.pattifamily.net"
51.222.253.6 - - [20/Sep/2022:13:18:05 -0700] "GET /pictures/2004_10_28/?C=M;O=D HTTP/1.1" 200 414 "-" "Mozilla/5.0 (compatible; AhrefsBot/7.0; +http://ahrefs.com/robot/)" "pattifamily.net"
51.222.253.5 - - [20/Sep/2022:13:26:59 -0700] "GET /pictures/2006_02_13/?C=S;O=D HTTP/1.1" 200 429 "-" "Mozilla/5.0 (compatible; AhrefsBot/7.0; +http://ahrefs.com/robot/)" "pattifamily.net"
114.119.154.124 - - [20/Sep/2022:13:29:49 -0700] "GET /murray/slides/?C=S%3BO%3DA HTTP/1.1" 200 360 "http://www.pattifamily.net/murray/slides/?C=M%3BO%3DA" "Mozilla/5.0 (Linux; Android 7.0;) AppleWebKit/537.36 (KHTML, like Gecko) Mobile Safari/537.36 (compatible; PetalBot;+https://webmaster.petalsearch.com/site/petalbot)" "www.pattifamily.net"
51.222.253.11 - - [20/Sep/2022:13:35:33 -0700] "GET /1973/?C=D;O=D HTTP/1.1" 200 349 "-" "Mozilla/5.0 (compatible; AhrefsBot/7.0; +http://ahrefs.com/robot/)" "pattifamily.net"
51.222.253.13 - - [20/Sep/2022:13:44:03 -0700] "GET /pictures/2006_04_08/?C=N;O=A HTTP/1.1" 200 472 "-" "Mozilla/5.0 (compatible; AhrefsBot/7.0; +http://ahrefs.com/robot/)" "pattifamily.net"
114.119.154.155 - - [20/Sep/2022:13:47:00 -0700] "GET /1987/?C=S%3BO%3DA HTTP/1.1" 200 378 "http://www.pattifamily.net/1987/?C=N%3BO%3DD" "Mozilla/5.0 (Linux; Android 7.0;) AppleWebKit/537.36 (KHTML, like Gecko) Mobile Safari/537.36 (compatible; PetalBot;+https://webmaster.petalsearch.com/site/petalbot)" "www.pattifamily.net"
51.222.253.7 - - [20/Sep/2022:13:52:39 -0700] "GET /pictures/2005_09_10/?C=D;O=A HTTP/1.1" 200 403 "-" "Mozilla/5.0 (compatible; AhrefsBot/7.0; +http://ahrefs.com/robot/)" "pattifamily.net"
51.222.253.15 - - [20/Sep/2022:13:59:06 -0700] "GET /1984/Patti/?C=D;O=A HTTP/1.1" 200 692 "-" "Mozilla/5.0 (compatible; AhrefsBot/7.0; +http://ahrefs.com/robot/)" "pattifamily.net"
114.119.154.115 - - [20/Sep/2022:14:04:36 -0700] "GET /1996/Patti/?C=N%3BO%3DD HTTP/1.1" 200 1806 "http://www.pattifamily.net/1996/Patti/?C=D%3BO%3DA" "Mozilla/5.0 (Linux; Android 7.0;) AppleWebKit/537.36 (KHTML, like Gecko) Mobile Safari/537.36 (compatible; PetalBot;+https://webmaster.petalsearch.com/site/petalbot)" "www.pattifamily.net"
51.222.253.5 - - [20/Sep/2022:14:05:34 -0700] "GET /1993/Patti/September111993/?C=M;O=D HTTP/1.1" 200 1815 "-" "Mozilla/5.0 (compatible; AhrefsBot/7.0; +http://ahrefs.com/robot/)" "pattifamily.net"
51.222.253.17 - - [20/Sep/2022:14:11:48 -0700] "GET /pictures/2004_11_03/ HTTP/1.1" 200 426 "-" "Mozilla/5.0 (compatible; AhrefsBot/7.0; +http://ahrefs.com/robot/)" "pattifamily.net"
51.222.253.6 - - [20/Sep/2022:14:17:19 -0700] "GET /pictures/2005_06_12/?C=S;O=D HTTP/1.1" 200 422 "-" "Mozilla/5.0 (compatible; AhrefsBot/7.0; +http://ahrefs.com/robot/)" "pattifamily.net"
114.119.154.161 - - [20/Sep/2022:14:22:12 -0700] "GET /pictures/ HTTP/1.1" 200 480 "http://www.pattifamily.net/?C=S%3BO%3DA" "Mozilla/5.0 (Linux; Android 7.0;) AppleWebKit/537.36 (KHTML, like Gecko) Mobile Safari/537.36 (compatible; PetalBot;+https://webmaster.petalsearch.com/site/petalbot)" "www.pattifamily.net"
51.222.253.4 - - [20/Sep/2022:14:23:05 -0700] "GET /pictures/2005_04_03/?C=N;O=A HTTP/1.1" 200 423 "-" "Mozilla/5.0 (compatible; AhrefsBot/7.0; +http://ahrefs.com/robot/)" "pattifamily.net"
51.222.253.12 - - [20/Sep/2022:14:28:36 -0700] "GET /1992/Patti/July271992/?C=S;O=D HTTP/1.1" 200 691 "-" "Mozilla/5.0 (compatible; AhrefsBot/7.0; +http://ahrefs.com/robot/)" "pattifamily.net"
51.222.253.3 - - [20/Sep/2022:14:34:06 -0700] "GET /pictures/2005_07_29/?C=N;O=D HTTP/1.1" 200 502 "-" "Mozilla/5.0 (compatible; AhrefsBot/7.0; +http://ahrefs.com/robot/)" "pattifamily.net"
87.250.224.127 - - [20/Sep/2022:14:36:54 -0700] "GET /robots.txt HTTP/1.1" 404 73 "-" "Mozilla/5.0 (compatible; YandexBot/3.0; +http://yandex.com/bots)" "pattifamily.net"
5.45.207.148 - - [20/Sep/2022:14:36:57 -0700] "GET /pictures/2006_06_25/ HTTP/1.1" 200 385 "-" "Mozilla/5.0 (compatible; YandexBot/3.0; +http://yandex.com/bots)" "pattifamily.net"
51.222.253.5 - - [20/Sep/2022:14:39:36 -0700] "GET /pictures/2006_05_27/?C=S;O=A HTTP/1.1" 200 644 "-" "Mozilla/5.0 (compatible; AhrefsBot/7.0; +http://ahrefs.com/robot/)" "pattifamily.net"
114.119.154.124 - - [20/Sep/2022:14:40:02 -0700] "GET /1981/?C=D%3BO%3DA HTTP/1.1" 200 352 "http://www.pattifamily.net/1981/?C=M%3BO%3DA" "Mozilla/5.0 (Linux; Android 7.0;) AppleWebKit/537.36 (KHTML, like Gecko) Mobile Safari/537.36 (compatible; PetalBot;+https://webmaster.petalsearch.com/site/petalbot)" "www.pattifamily.net"
51.222.253.5 - - [20/Sep/2022:14:44:50 -0700] "GET /1992/?C=M;O=D HTTP/1.1" 200 377 "-" "Mozilla/5.0 (compatible; AhrefsBot/7.0; +http://ahrefs.com/robot/)" "pattifamily.net"
51.222.253.9 - - [20/Sep/2022:14:50:43 -0700] "GET /pictures/2005_11_03/ HTTP/1.1" 200 464 "-" "Mozilla/5.0 (compatible; AhrefsBot/7.0; +http://ahrefs.com/robot/)" "pattifamily.net"
51.222.253.1 - - [20/Sep/2022:14:56:10 -0700] "GET /pictures/2005_10_06/ HTTP/1.1" 200 451 "-" "Mozilla/5.0 (compatible; AhrefsBot/7.0; +http://ahrefs.com/robot/)" "pattifamily.net"
51.222.253.14 - - [20/Sep/2022:15:01:53 -0700] "GET /bowling/videos/?C=S;O=D HTTP/1.1" 200 431 "-" "Mozilla/5.0 (compatible; AhrefsBot/7.0; +http://ahrefs.com/robot/)" "pattifamily.net"
51.222.253.20 - - [20/Sep/2022:15:07:43 -0700] "GET /1984/?C=M;O=D HTTP/1.1" 200 376 "-" "Mozilla/5.0 (compatible; AhrefsBot/7.0; +http://ahrefs.com/robot/)" "pattifamily.net"
51.222.253.18 - - [20/Sep/2022:15:12:52 -0700] "GET /pictures/2006_02_06/?C=D;O=D HTTP/1.1" 200 401 "-" "Mozilla/5.0 (compatible; AhrefsBot/7.0; +http://ahrefs.com/robot/)" "pattifamily.net"
114.119.154.124 - - [20/Sep/2022:15:15:59 -0700] "GET /1990/Lubold/?C=N%3BO%3DD HTTP/1.1" 200 1627 "https://pattifamily.net/1990/Lubold/?C=M%3BO%3DA" "Mozilla/5.0 (Linux; Android 7.0;) AppleWebKit/537.36 (KHTML, like Gecko) Mobile Safari/537.36 (compatible; PetalBot;+https://webmaster.petalsearch.com/site/petalbot)" "pattifamily.net"
51.222.253.13 - - [20/Sep/2022:15:18:06 -0700] "GET /pictures/2005_05_16/?C=S;O=A HTTP/1.1" 200 441 "-" "Mozilla/5.0 (compatible; AhrefsBot/7.0; +http://ahrefs.com/robot/)" "pattifamily.net"
51.222.253.9 - - [20/Sep/2022:15:23:19 -0700] "GET /august2005.htm HTTP/1.1" 200 850 "-" "Mozilla/5.0 (compatible; AhrefsBot/7.0; +http://ahrefs.com/robot/)" "pattifamily.net"
51.222.253.16 - - [20/Sep/2022:15:23:27 -0700] "GET /pictures/leftarrow.gif HTTP/1.1" 200 2112 "-" "Mozilla/5.0 (compatible; AhrefsBot/7.0; +http://ahrefs.com/robot/)" "pattifamily.net"
51.222.253.4 - - [20/Sep/2022:15:23:27 -0700] "GET /pictures/rightarrow.gif HTTP/1.1" 200 2172 "-" "Mozilla/5.0 (compatible; AhrefsBot/7.0; +http://ahrefs.com/robot/)" "pattifamily.net"
51.222.253.14 - - [20/Sep/2022:15:28:19 -0700] "GET /pictures/2005_05_16/?C=M;O=A HTTP/1.1" 200 441 "-" "Mozilla/5.0 (compatible; AhrefsBot/7.0; +http://ahrefs.com/robot/)" "pattifamily.net"
51.222.253.8 - - [20/Sep/2022:15:33:20 -0700] "GET /pictures/2005_03_02/?C=N;O=D HTTP/1.1" 200 437 "-" "Mozilla/5.0 (compatible; AhrefsBot/7.0; +http://ahrefs.com/robot/)" "pattifamily.net"
114.119.154.155 - - [20/Sep/2022:15:33:59 -0700] "GET /1991/Lubold/ HTTP/1.1" 200 1422 "http://pattifamily.net/1991/?C=M%3BO%3DA" "Mozilla/5.0 (Linux; Android 7.0;) AppleWebKit/537.36 (KHTML, like Gecko) Mobile Safari/537.36 (compatible; PetalBot;+https://webmaster.petalsearch.com/site/petalbot)" "pattifamily.net"
51.222.253.11 - - [20/Sep/2022:15:38:17 -0700] "GET /1980/?C=M;O=D HTTP/1.1" 200 374 "-" "Mozilla/5.0 (compatible; AhrefsBot/7.0; +http://ahrefs.com/robot/)" "pattifamily.net"
51.222.253.20 - - [20/Sep/2022:15:43:15 -0700] "GET /pictures/2006_01_13/?C=D;O=A HTTP/1.1" 200 446 "-" "Mozilla/5.0 (compatible; AhrefsBot/7.0; +http://ahrefs.com/robot/)" "pattifamily.net"
51.222.253.8 - - [20/Sep/2022:15:47:53 -0700] "GET /bowling/videos/?C=M;O=D HTTP/1.1" 200 431 "-" "Mozilla/5.0 (compatible; AhrefsBot/7.0; +http://ahrefs.com/robot/)" "pattifamily.net"
114.119.154.13 - - [20/Sep/2022:15:51:45 -0700] "GET /1986/?C=M%3BO%3DA HTTP/1.1" 200 353 "http://www.pattifamily.net/1986/?C=S%3BO%3DA" "Mozilla/5.0 (Linux; Android 7.0;) AppleWebKit/537.36 (KHTML, like Gecko) Mobile Safari/537.36 (compatible; PetalBot;+https://webmaster.petalsearch.com/site/petalbot)" "www.pattifamily.net"
51.222.253.12 - - [20/Sep/2022:15:52:57 -0700] "GET /1991/?C=D;O=D HTTP/1.1" 200 374 "-" "Mozilla/5.0 (compatible; AhrefsBot/7.0; +http://ahrefs.com/robot/)" "pattifamily.net"
51.222.253.10 - - [20/Sep/2022:15:57:59 -0700] "GET /pictures/2006_06_11/?C=D;O=D HTTP/1.1" 200 383 "-" "Mozilla/5.0 (compatible; AhrefsBot/7.0; +http://ahrefs.com/robot/)" "pattifamily.net"
51.222.253.2 - - [20/Sep/2022:16:03:02 -0700] "GET /pictures/2006_05_26/?C=S;O=D HTTP/1.1" 200 958 "-" "Mozilla/5.0 (compatible; AhrefsBot/7.0; +http://ahrefs.com/robot/)" "pattifamily.net"
51.222.253.6 - - [20/Sep/2022:16:08:09 -0700] "GET /1998/?C=M;O=D HTTP/1.1" 200 373 "-" "Mozilla/5.0 (compatible; AhrefsBot/7.0; +http://ahrefs.com/robot/)" "pattifamily.net"
114.119.154.135 - - [20/Sep/2022:16:09:46 -0700] "GET /1974/?C=N%3BO%3DD HTTP/1.1" 200 352 "https://pattifamily.net/1974/" "Mozilla/5.0 (Linux; Android 7.0;) AppleWebKit/537.36 (KHTML, like Gecko) Mobile Safari/537.36 (compatible; PetalBot;+https://webmaster.petalsearch.com/site/petalbot)" "pattifamily.net"
51.222.253.18 - - [20/Sep/2022:16:13:10 -0700] "GET /pictures/2006_01_13/?C=S;O=A HTTP/1.1" 200 447 "-" "Mozilla/5.0 (compatible; AhrefsBot/7.0; +http://ahrefs.com/robot/)" "pattifamily.net"
51.222.253.1 - - [20/Sep/2022:16:18:14 -0700] "GET /pictures/2005_08_15/?C=N;O=A HTTP/1.1" 200 399 "-" "Mozilla/5.0 (compatible; AhrefsBot/7.0; +http://ahrefs.com/robot/)" "pattifamily.net"
51.222.253.5 - - [20/Sep/2022:16:23:08 -0700] "GET /pictures/2005_05_16/?C=S;O=D HTTP/1.1" 200 438 "-" "Mozilla/5.0 (compatible; AhrefsBot/7.0; +http://ahrefs.com/robot/)" "pattifamily.net"
51.222.253.17 - - [20/Sep/2022:16:26:56 -0700] "GET /pictures/2005_11_11/?C=N;O=D HTTP/1.1" 200 430 "-" "Mozilla/5.0 (compatible; AhrefsBot/7.0; +http://ahrefs.com/robot/)" "pattifamily.net"
