5.255.253.121 - - [14/Sep/2022:08:10:22 -0700] "GET / HTTP/1.1" 200 2014 "-" "Mozilla/5.0 (compatible; YandexBot/3.0; +http://yandex.com/bots)" "pattifamily.net"
114.119.154.135 - - [14/Sep/2022:08:13:50 -0700] "GET /1993/Patti/?C=S%3BO%3DA HTTP/1.1" 200 498 "http://www.pattifamily.net/1993/Patti/?C=D%3BO%3DA" "Mozilla/5.0 (Linux; Android 7.0;) AppleWebKit/537.36 (KHTML, like Gecko) Mobile Safari/537.36 (compatible; PetalBot;+https://webmaster.petalsearch.com/site/petalbot)" "www.pattifamily.net"
87.250.224.139 - - [14/Sep/2022:08:18:52 -0700] "GET /pictures/2006_03_25/ HTTP/1.1" 200 439 "-" "Mozilla/5.0 (compatible; YandexBot/3.0; +http://yandex.com/bots)" "pattifamily.net"
114.119.154.161 - - [14/Sep/2022:08:19:36 -0700] "GET /1993/Patti/September111993/?C=D%3BO%3DA HTTP/1.1" 200 1832 "https://pattifamily.net/1993/Patti/September111993/?C=M%3BO%3DA" "Mozilla/5.0 (Linux; Android 7.0;) AppleWebKit/537.36 (KHTML, like Gecko) Mobile Safari/537.36 (compatible; PetalBot;+https://webmaster.petalsearch.com/site/petalbot)" "pattifamily.net"
5.45.207.101 - - [14/Sep/2022:08:21:22 -0700] "GET /pictures/2005_07_11/ HTTP/1.1" 200 432 "-" "Mozilla/5.0 (compatible; YandexBot/3.0; +http://yandex.com/bots)" "pattifamily.net"
114.119.154.124 - - [14/Sep/2022:08:25:24 -0700] "GET /1976/Patti/?C=S%3BO%3DA HTTP/1.1" 200 2862 "https://pattifamily.net/1976/Patti/?C=D%3BO%3DA" "Mozilla/5.0 (Linux; Android 7.0;) AppleWebKit/537.36 (KHTML, like Gecko) Mobile Safari/537.36 (compatible; PetalBot;+https://webmaster.petalsearch.com/site/petalbot)" "pattifamily.net"
5.45.207.101 - - [14/Sep/2022:08:28:41 -0700] "GET /pictures/2005_08_16/ HTTP/1.1" 200 409 "-" "Mozilla/5.0 (compatible; YandexBot/3.0; +http://yandex.com/bots)" "pattifamily.net"
114.119.154.135 - - [14/Sep/2022:08:31:22 -0700] "GET /2004/Patti/December2004/ HTTP/1.1" 200 913 "http://www.pattifamily.net/2004/Patti/?C=D%3BO%3DA" "Mozilla/5.0 (Linux; Android 7.0;) AppleWebKit/537.36 (KHTML, like Gecko) Mobile Safari/537.36 (compatible; PetalBot;+https://webmaster.petalsearch.com/site/petalbot)" "www.pattifamily.net"
5.45.207.150 - - [14/Sep/2022:08:31:22 -0700] "GET /pictures/2007_08_30/ HTTP/1.1" 200 431 "-" "Mozilla/5.0 (compatible; YandexBot/3.0; +http://yandex.com/bots)" "pattifamily.net"
114.119.154.115 - - [14/Sep/2022:08:37:09 -0700] "GET /2004/Patti/October2004/?C=S%3BO%3DA HTTP/1.1" 200 1201 "http://pattifamily.net/2004/Patti/October2004/?C=D%3BO%3DA" "Mozilla/5.0 (Linux; Android 7.0;) AppleWebKit/537.36 (KHTML, like Gecko) Mobile Safari/537.36 (compatible; PetalBot;+https://webmaster.petalsearch.com/site/petalbot)" "pattifamily.net"
5.255.253.143 - - [14/Sep/2022:08:42:01 -0700] "GET /august2005.htm HTTP/1.1" 200 850 "-" "Mozilla/5.0 (compatible; YandexBot/3.0; +http://yandex.com/bots)" "pattifamily.net"
114.119.154.124 - - [14/Sep/2022:08:42:56 -0700] "GET /1993/Patti/ HTTP/1.1" 200 498 "https://pattifamily.net/1993/Patti/September111993/?C=M%3BO%3DA" "Mozilla/5.0 (Linux; Android 7.0;) AppleWebKit/537.36 (KHTML, like Gecko) Mobile Safari/537.36 (compatible; PetalBot;+https://webmaster.petalsearch.com/site/petalbot)" "pattifamily.net"
114.119.154.161 - - [14/Sep/2022:08:48:53 -0700] "GET /1991/Patti/ HTTP/1.1" 200 916 "http://www.pattifamily.net/1991/?C=D%3BO%3DA" "Mozilla/5.0 (Linux; Android 7.0;) AppleWebKit/537.36 (KHTML, like Gecko) Mobile Safari/537.36 (compatible; PetalBot;+https://webmaster.petalsearch.com/site/petalbot)" "www.pattifamily.net"
114.119.154.161 - - [14/Sep/2022:08:54:40 -0700] "GET /1979/Lubold/ HTTP/1.1" 200 576 "http://www.pattifamily.net/1979/?C=N%3BO%3DD" "Mozilla/5.0 (Linux; Android 7.0;) AppleWebKit/537.36 (KHTML, like Gecko) Mobile Safari/537.36 (compatible; PetalBot;+https://webmaster.petalsearch.com/site/petalbot)" "www.pattifamily.net"
5.45.207.150 - - [14/Sep/2022:08:54:56 -0700] "GET /pictures/2006_01_25/ HTTP/1.1" 200 386 "-" "Mozilla/5.0 (compatible; YandexBot/3.0; +http://yandex.com/bots)" "pattifamily.net"
114.119.155.154 - - [14/Sep/2022:08:58:22 -0700] "GET /robots.txt HTTP/1.1" 404 88 "-" "Mozilla/5.0 (compatible;PetalBot;+https://webmaster.petalsearch.com/site/petalbot)" "pattifamily.net"
114.119.154.135 - - [14/Sep/2022:09:00:43 -0700] "GET /1973/Patti/ HTTP/1.1" 200 3560 "http://www.pattifamily.net/1973/?C=D%3BO%3DA" "Mozilla/5.0 (Linux; Android 7.0;) AppleWebKit/537.36 (KHTML, like Gecko) Mobile Safari/537.36 (compatible; PetalBot;+https://webmaster.petalsearch.com/site/petalbot)" "www.pattifamily.net"
114.119.154.135 - - [14/Sep/2022:09:06:20 -0700] "GET /1970/Patti/ HTTP/1.1" 200 805 "https://pattifamily.net/1970/?C=D%3BO%3DA" "Mozilla/5.0 (Linux; Android 7.0;) AppleWebKit/537.36 (KHTML, like Gecko) Mobile Safari/537.36 (compatible; PetalBot;+https://webmaster.petalsearch.com/site/petalbot)" "pattifamily.net"
114.119.154.161 - - [14/Sep/2022:09:12:05 -0700] "GET /1996/Patti/ HTTP/1.1" 200 1806 "https://pattifamily.net/1996/" "Mozilla/5.0 (Linux; Android 7.0;) AppleWebKit/537.36 (KHTML, like Gecko) Mobile Safari/537.36 (compatible; PetalBot;+https://webmaster.petalsearch.com/site/petalbot)" "pattifamily.net"
114.119.154.124 - - [14/Sep/2022:09:18:02 -0700] "GET /?C=D%3BO%3DA HTTP/1.1" 200 2014 "http://www.pattifamily.net?C=S%3BO%3DA" "Mozilla/5.0 (Linux; Android 7.0;) AppleWebKit/537.36 (KHTML, like Gecko) Mobile Safari/537.36 (compatible; PetalBot;+https://webmaster.petalsearch.com/site/petalbot)" "www.pattifamily.net"
114.119.148.14 - - [14/Sep/2022:09:18:09 -0700] "GET /robots.txt HTTP/1.1" 404 88 "-" "Mozilla/5.0 (compatible;PetalBot;+https://webmaster.petalsearch.com/site/petalbot)" "www.pattifamily.net"
114.119.154.135 - - [14/Sep/2022:09:23:46 -0700] "GET /1970/?C=N%3BO%3DD HTTP/1.1" 200 349 "https://pattifamily.net/1970/?C=D%3BO%3DA" "Mozilla/5.0 (Linux; Android 7.0;) AppleWebKit/537.36 (KHTML, like Gecko) Mobile Safari/537.36 (compatible; PetalBot;+https://webmaster.petalsearch.com/site/petalbot)" "pattifamily.net"
5.45.207.150 - - [14/Sep/2022:09:29:05 -0700] "GET /robots.txt HTTP/1.1" 404 73 "-" "Mozilla/5.0 (compatible; YandexBot/3.0; +http://yandex.com/bots)" "pattifamily.net"
87.250.224.80 - - [14/Sep/2022:09:29:09 -0700] "GET /1987/Lubold/ HTTP/1.1" 200 1495 "-" "Mozilla/5.0 (compatible; YandexBot/3.0; +http://yandex.com/bots)" "pattifamily.net"
114.119.154.161 - - [14/Sep/2022:09:29:26 -0700] "GET /patti/ HTTP/1.1" 200 354 "http://www.pattifamily.net?C=S%3BO%3DA" "Mozilla/5.0 (Linux; Android 7.0;) AppleWebKit/537.36 (KHTML, like Gecko) Mobile Safari/537.36 (compatible; PetalBot;+https://webmaster.petalsearch.com/site/petalbot)" "www.pattifamily.net"
114.119.154.14 - - [14/Sep/2022:09:35:10 -0700] "GET /1992/Patti/?C=S%3BO%3DA HTTP/1.1" 200 447 "http://www.pattifamily.net/1992/Patti/?C=N%3BO%3DD" "Mozilla/5.0 (Linux; Android 7.0;) AppleWebKit/537.36 (KHTML, like Gecko) Mobile Safari/537.36 (compatible; PetalBot;+https://webmaster.petalsearch.com/site/petalbot)" "www.pattifamily.net"
114.119.154.155 - - [14/Sep/2022:09:41:00 -0700] "GET /2004/Patti/?C=M%3BO%3DA HTTP/1.1" 200 389 "https://pattifamily.net/2004/Patti/" "Mozilla/5.0 (Linux; Android 7.0;) AppleWebKit/537.36 (KHTML, like Gecko) Mobile Safari/537.36 (compatible; PetalBot;+https://webmaster.petalsearch.com/site/petalbot)" "pattifamily.net"
209.127.28.232 - - [14/Sep/2022:09:41:38 -0700] "GET / HTTP/1.1" 200 2014 "-" "Mozilla/5.0 (X11; Ubuntu; Linux i686; rv:102.0) Gecko/20100101 Firefox/102.0" "pattifamily.net"
209.127.28.232 - - [14/Sep/2022:09:41:40 -0700] "GET /?C=N;O=D HTTP/1.1" 200 2021 "http://pattifamily.net" "Mozilla/5.0 (X11; Ubuntu; Linux i686; rv:102.0) Gecko/20100101 Firefox/102.0" "pattifamily.net"
209.127.28.232 - - [14/Sep/2022:09:41:42 -0700] "GET /weatherinsights/ HTTP/1.1" 200 1193 "http://pattifamily.net" "Mozilla/5.0 (X11; Ubuntu; Linux i686; rv:102.0) Gecko/20100101 Firefox/102.0" "pattifamily.net"
209.127.28.232 - - [14/Sep/2022:09:41:42 -0700] "GET /?C=M;O=A HTTP/1.1" 200 2004 "http://pattifamily.net" "Mozilla/5.0 (X11; Ubuntu; Linux i686; rv:102.0) Gecko/20100101 Firefox/102.0" "pattifamily.net"
209.127.28.232 - - [14/Sep/2022:09:41:44 -0700] "GET /unknown/ HTTP/1.1" 200 381 "http://pattifamily.net" "Mozilla/5.0 (X11; Ubuntu; Linux i686; rv:102.0) Gecko/20100101 Firefox/102.0" "pattifamily.net"
209.127.28.232 - - [14/Sep/2022:09:41:44 -0700] "GET /?C=S;O=A HTTP/1.1" 200 1993 "http://pattifamily.net" "Mozilla/5.0 (X11; Ubuntu; Linux i686; rv:102.0) Gecko/20100101 Firefox/102.0" "pattifamily.net"
209.127.28.232 - - [14/Sep/2022:09:41:45 -0700] "GET /playgroup.html HTTP/1.1" 200 817 "http://pattifamily.net" "Mozilla/5.0 (X11; Ubuntu; Linux i686; rv:102.0) Gecko/20100101 Firefox/102.0" "pattifamily.net"
209.127.28.232 - - [14/Sep/2022:09:41:45 -0700] "GET /?C=D;O=A HTTP/1.1" 200 2014 "http://pattifamily.net" "Mozilla/5.0 (X11; Ubuntu; Linux i686; rv:102.0) Gecko/20100101 Firefox/102.0" "pattifamily.net"
209.127.28.232 - - [14/Sep/2022:09:41:46 -0700] "GET /pictures/ HTTP/1.1" 200 480 "http://pattifamily.net" "Mozilla/5.0 (X11; Ubuntu; Linux i686; rv:102.0) Gecko/20100101 Firefox/102.0" "pattifamily.net"
209.127.28.232 - - [14/Sep/2022:09:41:51 -0700] "GET /1970/ HTTP/1.1" 200 349 "http://pattifamily.net" "Mozilla/5.0 (X11; Ubuntu; Linux i686; rv:102.0) Gecko/20100101 Firefox/102.0" "pattifamily.net"
209.127.28.232 - - [14/Sep/2022:09:41:51 -0700] "GET /pattiyankees.html HTTP/1.1" 200 788 "http://pattifamily.net" "Mozilla/5.0 (X11; Ubuntu; Linux i686; rv:102.0) Gecko/20100101 Firefox/102.0" "pattifamily.net"
209.127.28.232 - - [14/Sep/2022:09:41:51 -0700] "GET /1971/ HTTP/1.1" 200 351 "http://pattifamily.net" "Mozilla/5.0 (X11; Ubuntu; Linux i686; rv:102.0) Gecko/20100101 Firefox/102.0" "pattifamily.net"
209.127.28.232 - - [14/Sep/2022:09:41:51 -0700] "GET /pattixmas3.html HTTP/1.1" 200 1845 "http://pattifamily.net" "Mozilla/5.0 (X11; Ubuntu; Linux i686; rv:102.0) Gecko/20100101 Firefox/102.0" "pattifamily.net"
209.127.28.232 - - [14/Sep/2022:09:41:53 -0700] "GET /1972/ HTTP/1.1" 200 351 "http://pattifamily.net" "Mozilla/5.0 (X11; Ubuntu; Linux i686; rv:102.0) Gecko/20100101 Firefox/102.0" "pattifamily.net"
209.127.28.232 - - [14/Sep/2022:09:41:53 -0700] "GET /pattixmas2.html HTTP/1.1" 200 2066 "http://pattifamily.net" "Mozilla/5.0 (X11; Ubuntu; Linux i686; rv:102.0) Gecko/20100101 Firefox/102.0" "pattifamily.net"
209.127.28.232 - - [14/Sep/2022:09:41:56 -0700] "GET /1973/ HTTP/1.1" 200 351 "http://pattifamily.net" "Mozilla/5.0 (X11; Ubuntu; Linux i686; rv:102.0) Gecko/20100101 Firefox/102.0" "pattifamily.net"
209.127.28.232 - - [14/Sep/2022:09:41:56 -0700] "GET /pattixmas1.html HTTP/1.1" 200 2104 "http://pattifamily.net" "Mozilla/5.0 (X11; Ubuntu; Linux i686; rv:102.0) Gecko/20100101 Firefox/102.0" "pattifamily.net"
209.127.28.232 - - [14/Sep/2022:09:41:56 -0700] "GET /1974/ HTTP/1.1" 200 352 "http://pattifamily.net" "Mozilla/5.0 (X11; Ubuntu; Linux i686; rv:102.0) Gecko/20100101 Firefox/102.0" "pattifamily.net"
209.127.28.232 - - [14/Sep/2022:09:41:56 -0700] "GET /pattivacation.html HTTP/1.1" 200 3997 "http://pattifamily.net" "Mozilla/5.0 (X11; Ubuntu; Linux i686; rv:102.0) Gecko/20100101 Firefox/102.0" "pattifamily.net"
209.127.28.232 - - [14/Sep/2022:09:41:57 -0700] "GET /1975/ HTTP/1.1" 200 352 "http://pattifamily.net" "Mozilla/5.0 (X11; Ubuntu; Linux i686; rv:102.0) Gecko/20100101 Firefox/102.0" "pattifamily.net"
209.127.28.232 - - [14/Sep/2022:09:41:57 -0700] "GET /pattiunknown8.html HTTP/1.1" 200 1962 "http://pattifamily.net" "Mozilla/5.0 (X11; Ubuntu; Linux i686; rv:102.0) Gecko/20100101 Firefox/102.0" "pattifamily.net"
209.127.28.232 - - [14/Sep/2022:09:41:57 -0700] "GET /1976/ HTTP/1.1" 200 378 "http://pattifamily.net" "Mozilla/5.0 (X11; Ubuntu; Linux i686; rv:102.0) Gecko/20100101 Firefox/102.0" "pattifamily.net"
209.127.28.232 - - [14/Sep/2022:09:41:57 -0700] "GET /pattiunknown7.html HTTP/1.1" 200 1668 "http://pattifamily.net" "Mozilla/5.0 (X11; Ubuntu; Linux i686; rv:102.0) Gecko/20100101 Firefox/102.0" "pattifamily.net"
209.127.28.232 - - [14/Sep/2022:09:41:57 -0700] "GET /1977/ HTTP/1.1" 200 378 "http://pattifamily.net" "Mozilla/5.0 (X11; Ubuntu; Linux i686; rv:102.0) Gecko/20100101 Firefox/102.0" "pattifamily.net"
209.127.28.232 - - [14/Sep/2022:09:41:58 -0700] "GET /pattiunknown6.html HTTP/1.1" 200 1830 "http://pattifamily.net" "Mozilla/5.0 (X11; Ubuntu; Linux i686; rv:102.0) Gecko/20100101 Firefox/102.0" "pattifamily.net"
209.127.28.232 - - [14/Sep/2022:09:41:58 -0700] "GET /1978/ HTTP/1.1" 200 378 "http://pattifamily.net" "Mozilla/5.0 (X11; Ubuntu; Linux i686; rv:102.0) Gecko/20100101 Firefox/102.0" "pattifamily.net"
209.127.28.232 - - [14/Sep/2022:09:41:58 -0700] "GET /pattiunknown5.html HTTP/1.1" 200 1837 "http://pattifamily.net" "Mozilla/5.0 (X11; Ubuntu; Linux i686; rv:102.0) Gecko/20100101 Firefox/102.0" "pattifamily.net"
209.127.28.232 - - [14/Sep/2022:09:41:58 -0700] "GET /1979/ HTTP/1.1" 200 378 "http://pattifamily.net" "Mozilla/5.0 (X11; Ubuntu; Linux i686; rv:102.0) Gecko/20100101 Firefox/102.0" "pattifamily.net"
209.127.28.232 - - [14/Sep/2022:09:41:58 -0700] "GET /pattiunknown4.html HTTP/1.1" 200 1909 "http://pattifamily.net" "Mozilla/5.0 (X11; Ubuntu; Linux i686; rv:102.0) Gecko/20100101 Firefox/102.0" "pattifamily.net"
209.127.28.232 - - [14/Sep/2022:09:41:59 -0700] "GET /1980/ HTTP/1.1" 200 376 "http://pattifamily.net" "Mozilla/5.0 (X11; Ubuntu; Linux i686; rv:102.0) Gecko/20100101 Firefox/102.0" "pattifamily.net"
209.127.28.232 - - [14/Sep/2022:09:41:59 -0700] "GET /pattiunknown3.html HTTP/1.1" 200 2552 "http://pattifamily.net" "Mozilla/5.0 (X11; Ubuntu; Linux i686; rv:102.0) Gecko/20100101 Firefox/102.0" "pattifamily.net"
209.127.28.232 - - [14/Sep/2022:09:42:01 -0700] "GET /1981/ HTTP/1.1" 200 352 "http://pattifamily.net" "Mozilla/5.0 (X11; Ubuntu; Linux i686; rv:102.0) Gecko/20100101 Firefox/102.0" "pattifamily.net"
209.127.28.232 - - [14/Sep/2022:09:42:01 -0700] "GET /pattiunknown2.html HTTP/1.1" 200 1747 "http://pattifamily.net" "Mozilla/5.0 (X11; Ubuntu; Linux i686; rv:102.0) Gecko/20100101 Firefox/102.0" "pattifamily.net"
209.127.28.232 - - [14/Sep/2022:09:42:02 -0700] "GET /1982/ HTTP/1.1" 200 352 "http://pattifamily.net" "Mozilla/5.0 (X11; Ubuntu; Linux i686; rv:102.0) Gecko/20100101 Firefox/102.0" "pattifamily.net"
209.127.28.232 - - [14/Sep/2022:09:42:02 -0700] "GET /pattiunknown1.html HTTP/1.1" 200 2016 "http://pattifamily.net" "Mozilla/5.0 (X11; Ubuntu; Linux i686; rv:102.0) Gecko/20100101 Firefox/102.0" "pattifamily.net"
209.127.28.232 - - [14/Sep/2022:09:42:02 -0700] "GET /1983/ HTTP/1.1" 200 353 "http://pattifamily.net" "Mozilla/5.0 (X11; Ubuntu; Linux i686; rv:102.0) Gecko/20100101 Firefox/102.0" "pattifamily.net"
209.127.28.232 - - [14/Sep/2022:09:42:02 -0700] "GET /pattieaster.html HTTP/1.1" 200 1453 "http://pattifamily.net" "Mozilla/5.0 (X11; Ubuntu; Linux i686; rv:102.0) Gecko/20100101 Firefox/102.0" "pattifamily.net"
209.127.28.232 - - [14/Sep/2022:09:42:03 -0700] "GET /1984/ HTTP/1.1" 200 378 "http://pattifamily.net" "Mozilla/5.0 (X11; Ubuntu; Linux i686; rv:102.0) Gecko/20100101 Firefox/102.0" "pattifamily.net"
209.127.28.232 - - [14/Sep/2022:09:42:03 -0700] "GET /patti90s.html HTTP/1.1" 200 10594 "http://pattifamily.net" "Mozilla/5.0 (X11; Ubuntu; Linux i686; rv:102.0) Gecko/20100101 Firefox/102.0" "pattifamily.net"
209.127.28.232 - - [14/Sep/2022:09:42:05 -0700] "GET /1985/ HTTP/1.1" 200 352 "http://pattifamily.net" "Mozilla/5.0 (X11; Ubuntu; Linux i686; rv:102.0) Gecko/20100101 Firefox/102.0" "pattifamily.net"
209.127.28.232 - - [14/Sep/2022:09:42:05 -0700] "GET /patti80s.html HTTP/1.1" 200 2017 "http://pattifamily.net" "Mozilla/5.0 (X11; Ubuntu; Linux i686; rv:102.0) Gecko/20100101 Firefox/102.0" "pattifamily.net"
209.127.28.232 - - [14/Sep/2022:09:42:10 -0700] "GET /1986/ HTTP/1.1" 200 353 "http://pattifamily.net" "Mozilla/5.0 (X11; Ubuntu; Linux i686; rv:102.0) Gecko/20100101 Firefox/102.0" "pattifamily.net"
209.127.28.232 - - [14/Sep/2022:09:42:11 -0700] "GET /patti70s.html HTTP/1.1" 200 6140 "http://pattifamily.net" "Mozilla/5.0 (X11; Ubuntu; Linux i686; rv:102.0) Gecko/20100101 Firefox/102.0" "pattifamily.net"
209.127.28.232 - - [14/Sep/2022:09:42:13 -0700] "GET /1987/ HTTP/1.1" 200 378 "http://pattifamily.net" "Mozilla/5.0 (X11; Ubuntu; Linux i686; rv:102.0) Gecko/20100101 Firefox/102.0" "pattifamily.net"
209.127.28.232 - - [14/Sep/2022:09:42:14 -0700] "GET /patti2000s.html HTTP/1.1" 200 5492 "http://pattifamily.net" "Mozilla/5.0 (X11; Ubuntu; Linux i686; rv:102.0) Gecko/20100101 Firefox/102.0" "pattifamily.net"
209.127.28.232 - - [14/Sep/2022:09:42:16 -0700] "GET /1988/ HTTP/1.1" 200 373 "http://pattifamily.net" "Mozilla/5.0 (X11; Ubuntu; Linux i686; rv:102.0) Gecko/20100101 Firefox/102.0" "pattifamily.net"
209.127.28.232 - - [14/Sep/2022:09:42:16 -0700] "GET /patti1988.html HTTP/1.1" 200 2266 "http://pattifamily.net" "Mozilla/5.0 (X11; Ubuntu; Linux i686; rv:102.0) Gecko/20100101 Firefox/102.0" "pattifamily.net"
209.127.28.232 - - [14/Sep/2022:09:42:17 -0700] "GET /1989/ HTTP/1.1" 200 378 "http://pattifamily.net" "Mozilla/5.0 (X11; Ubuntu; Linux i686; rv:102.0) Gecko/20100101 Firefox/102.0" "pattifamily.net"
209.127.28.232 - - [14/Sep/2022:09:42:17 -0700] "GET /patti/ HTTP/1.1" 200 354 "http://pattifamily.net" "Mozilla/5.0 (X11; Ubuntu; Linux i686; rv:102.0) Gecko/20100101 Firefox/102.0" "pattifamily.net"
209.127.28.232 - - [14/Sep/2022:09:42:17 -0700] "GET /1990/ HTTP/1.1" 200 371 "http://pattifamily.net" "Mozilla/5.0 (X11; Ubuntu; Linux i686; rv:102.0) Gecko/20100101 Firefox/102.0" "pattifamily.net"
209.127.28.232 - - [14/Sep/2022:09:42:17 -0700] "GET /october2004.htm HTTP/1.1" 200 705 "http://pattifamily.net" "Mozilla/5.0 (X11; Ubuntu; Linux i686; rv:102.0) Gecko/20100101 Firefox/102.0" "pattifamily.net"
209.127.28.232 - - [14/Sep/2022:09:42:18 -0700] "GET /1991/ HTTP/1.1" 200 377 "http://pattifamily.net" "Mozilla/5.0 (X11; Ubuntu; Linux i686; rv:102.0) Gecko/20100101 Firefox/102.0" "pattifamily.net"
209.127.28.232 - - [14/Sep/2022:09:42:18 -0700] "GET /november2005.htm HTTP/1.1" 200 766 "http://pattifamily.net" "Mozilla/5.0 (X11; Ubuntu; Linux i686; rv:102.0) Gecko/20100101 Firefox/102.0" "pattifamily.net"
209.127.28.232 - - [14/Sep/2022:09:42:18 -0700] "GET /1992/ HTTP/1.1" 200 379 "http://pattifamily.net" "Mozilla/5.0 (X11; Ubuntu; Linux i686; rv:102.0) Gecko/20100101 Firefox/102.0" "pattifamily.net"
209.127.28.232 - - [14/Sep/2022:09:42:18 -0700] "GET /november2004.htm HTTP/1.1" 200 791 "http://pattifamily.net" "Mozilla/5.0 (X11; Ubuntu; Linux i686; rv:102.0) Gecko/20100101 Firefox/102.0" "pattifamily.net"
209.127.28.232 - - [14/Sep/2022:09:42:18 -0700] "GET /1993/ HTTP/1.1" 200 374 "http://pattifamily.net" "Mozilla/5.0 (X11; Ubuntu; Linux i686; rv:102.0) Gecko/20100101 Firefox/102.0" "pattifamily.net"
209.127.28.232 - - [14/Sep/2022:09:42:19 -0700] "GET /murrayunknown.html HTTP/1.1" 200 826 "http://pattifamily.net" "Mozilla/5.0 (X11; Ubuntu; Linux i686; rv:102.0) Gecko/20100101 Firefox/102.0" "pattifamily.net"
209.127.28.232 - - [14/Sep/2022:09:42:19 -0700] "GET /1994/ HTTP/1.1" 200 372 "http://pattifamily.net" "Mozilla/5.0 (X11; Ubuntu; Linux i686; rv:102.0) Gecko/20100101 Firefox/102.0" "pattifamily.net"
209.127.28.232 - - [14/Sep/2022:09:42:19 -0700] "GET /murray2.html HTTP/1.1" 200 9250 "http://pattifamily.net" "Mozilla/5.0 (X11; Ubuntu; Linux i686; rv:102.0) Gecko/20100101 Firefox/102.0" "pattifamily.net"
209.127.28.232 - - [14/Sep/2022:09:42:22 -0700] "GET /1995/ HTTP/1.1" 200 372 "http://pattifamily.net" "Mozilla/5.0 (X11; Ubuntu; Linux i686; rv:102.0) Gecko/20100101 Firefox/102.0" "pattifamily.net"
209.127.28.232 - - [14/Sep/2022:09:42:22 -0700] "GET /murray/ HTTP/1.1" 200 353 "http://pattifamily.net" "Mozilla/5.0 (X11; Ubuntu; Linux i686; rv:102.0) Gecko/20100101 Firefox/102.0" "pattifamily.net"
209.127.28.232 - - [14/Sep/2022:09:42:22 -0700] "GET /1996/ HTTP/1.1" 200 374 "http://pattifamily.net" "Mozilla/5.0 (X11; Ubuntu; Linux i686; rv:102.0) Gecko/20100101 Firefox/102.0" "pattifamily.net"
209.127.28.232 - - [14/Sep/2022:09:42:22 -0700] "GET /murray.html HTTP/1.1" 200 2843 "http://pattifamily.net" "Mozilla/5.0 (X11; Ubuntu; Linux i686; rv:102.0) Gecko/20100101 Firefox/102.0" "pattifamily.net"
209.127.28.232 - - [14/Sep/2022:09:42:25 -0700] "GET /1997/ HTTP/1.1" 200 375 "http://pattifamily.net" "Mozilla/5.0 (X11; Ubuntu; Linux i686; rv:102.0) Gecko/20100101 Firefox/102.0" "pattifamily.net"
209.127.28.232 - - [14/Sep/2022:09:42:25 -0700] "GET /may2006.html HTTP/1.1" 200 733 "http://pattifamily.net" "Mozilla/5.0 (X11; Ubuntu; Linux i686; rv:102.0) Gecko/20100101 Firefox/102.0" "pattifamily.net"
209.127.28.232 - - [14/Sep/2022:09:42:25 -0700] "GET /1998/ HTTP/1.1" 200 374 "http://pattifamily.net" "Mozilla/5.0 (X11; Ubuntu; Linux i686; rv:102.0) Gecko/20100101 Firefox/102.0" "pattifamily.net"
209.127.28.232 - - [14/Sep/2022:09:42:25 -0700] "GET /may2005.htm HTTP/1.1" 200 828 "http://pattifamily.net" "Mozilla/5.0 (X11; Ubuntu; Linux i686; rv:102.0) Gecko/20100101 Firefox/102.0" "pattifamily.net"
209.127.28.232 - - [14/Sep/2022:09:42:26 -0700] "GET /1999/ HTTP/1.1" 200 375 "http://pattifamily.net" "Mozilla/5.0 (X11; Ubuntu; Linux i686; rv:102.0) Gecko/20100101 Firefox/102.0" "pattifamily.net"
209.127.28.232 - - [14/Sep/2022:09:42:26 -0700] "GET /march2006.html HTTP/1.1" 200 751 "http://pattifamily.net" "Mozilla/5.0 (X11; Ubuntu; Linux i686; rv:102.0) Gecko/20100101 Firefox/102.0" "pattifamily.net"
209.127.28.232 - - [14/Sep/2022:09:42:26 -0700] "GET /2000/ HTTP/1.1" 200 396 "http://pattifamily.net" "Mozilla/5.0 (X11; Ubuntu; Linux i686; rv:102.0) Gecko/20100101 Firefox/102.0" "pattifamily.net"
209.127.28.232 - - [14/Sep/2022:09:42:26 -0700] "GET /march2005.htm HTTP/1.1" 200 825 "http://pattifamily.net" "Mozilla/5.0 (X11; Ubuntu; Linux i686; rv:102.0) Gecko/20100101 Firefox/102.0" "pattifamily.net"
209.127.28.232 - - [14/Sep/2022:09:42:27 -0700] "GET /2001/ HTTP/1.1" 200 5095 "http://pattifamily.net" "Mozilla/5.0 (X11; Ubuntu; Linux i686; rv:102.0) Gecko/20100101 Firefox/102.0" "pattifamily.net"
209.127.28.232 - - [14/Sep/2022:09:42:29 -0700] "GET /luboldxmas.html HTTP/1.1" 200 1654 "http://pattifamily.net" "Mozilla/5.0 (X11; Ubuntu; Linux i686; rv:102.0) Gecko/20100101 Firefox/102.0" "pattifamily.net"
209.127.28.232 - - [14/Sep/2022:09:42:29 -0700] "GET /2002/ HTTP/1.1" 200 350 "http://pattifamily.net" "Mozilla/5.0 (X11; Ubuntu; Linux i686; rv:102.0) Gecko/20100101 Firefox/102.0" "pattifamily.net"
209.127.28.232 - - [14/Sep/2022:09:42:30 -0700] "GET /luboldunknown4.html HTTP/1.1" 200 1577 "http://pattifamily.net" "Mozilla/5.0 (X11; Ubuntu; Linux i686; rv:102.0) Gecko/20100101 Firefox/102.0" "pattifamily.net"
209.127.28.232 - - [14/Sep/2022:09:42:32 -0700] "GET /2003/ HTTP/1.1" 200 351 "http://pattifamily.net" "Mozilla/5.0 (X11; Ubuntu; Linux i686; rv:102.0) Gecko/20100101 Firefox/102.0" "pattifamily.net"
209.127.28.232 - - [14/Sep/2022:09:42:32 -0700] "GET /luboldunknown3.html HTTP/1.1" 200 1558 "http://pattifamily.net" "Mozilla/5.0 (X11; Ubuntu; Linux i686; rv:102.0) Gecko/20100101 Firefox/102.0" "pattifamily.net"
209.127.28.232 - - [14/Sep/2022:09:42:32 -0700] "GET /2004/ HTTP/1.1" 200 350 "http://pattifamily.net" "Mozilla/5.0 (X11; Ubuntu; Linux i686; rv:102.0) Gecko/20100101 Firefox/102.0" "pattifamily.net"
209.127.28.232 - - [14/Sep/2022:09:42:33 -0700] "GET /luboldunknown2.html HTTP/1.1" 200 1221 "http://pattifamily.net" "Mozilla/5.0 (X11; Ubuntu; Linux i686; rv:102.0) Gecko/20100101 Firefox/102.0" "pattifamily.net"
209.127.28.232 - - [14/Sep/2022:09:42:33 -0700] "GET /2005/ HTTP/1.1" 200 2906 "http://pattifamily.net" "Mozilla/5.0 (X11; Ubuntu; Linux i686; rv:102.0) Gecko/20100101 Firefox/102.0" "pattifamily.net"
209.127.28.232 - - [14/Sep/2022:09:42:35 -0700] "GET /luboldunknown1.html HTTP/1.1" 200 1785 "http://pattifamily.net" "Mozilla/5.0 (X11; Ubuntu; Linux i686; rv:102.0) Gecko/20100101 Firefox/102.0" "pattifamily.net"
209.127.28.232 - - [14/Sep/2022:09:42:36 -0700] "GET /ImageFlow/ HTTP/1.1" 200 452 "http://pattifamily.net" "Mozilla/5.0 (X11; Ubuntu; Linux i686; rv:102.0) Gecko/20100101 Firefox/102.0" "pattifamily.net"
209.127.28.232 - - [14/Sep/2022:09:42:36 -0700] "GET /luboldcalifornia.html HTTP/1.1" 200 1185 "http://pattifamily.net" "Mozilla/5.0 (X11; Ubuntu; Linux i686; rv:102.0) Gecko/20100101 Firefox/102.0" "pattifamily.net"
209.127.28.232 - - [14/Sep/2022:09:42:36 -0700] "GET /October2005.htm HTTP/1.1" 200 877 "http://pattifamily.net" "Mozilla/5.0 (X11; Ubuntu; Linux i686; rv:102.0) Gecko/20100101 Firefox/102.0" "pattifamily.net"
209.127.28.232 - - [14/Sep/2022:09:42:36 -0700] "GET /lubold90s.html HTTP/1.1" 200 7028 "http://pattifamily.net" "Mozilla/5.0 (X11; Ubuntu; Linux i686; rv:102.0) Gecko/20100101 Firefox/102.0" "pattifamily.net"
209.127.28.232 - - [14/Sep/2022:09:42:39 -0700] "GET /September2005.htm HTTP/1.1" 200 832 "http://pattifamily.net" "Mozilla/5.0 (X11; Ubuntu; Linux i686; rv:102.0) Gecko/20100101 Firefox/102.0" "pattifamily.net"
209.127.28.232 - - [14/Sep/2022:09:42:39 -0700] "GET /lubold80s.html HTTP/1.1" 200 8226 "http://pattifamily.net" "Mozilla/5.0 (X11; Ubuntu; Linux i686; rv:102.0) Gecko/20100101 Firefox/102.0" "pattifamily.net"
209.127.28.232 - - [14/Sep/2022:09:42:42 -0700] "GET /april2005.htm HTTP/1.1" 200 812 "http://pattifamily.net" "Mozilla/5.0 (X11; Ubuntu; Linux i686; rv:102.0) Gecko/20100101 Firefox/102.0" "pattifamily.net"
209.127.28.232 - - [14/Sep/2022:09:42:42 -0700] "GET /lubold70s.html HTTP/1.1" 200 1960 "http://pattifamily.net" "Mozilla/5.0 (X11; Ubuntu; Linux i686; rv:102.0) Gecko/20100101 Firefox/102.0" "pattifamily.net"
209.127.28.232 - - [14/Sep/2022:09:42:42 -0700] "GET /april2006.html HTTP/1.1" 200 780 "http://pattifamily.net" "Mozilla/5.0 (X11; Ubuntu; Linux i686; rv:102.0) Gecko/20100101 Firefox/102.0" "pattifamily.net"
209.127.28.232 - - [14/Sep/2022:09:42:42 -0700] "GET /lubold2000.html HTTP/1.1" 200 1086 "http://pattifamily.net" "Mozilla/5.0 (X11; Ubuntu; Linux i686; rv:102.0) Gecko/20100101 Firefox/102.0" "pattifamily.net"
209.127.28.232 - - [14/Sep/2022:09:42:43 -0700] "GET /august.htm HTTP/1.1" 200 629 "http://pattifamily.net" "Mozilla/5.0 (X11; Ubuntu; Linux i686; rv:102.0) Gecko/20100101 Firefox/102.0" "pattifamily.net"
209.127.28.232 - - [14/Sep/2022:09:42:43 -0700] "GET /kimandchris.html HTTP/1.1" 200 2071 "http://pattifamily.net" "Mozilla/5.0 (X11; Ubuntu; Linux i686; rv:102.0) Gecko/20100101 Firefox/102.0" "pattifamily.net"
209.127.28.232 - - [14/Sep/2022:09:42:44 -0700] "GET /august2005.htm HTTP/1.1" 200 850 "http://pattifamily.net" "Mozilla/5.0 (X11; Ubuntu; Linux i686; rv:102.0) Gecko/20100101 Firefox/102.0" "pattifamily.net"
209.127.28.232 - - [14/Sep/2022:09:42:45 -0700] "GET /june2006.html HTTP/1.1" 200 655 "http://pattifamily.net" "Mozilla/5.0 (X11; Ubuntu; Linux i686; rv:102.0) Gecko/20100101 Firefox/102.0" "pattifamily.net"
209.127.28.232 - - [14/Sep/2022:09:42:45 -0700] "GET /bowling/ HTTP/1.1" 200 432 "http://pattifamily.net" "Mozilla/5.0 (X11; Ubuntu; Linux i686; rv:102.0) Gecko/20100101 Firefox/102.0" "pattifamily.net"
209.127.28.232 - - [14/Sep/2022:09:42:45 -0700] "GET /june2005.htm HTTP/1.1" 200 810 "http://pattifamily.net" "Mozilla/5.0 (X11; Ubuntu; Linux i686; rv:102.0) Gecko/20100101 Firefox/102.0" "pattifamily.net"
209.127.28.232 - - [14/Sep/2022:09:42:46 -0700] "GET /cards.wml HTTP/1.1" 200 537 "http://pattifamily.net" "Mozilla/5.0 (X11; Ubuntu; Linux i686; rv:102.0) Gecko/20100101 Firefox/102.0" "pattifamily.net"
209.127.28.232 - - [14/Sep/2022:09:42:46 -0700] "GET /july2005.htm HTTP/1.1" 200 848 "http://pattifamily.net" "Mozilla/5.0 (X11; Ubuntu; Linux i686; rv:102.0) Gecko/20100101 Firefox/102.0" "pattifamily.net"
209.127.28.232 - - [14/Sep/2022:09:42:46 -0700] "GET /carolandfrank.htm HTTP/1.1" 200 1370 "http://pattifamily.net" "Mozilla/5.0 (X11; Ubuntu; Linux i686; rv:102.0) Gecko/20100101 Firefox/102.0" "pattifamily.net"
209.127.28.232 - - [14/Sep/2022:09:42:46 -0700] "GET /joanneandpaul.html HTTP/1.1" 200 866 "http://pattifamily.net" "Mozilla/5.0 (X11; Ubuntu; Linux i686; rv:102.0) Gecko/20100101 Firefox/102.0" "pattifamily.net"
209.127.28.232 - - [14/Sep/2022:09:42:46 -0700] "GET /carolandfrank.html HTTP/1.1" 200 1371 "http://pattifamily.net" "Mozilla/5.0 (X11; Ubuntu; Linux i686; rv:102.0) Gecko/20100101 Firefox/102.0" "pattifamily.net"
209.127.28.232 - - [14/Sep/2022:09:42:47 -0700] "GET /january2006.html HTTP/1.1" 200 826 "http://pattifamily.net" "Mozilla/5.0 (X11; Ubuntu; Linux i686; rv:102.0) Gecko/20100101 Firefox/102.0" "pattifamily.net"
209.127.28.232 - - [14/Sep/2022:09:42:47 -0700] "GET /december2004.htm HTTP/1.1" 200 798 "http://pattifamily.net" "Mozilla/5.0 (X11; Ubuntu; Linux i686; rv:102.0) Gecko/20100101 Firefox/102.0" "pattifamily.net"
209.127.28.232 - - [14/Sep/2022:09:42:47 -0700] "GET /january2005.htm HTTP/1.1" 200 830 "http://pattifamily.net" "Mozilla/5.0 (X11; Ubuntu; Linux i686; rv:102.0) Gecko/20100101 Firefox/102.0" "pattifamily.net"
209.127.28.232 - - [14/Sep/2022:09:42:47 -0700] "GET /december2005.htm HTTP/1.1" 200 798 "http://pattifamily.net" "Mozilla/5.0 (X11; Ubuntu; Linux i686; rv:102.0) Gecko/20100101 Firefox/102.0" "pattifamily.net"
209.127.28.232 - - [14/Sep/2022:09:42:48 -0700] "GET /greg.html HTTP/1.1" 200 838 "http://pattifamily.net" "Mozilla/5.0 (X11; Ubuntu; Linux i686; rv:102.0) Gecko/20100101 Firefox/102.0" "pattifamily.net"
209.127.28.232 - - [14/Sep/2022:09:42:48 -0700] "GET /familytree/ HTTP/1.1" 200 2331 "http://pattifamily.net" "Mozilla/5.0 (X11; Ubuntu; Linux i686; rv:102.0) Gecko/20100101 Firefox/102.0" "pattifamily.net"
209.127.28.232 - - [14/Sep/2022:09:42:49 -0700] "GET /googlec13504588a5ab7b3.html HTTP/1.1" 200 70 "http://pattifamily.net" "Mozilla/5.0 (X11; Ubuntu; Linux i686; rv:102.0) Gecko/20100101 Firefox/102.0" "pattifamily.net"
209.127.28.232 - - [14/Sep/2022:09:42:49 -0700] "GET /february2005.htm HTTP/1.1" 200 809 "http://pattifamily.net" "Mozilla/5.0 (X11; Ubuntu; Linux i686; rv:102.0) Gecko/20100101 Firefox/102.0" "pattifamily.net"
209.127.28.232 - - [14/Sep/2022:09:42:49 -0700] "GET /february2006.html HTTP/1.1" 200 758 "http://pattifamily.net" "Mozilla/5.0 (X11; Ubuntu; Linux i686; rv:102.0) Gecko/20100101 Firefox/102.0" "pattifamily.net"
114.119.154.161 - - [14/Sep/2022:09:46:52 -0700] "GET /kimandchris.html HTTP/1.1" 200 2071 "http://www.pattifamily.net?C=S%3BO%3DA" "Mozilla/5.0 (Linux; Android 7.0;) AppleWebKit/537.36 (KHTML, like Gecko) Mobile Safari/537.36 (compatible; PetalBot;+https://webmaster.petalsearch.com/site/petalbot)" "www.pattifamily.net"
114.119.154.161 - - [14/Sep/2022:10:02:49 -0700] "GET /1978/Patti/?C=S%3BO%3DA HTTP/1.1" 200 1476 "https://pattifamily.net/1978/Patti/?C=N%3BO%3DD" "Mozilla/5.0 (Linux; Android 7.0;) AppleWebKit/537.36 (KHTML, like Gecko) Mobile Safari/537.36 (compatible; PetalBot;+https://webmaster.petalsearch.com/site/petalbot)" "pattifamily.net"
5.255.253.143 - - [14/Sep/2022:10:20:49 -0700] "GET /joanneandpaul.html HTTP/1.1" 200 866 "-" "Mozilla/5.0 (compatible; YandexBot/3.0; +http://yandex.com/bots)" "pattifamily.net"
5.45.207.150 - - [14/Sep/2022:10:21:31 -0700] "GET /pictures/2005_02_15/?C=S;O=A HTTP/1.1" 200 458 "-" "Mozilla/5.0 (compatible; YandexBot/3.0; +http://yandex.com/bots)" "pattifamily.net"
114.119.154.161 - - [14/Sep/2022:10:22:55 -0700] "GET /1998/Lubold/?C=S%3BO%3DA HTTP/1.1" 200 3980 "https://pattifamily.net/1998/Lubold/" "Mozilla/5.0 (Linux; Android 7.0;) AppleWebKit/537.36 (KHTML, like Gecko) Mobile Safari/537.36 (compatible; PetalBot;+https://webmaster.petalsearch.com/site/petalbot)" "pattifamily.net"
51.222.253.2 - - [14/Sep/2022:10:23:03 -0700] "GET /robots.txt HTTP/1.1" 404 88 "-" "Mozilla/5.0 (compatible; AhrefsBot/7.0; +http://ahrefs.com/robot/)" "pattifamily.net"
51.222.253.9 - - [14/Sep/2022:10:23:05 -0700] "GET /pictures/2005_07_16/?C=S;O=A HTTP/1.1" 200 468 "-" "Mozilla/5.0 (compatible; AhrefsBot/7.0; +http://ahrefs.com/robot/)" "pattifamily.net"
51.222.253.19 - - [14/Sep/2022:10:27:28 -0700] "GET /pictures/2005_05_29/?C=D;O=A HTTP/1.1" 200 480 "-" "Mozilla/5.0 (compatible; AhrefsBot/7.0; +http://ahrefs.com/robot/)" "pattifamily.net"
192.36.248.249 - - [14/Sep/2022:10:29:58 -0700] "GET /robots.txt HTTP/1.1" 404 88 "-" "Mozilla/5.0 (Linux; Android 9; BDL8051C Build/BDL3552T; wv) AppleWebKit/537.36 (KHTML, like Gecko) Version/4.0 Chrome/66.0.3359.158 Safari/537.36" "pattifamily.net"
192.71.42.108 - - [14/Sep/2022:10:29:59 -0700] "GET /humans.txt HTTP/1.1" 404 88 "-" "Mozilla/5.0 (Linux; Android 9; BDL8051C Build/BDL3552T; wv) AppleWebKit/537.36 (KHTML, like Gecko) Version/4.0 Chrome/66.0.3359.158 Safari/537.36" "pattifamily.net"
192.71.126.175 - - [14/Sep/2022:10:29:59 -0700] "GET /ads.txt HTTP/1.1" 404 88 "-" "Mozilla/5.0 (Linux; Android 9; BDL8051C Build/BDL3552T; wv) AppleWebKit/537.36 (KHTML, like Gecko) Version/4.0 Chrome/66.0.3359.158 Safari/537.36" "pattifamily.net"
192.36.70.176 - - [14/Sep/2022:10:29:59 -0700] "GET / HTTP/1.1" 200 2014 "-" "Mozilla/5.0 (Linux; Android 9; BDL8051C Build/BDL3552T; wv) AppleWebKit/537.36 (KHTML, like Gecko) Version/4.0 Chrome/66.0.3359.158 Safari/537.36" "pattifamily.net"
51.222.253.16 - - [14/Sep/2022:10:31:25 -0700] "GET /pictures/2005_05_29/?C=M;O=A HTTP/1.1" 200 481 "-" "Mozilla/5.0 (compatible; AhrefsBot/7.0; +http://ahrefs.com/robot/)" "pattifamily.net"
114.119.154.115 - - [14/Sep/2022:10:32:27 -0700] "GET /1986/Lubold/?C=M%3BO%3DA HTTP/1.1" 200 818 "https://pattifamily.net/1986/Lubold/?C=D%3BO%3DA" "Mozilla/5.0 (Linux; Android 7.0;) AppleWebKit/537.36 (KHTML, like Gecko) Mobile Safari/537.36 (compatible; PetalBot;+https://webmaster.petalsearch.com/site/petalbot)" "pattifamily.net"
51.15.183.168 - - [14/Sep/2022:10:35:13 -0700] "GET /includes/fckeditor/editor/filemanager/upload/php/upload.php HTTP/1.1" 404 73 "-" "Mozilla/5.0 (Windows NT 6.3; Win64; x64) AppleWebKit/537.36 (KHTML, like Gecko) Chrome/75.0.3770.100 Safari/537.36" "pattifamily.net"
51.222.253.10 - - [14/Sep/2022:10:36:15 -0700] "GET /1982/?C=D;O=A HTTP/1.1" 200 352 "-" "Mozilla/5.0 (compatible; AhrefsBot/7.0; +http://ahrefs.com/robot/)" "pattifamily.net"
114.119.154.161 - - [14/Sep/2022:10:38:11 -0700] "GET /murray/slides/unknown/?C=D%3BO%3DA HTTP/1.1" 200 1676 "https://pattifamily.net/murray/slides/unknown/?C=S%3BO%3DA" "Mozilla/5.0 (Linux; Android 7.0;) AppleWebKit/537.36 (KHTML, like Gecko) Mobile Safari/537.36 (compatible; PetalBot;+https://webmaster.petalsearch.com/site/petalbot)" "pattifamily.net"
51.222.253.20 - - [14/Sep/2022:10:41:39 -0700] "GET /1982/?C=M;O=A HTTP/1.1" 200 352 "-" "Mozilla/5.0 (compatible; AhrefsBot/7.0; +http://ahrefs.com/robot/)" "pattifamily.net"
114.119.154.14 - - [14/Sep/2022:10:43:51 -0700] "GET /1996/Lubold/?C=M%3BO%3DA HTTP/1.1" 200 942 "http://www.pattifamily.net/1996/Lubold/" "Mozilla/5.0 (Linux; Android 7.0;) AppleWebKit/537.36 (KHTML, like Gecko) Mobile Safari/537.36 (compatible; PetalBot;+https://webmaster.petalsearch.com/site/petalbot)" "www.pattifamily.net"
51.222.253.14 - - [14/Sep/2022:10:47:10 -0700] "GET /1982/?C=S;O=A HTTP/1.1" 200 353 "-" "Mozilla/5.0 (compatible; AhrefsBot/7.0; +http://ahrefs.com/robot/)" "pattifamily.net"
114.119.154.124 - - [14/Sep/2022:10:49:39 -0700] "GET /1995/?C=M%3BO%3DA HTTP/1.1" 200 372 "http://www.pattifamily.net/1995/?C=S%3BO%3DA" "Mozilla/5.0 (Linux; Android 7.0;) AppleWebKit/537.36 (KHTML, like Gecko) Mobile Safari/537.36 (compatible; PetalBot;+https://webmaster.petalsearch.com/site/petalbot)" "www.pattifamily.net"
51.222.253.12 - - [14/Sep/2022:10:52:20 -0700] "GET /pictures/2005_03_01/?C=S;O=D HTTP/1.1" 200 399 "-" "Mozilla/5.0 (compatible; AhrefsBot/7.0; +http://ahrefs.com/robot/)" "pattifamily.net"
114.119.154.14 - - [14/Sep/2022:10:55:19 -0700] "GET /1984/Lubold/?C=S%3BO%3DA HTTP/1.1" 200 1766 "https://pattifamily.net/1984/Lubold/?C=N%3BO%3DD" "Mozilla/5.0 (Linux; Android 7.0;) AppleWebKit/537.36 (KHTML, like Gecko) Mobile Safari/537.36 (compatible; PetalBot;+https://webmaster.petalsearch.com/site/petalbot)" "pattifamily.net"
51.222.253.18 - - [14/Sep/2022:10:57:43 -0700] "GET /pictures/2005_09_20/?C=D;O=A HTTP/1.1" 200 462 "-" "Mozilla/5.0 (compatible; AhrefsBot/7.0; +http://ahrefs.com/robot/)" "pattifamily.net"
95.108.213.64 - - [14/Sep/2022:11:00:32 -0700] "GET /robots.txt HTTP/1.1" 404 73 "-" "Mozilla/5.0 (compatible; YandexBot/3.0; +http://yandex.com/bots)" "pattifamily.net"
5.255.253.143 - - [14/Sep/2022:11:00:36 -0700] "GET /pictures/2005_01_01/ HTTP/1.1" 200 384 "-" "Mozilla/5.0 (compatible; YandexBot/3.0; +http://yandex.com/bots)" "pattifamily.net"
103.225.200.5 - - [14/Sep/2022:11:00:56 -0700] "GET / HTTP/1.1" 200 2014 "-" "Mozilla/5.0 (X11; Ubuntu; Linux i686; rv:102.0) Gecko/20100101 Firefox/102.0" "pattifamily.net"
103.225.200.5 - - [14/Sep/2022:11:00:58 -0700] "GET /?C=N;O=D HTTP/1.1" 200 2021 "http://pattifamily.net" "Mozilla/5.0 (X11; Ubuntu; Linux i686; rv:102.0) Gecko/20100101 Firefox/102.0" "pattifamily.net"
114.119.154.161 - - [14/Sep/2022:11:00:59 -0700] "GET /1999/?C=S%3BO%3DA HTTP/1.1" 200 375 "https://pattifamily.net/1999/?C=M%3BO%3DA" "Mozilla/5.0 (Linux; Android 7.0;) AppleWebKit/537.36 (KHTML, like Gecko) Mobile Safari/537.36 (compatible; PetalBot;+https://webmaster.petalsearch.com/site/petalbot)" "pattifamily.net"
103.225.200.5 - - [14/Sep/2022:11:01:03 -0700] "GET /weatherinsights/ HTTP/1.1" 200 1193 "http://pattifamily.net" "Mozilla/5.0 (X11; Ubuntu; Linux i686; rv:102.0) Gecko/20100101 Firefox/102.0" "pattifamily.net"
103.225.200.5 - - [14/Sep/2022:11:01:04 -0700] "GET /?C=M;O=A HTTP/1.1" 200 2004 "http://pattifamily.net" "Mozilla/5.0 (X11; Ubuntu; Linux i686; rv:102.0) Gecko/20100101 Firefox/102.0" "pattifamily.net"
103.225.200.5 - - [14/Sep/2022:11:01:06 -0700] "GET /unknown/ HTTP/1.1" 200 381 "http://pattifamily.net" "Mozilla/5.0 (X11; Ubuntu; Linux i686; rv:102.0) Gecko/20100101 Firefox/102.0" "pattifamily.net"
103.225.200.5 - - [14/Sep/2022:11:01:08 -0700] "GET /?C=S;O=A HTTP/1.1" 200 1993 "http://pattifamily.net" "Mozilla/5.0 (X11; Ubuntu; Linux i686; rv:102.0) Gecko/20100101 Firefox/102.0" "pattifamily.net"
103.225.200.5 - - [14/Sep/2022:11:01:10 -0700] "GET /playgroup.html HTTP/1.1" 200 817 "http://pattifamily.net" "Mozilla/5.0 (X11; Ubuntu; Linux i686; rv:102.0) Gecko/20100101 Firefox/102.0" "pattifamily.net"
103.225.200.5 - - [14/Sep/2022:11:01:12 -0700] "GET /?C=D;O=A HTTP/1.1" 200 2014 "http://pattifamily.net" "Mozilla/5.0 (X11; Ubuntu; Linux i686; rv:102.0) Gecko/20100101 Firefox/102.0" "pattifamily.net"
103.225.200.5 - - [14/Sep/2022:11:01:13 -0700] "GET /pictures/ HTTP/1.1" 200 480 "http://pattifamily.net" "Mozilla/5.0 (X11; Ubuntu; Linux i686; rv:102.0) Gecko/20100101 Firefox/102.0" "pattifamily.net"
103.225.200.5 - - [14/Sep/2022:11:01:18 -0700] "GET /1970/ HTTP/1.1" 200 349 "http://pattifamily.net" "Mozilla/5.0 (X11; Ubuntu; Linux i686; rv:102.0) Gecko/20100101 Firefox/102.0" "pattifamily.net"
103.225.200.5 - - [14/Sep/2022:11:01:22 -0700] "GET /pattiyankees.html HTTP/1.1" 200 788 "http://pattifamily.net" "Mozilla/5.0 (X11; Ubuntu; Linux i686; rv:102.0) Gecko/20100101 Firefox/102.0" "pattifamily.net"
103.225.200.5 - - [14/Sep/2022:11:01:24 -0700] "GET /1971/ HTTP/1.1" 200 351 "http://pattifamily.net" "Mozilla/5.0 (X11; Ubuntu; Linux i686; rv:102.0) Gecko/20100101 Firefox/102.0" "pattifamily.net"
103.225.200.5 - - [14/Sep/2022:11:01:27 -0700] "GET /pattixmas3.html HTTP/1.1" 200 1845 "http://pattifamily.net" "Mozilla/5.0 (X11; Ubuntu; Linux i686; rv:102.0) Gecko/20100101 Firefox/102.0" "pattifamily.net"
103.225.200.5 - - [14/Sep/2022:11:01:29 -0700] "GET /1972/ HTTP/1.1" 200 351 "http://pattifamily.net" "Mozilla/5.0 (X11; Ubuntu; Linux i686; rv:102.0) Gecko/20100101 Firefox/102.0" "pattifamily.net"
103.225.200.5 - - [14/Sep/2022:11:01:30 -0700] "GET /pattixmas2.html HTTP/1.1" 200 2066 "http://pattifamily.net" "Mozilla/5.0 (X11; Ubuntu; Linux i686; rv:102.0) Gecko/20100101 Firefox/102.0" "pattifamily.net"
103.225.200.5 - - [14/Sep/2022:11:01:32 -0700] "GET /1973/ HTTP/1.1" 200 351 "http://pattifamily.net" "Mozilla/5.0 (X11; Ubuntu; Linux i686; rv:102.0) Gecko/20100101 Firefox/102.0" "pattifamily.net"
103.225.200.5 - - [14/Sep/2022:11:01:35 -0700] "GET /pattixmas1.html HTTP/1.1" 200 2104 "http://pattifamily.net" "Mozilla/5.0 (X11; Ubuntu; Linux i686; rv:102.0) Gecko/20100101 Firefox/102.0" "pattifamily.net"
103.225.200.5 - - [14/Sep/2022:11:01:38 -0700] "GET /1974/ HTTP/1.1" 200 352 "http://pattifamily.net" "Mozilla/5.0 (X11; Ubuntu; Linux i686; rv:102.0) Gecko/20100101 Firefox/102.0" "pattifamily.net"
103.225.200.5 - - [14/Sep/2022:11:01:39 -0700] "GET /pattivacation.html HTTP/1.1" 200 3997 "http://pattifamily.net" "Mozilla/5.0 (X11; Ubuntu; Linux i686; rv:102.0) Gecko/20100101 Firefox/102.0" "pattifamily.net"
103.225.200.5 - - [14/Sep/2022:11:01:43 -0700] "GET /1975/ HTTP/1.1" 200 352 "http://pattifamily.net" "Mozilla/5.0 (X11; Ubuntu; Linux i686; rv:102.0) Gecko/20100101 Firefox/102.0" "pattifamily.net"
103.225.200.5 - - [14/Sep/2022:11:01:45 -0700] "GET /pattiunknown8.html HTTP/1.1" 200 1962 "http://pattifamily.net" "Mozilla/5.0 (X11; Ubuntu; Linux i686; rv:102.0) Gecko/20100101 Firefox/102.0" "pattifamily.net"
103.225.200.5 - - [14/Sep/2022:11:01:47 -0700] "GET /1976/ HTTP/1.1" 200 378 "http://pattifamily.net" "Mozilla/5.0 (X11; Ubuntu; Linux i686; rv:102.0) Gecko/20100101 Firefox/102.0" "pattifamily.net"
103.225.200.5 - - [14/Sep/2022:11:01:48 -0700] "GET /pattiunknown7.html HTTP/1.1" 200 1668 "http://pattifamily.net" "Mozilla/5.0 (X11; Ubuntu; Linux i686; rv:102.0) Gecko/20100101 Firefox/102.0" "pattifamily.net"
103.225.200.5 - - [14/Sep/2022:11:01:52 -0700] "GET /1977/ HTTP/1.1" 200 378 "http://pattifamily.net" "Mozilla/5.0 (X11; Ubuntu; Linux i686; rv:102.0) Gecko/20100101 Firefox/102.0" "pattifamily.net"
103.225.200.5 - - [14/Sep/2022:11:01:55 -0700] "GET /pattiunknown6.html HTTP/1.1" 200 1830 "http://pattifamily.net" "Mozilla/5.0 (X11; Ubuntu; Linux i686; rv:102.0) Gecko/20100101 Firefox/102.0" "pattifamily.net"
103.225.200.5 - - [14/Sep/2022:11:01:56 -0700] "GET /1978/ HTTP/1.1" 200 378 "http://pattifamily.net" "Mozilla/5.0 (X11; Ubuntu; Linux i686; rv:102.0) Gecko/20100101 Firefox/102.0" "pattifamily.net"
103.225.200.5 - - [14/Sep/2022:11:01:59 -0700] "GET /pattiunknown5.html HTTP/1.1" 200 1837 "http://pattifamily.net" "Mozilla/5.0 (X11; Ubuntu; Linux i686; rv:102.0) Gecko/20100101 Firefox/102.0" "pattifamily.net"
103.225.200.5 - - [14/Sep/2022:11:02:02 -0700] "GET /1979/ HTTP/1.1" 200 378 "http://pattifamily.net" "Mozilla/5.0 (X11; Ubuntu; Linux i686; rv:102.0) Gecko/20100101 Firefox/102.0" "pattifamily.net"
103.225.200.5 - - [14/Sep/2022:11:02:03 -0700] "GET /pattiunknown4.html HTTP/1.1" 200 1909 "http://pattifamily.net" "Mozilla/5.0 (X11; Ubuntu; Linux i686; rv:102.0) Gecko/20100101 Firefox/102.0" "pattifamily.net"
103.225.200.5 - - [14/Sep/2022:11:02:09 -0700] "GET /1980/ HTTP/1.1" 200 376 "http://pattifamily.net" "Mozilla/5.0 (X11; Ubuntu; Linux i686; rv:102.0) Gecko/20100101 Firefox/102.0" "pattifamily.net"
103.225.200.5 - - [14/Sep/2022:11:02:13 -0700] "GET /pattiunknown3.html HTTP/1.1" 200 2552 "http://pattifamily.net" "Mozilla/5.0 (X11; Ubuntu; Linux i686; rv:102.0) Gecko/20100101 Firefox/102.0" "pattifamily.net"
103.225.200.5 - - [14/Sep/2022:11:02:15 -0700] "GET /1981/ HTTP/1.1" 200 352 "http://pattifamily.net" "Mozilla/5.0 (X11; Ubuntu; Linux i686; rv:102.0) Gecko/20100101 Firefox/102.0" "pattifamily.net"
103.225.200.5 - - [14/Sep/2022:11:02:17 -0700] "GET /pattiunknown2.html HTTP/1.1" 200 1747 "http://pattifamily.net" "Mozilla/5.0 (X11; Ubuntu; Linux i686; rv:102.0) Gecko/20100101 Firefox/102.0" "pattifamily.net"
103.225.200.5 - - [14/Sep/2022:11:02:21 -0700] "GET /1982/ HTTP/1.1" 200 352 "http://pattifamily.net" "Mozilla/5.0 (X11; Ubuntu; Linux i686; rv:102.0) Gecko/20100101 Firefox/102.0" "pattifamily.net"
103.225.200.5 - - [14/Sep/2022:11:02:22 -0700] "GET /pattiunknown1.html HTTP/1.1" 200 2016 "http://pattifamily.net" "Mozilla/5.0 (X11; Ubuntu; Linux i686; rv:102.0) Gecko/20100101 Firefox/102.0" "pattifamily.net"
103.225.200.5 - - [14/Sep/2022:11:02:31 -0700] "GET /1983/ HTTP/1.1" 200 353 "http://pattifamily.net" "Mozilla/5.0 (X11; Ubuntu; Linux i686; rv:102.0) Gecko/20100101 Firefox/102.0" "pattifamily.net"
103.225.200.5 - - [14/Sep/2022:11:02:34 -0700] "GET /pattieaster.html HTTP/1.1" 200 1453 "http://pattifamily.net" "Mozilla/5.0 (X11; Ubuntu; Linux i686; rv:102.0) Gecko/20100101 Firefox/102.0" "pattifamily.net"
103.225.200.5 - - [14/Sep/2022:11:02:38 -0700] "GET /1984/ HTTP/1.1" 200 378 "http://pattifamily.net" "Mozilla/5.0 (X11; Ubuntu; Linux i686; rv:102.0) Gecko/20100101 Firefox/102.0" "pattifamily.net"
103.225.200.5 - - [14/Sep/2022:11:02:39 -0700] "GET /patti90s.html HTTP/1.1" 200 10594 "http://pattifamily.net" "Mozilla/5.0 (X11; Ubuntu; Linux i686; rv:102.0) Gecko/20100101 Firefox/102.0" "pattifamily.net"
103.225.200.5 - - [14/Sep/2022:11:02:45 -0700] "GET /1985/ HTTP/1.1" 200 352 "http://pattifamily.net" "Mozilla/5.0 (X11; Ubuntu; Linux i686; rv:102.0) Gecko/20100101 Firefox/102.0" "pattifamily.net"
103.225.200.5 - - [14/Sep/2022:11:02:49 -0700] "GET /patti80s.html HTTP/1.1" 200 2017 "http://pattifamily.net" "Mozilla/5.0 (X11; Ubuntu; Linux i686; rv:102.0) Gecko/20100101 Firefox/102.0" "pattifamily.net"
103.225.200.5 - - [14/Sep/2022:11:02:55 -0700] "GET /1986/ HTTP/1.1" 200 353 "http://pattifamily.net" "Mozilla/5.0 (X11; Ubuntu; Linux i686; rv:102.0) Gecko/20100101 Firefox/102.0" "pattifamily.net"
103.225.200.5 - - [14/Sep/2022:11:02:57 -0700] "GET /patti70s.html HTTP/1.1" 200 6140 "http://pattifamily.net" "Mozilla/5.0 (X11; Ubuntu; Linux i686; rv:102.0) Gecko/20100101 Firefox/102.0" "pattifamily.net"
54.36.148.136 - - [14/Sep/2022:11:03:14 -0700] "GET /robots.txt HTTP/1.1" 404 88 "-" "Mozilla/5.0 (compatible; AhrefsBot/7.0; +http://ahrefs.com/robot/)" "www.pattifamily.net"
51.222.253.1 - - [14/Sep/2022:11:03:15 -0700] "GET /pictures/2005_11_19/?C=S;O=A HTTP/1.1" 200 406 "-" "Mozilla/5.0 (compatible; AhrefsBot/7.0; +http://ahrefs.com/robot/)" "www.pattifamily.net"
5.255.253.121 - - [14/Sep/2022:11:05:32 -0700] "GET /december2004.htm HTTP/1.1" 200 798 "-" "Mozilla/5.0 (compatible; YandexBot/3.0; +http://yandex.com/bots)" "pattifamily.net"
114.119.154.124 - - [14/Sep/2022:11:06:52 -0700] "GET /1993/?C=D%3BO%3DA HTTP/1.1" 200 374 "https://pattifamily.net/1993/?C=S%3BO%3DA" "Mozilla/5.0 (Linux; Android 7.0;) AppleWebKit/537.36 (KHTML, like Gecko) Mobile Safari/537.36 (compatible; PetalBot;+https://webmaster.petalsearch.com/site/petalbot)" "pattifamily.net"
51.222.253.10 - - [14/Sep/2022:11:08:03 -0700] "GET /1993/Patti/March81993/?C=M;O=A HTTP/1.1" 200 626 "-" "Mozilla/5.0 (compatible; AhrefsBot/7.0; +http://ahrefs.com/robot/)" "pattifamily.net"
95.108.213.54 - - [14/Sep/2022:11:08:21 -0700] "GET /pictures/videos/ HTTP/1.1" 200 321 "-" "Mozilla/5.0 (compatible; YandexBot/3.0; +http://yandex.com/bots)" "pattifamily.net"
51.222.253.11 - - [14/Sep/2022:11:13:22 -0700] "GET /1993/Patti/March81993/?C=D;O=A HTTP/1.1" 200 627 "-" "Mozilla/5.0 (compatible; AhrefsBot/7.0; +http://ahrefs.com/robot/)" "pattifamily.net"
51.222.253.12 - - [14/Sep/2022:11:18:15 -0700] "GET /1993/Patti/March81993/?C=S;O=A HTTP/1.1" 200 621 "-" "Mozilla/5.0 (compatible; AhrefsBot/7.0; +http://ahrefs.com/robot/)" "pattifamily.net"
114.119.154.161 - - [14/Sep/2022:11:18:25 -0700] "GET /2001/?C=M%3BO%3DA HTTP/1.1" 200 5095 "https://pattifamily.net/2001/?C=S%3BO%3DA" "Mozilla/5.0 (Linux; Android 7.0;) AppleWebKit/537.36 (KHTML, like Gecko) Mobile Safari/537.36 (compatible; PetalBot;+https://webmaster.petalsearch.com/site/petalbot)" "pattifamily.net"
51.222.253.20 - - [14/Sep/2022:11:24:09 -0700] "GET /pictures/2005_12_04/?C=N;O=D HTTP/1.1" 200 425 "-" "Mozilla/5.0 (compatible; AhrefsBot/7.0; +http://ahrefs.com/robot/)" "pattifamily.net"
51.222.253.4 - - [14/Sep/2022:11:29:40 -0700] "GET /pictures/2005_02_03/?C=M;O=A HTTP/1.1" 200 423 "-" "Mozilla/5.0 (compatible; AhrefsBot/7.0; +http://ahrefs.com/robot/)" "pattifamily.net"
114.119.154.13 - - [14/Sep/2022:11:30:13 -0700] "GET /1982/?C=D%3BO%3DA HTTP/1.1" 200 352 "http://www.pattifamily.net/1982/?C=N%3BO%3DD" "Mozilla/5.0 (Linux; Android 7.0;) AppleWebKit/537.36 (KHTML, like Gecko) Mobile Safari/537.36 (compatible; PetalBot;+https://webmaster.petalsearch.com/site/petalbot)" "www.pattifamily.net"
51.222.253.4 - - [14/Sep/2022:11:35:25 -0700] "GET /1996/Lubold/?C=N;O=D HTTP/1.1" 200 931 "-" "Mozilla/5.0 (compatible; AhrefsBot/7.0; +http://ahrefs.com/robot/)" "pattifamily.net"
114.119.154.13 - - [14/Sep/2022:11:35:53 -0700] "GET /1994/?C=D%3BO%3DA HTTP/1.1" 200 372 "http://www.pattifamily.net/1994/?C=M%3BO%3DA" "Mozilla/5.0 (Linux; Android 7.0;) AppleWebKit/537.36 (KHTML, like Gecko) Mobile Safari/537.36 (compatible; PetalBot;+https://webmaster.petalsearch.com/site/petalbot)" "www.pattifamily.net"
5.255.253.143 - - [14/Sep/2022:11:40:18 -0700] "GET /pictures/2004_11_20/ HTTP/1.1" 200 411 "-" "Mozilla/5.0 (compatible; YandexBot/3.0; +http://yandex.com/bots)" "pattifamily.net"
51.222.253.17 - - [14/Sep/2022:11:40:49 -0700] "GET /pictures/2006_05_27/?C=D;O=A HTTP/1.1" 200 635 "-" "Mozilla/5.0 (compatible; AhrefsBot/7.0; +http://ahrefs.com/robot/)" "pattifamily.net"
114.119.154.161 - - [14/Sep/2022:11:41:43 -0700] "GET /2004/?C=S%3BO%3DA HTTP/1.1" 200 350 "http://www.pattifamily.net/2004/" "Mozilla/5.0 (Linux; Android 7.0;) AppleWebKit/537.36 (KHTML, like Gecko) Mobile Safari/537.36 (compatible; PetalBot;+https://webmaster.petalsearch.com/site/petalbot)" "www.pattifamily.net"
95.108.213.64 - - [14/Sep/2022:11:42:49 -0700] "GET /june2005.htm HTTP/1.1" 200 810 "-" "Mozilla/5.0 (compatible; YandexBot/3.0; +http://yandex.com/bots)" "pattifamily.net"
51.222.253.4 - - [14/Sep/2022:11:46:12 -0700] "GET /pictures/2005_04_11/?C=N;O=D HTTP/1.1" 200 437 "-" "Mozilla/5.0 (compatible; AhrefsBot/7.0; +http://ahrefs.com/robot/)" "pattifamily.net"
