114.119.154.14 - - [13/Sep/2022:22:00:48 -0700] "GET /bowling/videos/simpleScore?C=S%3BO%3DA HTTP/1.1" 301 1432 "http://pattifamily.net/bowling/videos/simpleScore" "Mozilla/5.0 (Linux; Android 7.0;) AppleWebKit/537.36 (KHTML, like Gecko) Mobile Safari/537.36 (compatible; PetalBot;+https://webmaster.petalsearch.com/site/petalbot)" "pattifamily.net"
114.119.154.14 - - [13/Sep/2022:22:00:52 -0700] "GET /bowling/videos/simpleScore/?C=S%3BO%3DA HTTP/1.1" 200 403 "http://pattifamily.net/bowling/videos/simpleScore" "Mozilla/5.0 (Linux; Android 7.0;) AppleWebKit/537.36 (KHTML, like Gecko) Mobile Safari/537.36 (compatible; PetalBot;+https://webmaster.petalsearch.com/site/petalbot)" "pattifamily.net"
114.119.154.14 - - [13/Sep/2022:22:06:31 -0700] "GET /1978/Patti/?C=D%3BO%3DA HTTP/1.1" 200 1476 "https://pattifamily.net/1978/Patti/?C=N%3BO%3DD" "Mozilla/5.0 (Linux; Android 7.0;) AppleWebKit/537.36 (KHTML, like Gecko) Mobile Safari/537.36 (compatible; PetalBot;+https://webmaster.petalsearch.com/site/petalbot)" "pattifamily.net"
114.119.154.155 - - [13/Sep/2022:22:12:11 -0700] "GET /1975/Patti/?C=N%3BO%3DD HTTP/1.1" 200 1015 "http://pattifamily.net/1975/Patti/?C=S%3BO%3DA" "Mozilla/5.0 (Linux; Android 7.0;) AppleWebKit/537.36 (KHTML, like Gecko) Mobile Safari/537.36 (compatible; PetalBot;+https://webmaster.petalsearch.com/site/petalbot)" "pattifamily.net"
114.119.154.135 - - [13/Sep/2022:22:18:12 -0700] "GET /1992/Patti/November51992/?C=D%3BO%3DA HTTP/1.1" 200 1333 "https://pattifamily.net/1992/Patti/November51992/?C=N%3BO%3DD" "Mozilla/5.0 (Linux; Android 7.0;) AppleWebKit/537.36 (KHTML, like Gecko) Mobile Safari/537.36 (compatible; PetalBot;+https://webmaster.petalsearch.com/site/petalbot)" "pattifamily.net"
51.222.253.7 - - [13/Sep/2022:22:18:26 -0700] "GET /pictures/2006_04_10/?C=S;O=D HTTP/1.1" 200 422 "-" "Mozilla/5.0 (compatible; AhrefsBot/7.0; +http://ahrefs.com/robot/)" "pattifamily.net"
114.119.154.155 - - [13/Sep/2022:22:24:16 -0700] "GET /1994/Patti/May161994/ HTTP/1.1" 200 1027 "http://www.pattifamily.net/1994/Patti/?C=M%3BO%3DA" "Mozilla/5.0 (Linux; Android 7.0;) AppleWebKit/537.36 (KHTML, like Gecko) Mobile Safari/537.36 (compatible; PetalBot;+https://webmaster.petalsearch.com/site/petalbot)" "www.pattifamily.net"
114.119.154.161 - - [13/Sep/2022:22:29:42 -0700] "GET /1983/Lubold/?C=S%3BO%3DA HTTP/1.1" 200 2279 "http://www.pattifamily.net/1983/Lubold/" "Mozilla/5.0 (Linux; Android 7.0;) AppleWebKit/537.36 (KHTML, like Gecko) Mobile Safari/537.36 (compatible; PetalBot;+https://webmaster.petalsearch.com/site/petalbot)" "www.pattifamily.net"
51.222.253.10 - - [13/Sep/2022:22:29:48 -0700] "GET /familytree/?C=M;O=D HTTP/1.1" 200 2323 "-" "Mozilla/5.0 (compatible; AhrefsBot/7.0; +http://ahrefs.com/robot/)" "pattifamily.net"
40.77.167.4 - - [13/Sep/2022:22:31:00 -0700] "GET /pictures/2005_03_31/ HTTP/1.1" 200 483 "-" "Mozilla/5.0 (compatible; bingbot/2.0; +http://www.bing.com/bingbot.htm)" "pattifamily.net"
114.119.154.155 - - [13/Sep/2022:22:35:26 -0700] "GET /1994/Patti/ HTTP/1.1" 200 925 "https://pattifamily.net/1994/Patti/May161994/" "Mozilla/5.0 (Linux; Android 7.0;) AppleWebKit/537.36 (KHTML, like Gecko) Mobile Safari/537.36 (compatible; PetalBot;+https://webmaster.petalsearch.com/site/petalbot)" "pattifamily.net"
51.222.253.2 - - [13/Sep/2022:22:35:30 -0700] "GET /2004/Patti/?C=S;O=A HTTP/1.1" 200 389 "-" "Mozilla/5.0 (compatible; AhrefsBot/7.0; +http://ahrefs.com/robot/)" "pattifamily.net"
51.222.253.9 - - [13/Sep/2022:22:40:31 -0700] "GET /robots.txt HTTP/1.1" 404 88 "-" "Mozilla/5.0 (compatible; AhrefsBot/7.0; +http://ahrefs.com/robot/)" "www.pattifamily.net"
51.222.253.4 - - [13/Sep/2022:22:40:32 -0700] "GET /pictures/2005_10_29/?C=D;O=A HTTP/1.1" 200 951 "-" "Mozilla/5.0 (compatible; AhrefsBot/7.0; +http://ahrefs.com/robot/)" "www.pattifamily.net"
51.222.253.20 - - [13/Sep/2022:22:42:09 -0700] "GET /pictures/2006_04_10/?C=M;O=D HTTP/1.1" 200 422 "-" "Mozilla/5.0 (compatible; AhrefsBot/7.0; +http://ahrefs.com/robot/)" "pattifamily.net"
114.119.154.14 - - [13/Sep/2022:22:42:28 -0700] "GET /1975/Patti/?C=M%3BO%3DA HTTP/1.1" 200 1015 "http://pattifamily.net/1975/Patti/?C=S%3BO%3DA" "Mozilla/5.0 (Linux; Android 7.0;) AppleWebKit/537.36 (KHTML, like Gecko) Mobile Safari/537.36 (compatible; PetalBot;+https://webmaster.petalsearch.com/site/petalbot)" "pattifamily.net"
51.222.253.12 - - [13/Sep/2022:22:44:28 -0700] "GET /2004/Patti/?C=D;O=A HTTP/1.1" 200 389 "-" "Mozilla/5.0 (compatible; AhrefsBot/7.0; +http://ahrefs.com/robot/)" "pattifamily.net"
51.222.253.10 - - [13/Sep/2022:22:46:15 -0700] "GET /pictures/2005_10_29/?C=M;O=A HTTP/1.1" 200 953 "-" "Mozilla/5.0 (compatible; AhrefsBot/7.0; +http://ahrefs.com/robot/)" "www.pattifamily.net"
51.222.253.6 - - [13/Sep/2022:22:47:58 -0700] "GET /1991/Patti/July241991/ HTTP/1.1" 200 2844 "-" "Mozilla/5.0 (compatible; AhrefsBot/7.0; +http://ahrefs.com/robot/)" "pattifamily.net"
114.119.154.155 - - [13/Sep/2022:22:48:22 -0700] "GET /?C=D%3BO%3DA HTTP/1.1" 200 2014 "http://www.pattifamily.net/?C=S%3BO%3DA" "Mozilla/5.0 (Linux; Android 7.0;) AppleWebKit/537.36 (KHTML, like Gecko) Mobile Safari/537.36 (compatible; PetalBot;+https://webmaster.petalsearch.com/site/petalbot)" "www.pattifamily.net"
51.222.253.7 - - [13/Sep/2022:22:50:11 -0700] "GET /1982/Lubold/ HTTP/1.1" 200 2965 "-" "Mozilla/5.0 (compatible; AhrefsBot/7.0; +http://ahrefs.com/robot/)" "pattifamily.net"
51.222.253.7 - - [13/Sep/2022:22:52:34 -0700] "GET /1999/Lubold/?C=M;O=D HTTP/1.1" 200 2348 "-" "Mozilla/5.0 (compatible; AhrefsBot/7.0; +http://ahrefs.com/robot/)" "pattifamily.net"
114.119.154.155 - - [13/Sep/2022:22:54:00 -0700] "GET /unknown/?C=N%3BO%3DD HTTP/1.1" 200 381 "https://pattifamily.net/unknown/?C=D%3BO%3DA" "Mozilla/5.0 (Linux; Android 7.0;) AppleWebKit/537.36 (KHTML, like Gecko) Mobile Safari/537.36 (compatible; PetalBot;+https://webmaster.petalsearch.com/site/petalbot)" "pattifamily.net"
51.222.253.7 - - [13/Sep/2022:22:54:50 -0700] "GET /pictures/2004_11_25/?C=N;O=D HTTP/1.1" 200 413 "-" "Mozilla/5.0 (compatible; AhrefsBot/7.0; +http://ahrefs.com/robot/)" "pattifamily.net"
51.222.253.4 - - [13/Sep/2022:22:57:08 -0700] "GET /1992/Patti/July271992/?C=N;O=A HTTP/1.1" 200 680 "-" "Mozilla/5.0 (compatible; AhrefsBot/7.0; +http://ahrefs.com/robot/)" "pattifamily.net"
51.222.253.14 - - [13/Sep/2022:22:59:30 -0700] "GET /pictures/2006_05_27/?C=M;O=A HTTP/1.1" 200 635 "-" "Mozilla/5.0 (compatible; AhrefsBot/7.0; +http://ahrefs.com/robot/)" "pattifamily.net"
114.119.154.14 - - [13/Sep/2022:22:59:47 -0700] "GET /1995/Patti/?C=M%3BO%3DA HTTP/1.1" 200 1210 "http://www.pattifamily.net/1995/Patti/?C=D%3BO%3DA" "Mozilla/5.0 (Linux; Android 7.0;) AppleWebKit/537.36 (KHTML, like Gecko) Mobile Safari/537.36 (compatible; PetalBot;+https://webmaster.petalsearch.com/site/petalbot)" "www.pattifamily.net"
51.222.253.7 - - [13/Sep/2022:23:01:45 -0700] "GET /pictures/2006_05_18/?C=S;O=D HTTP/1.1" 200 384 "-" "Mozilla/5.0 (compatible; AhrefsBot/7.0; +http://ahrefs.com/robot/)" "pattifamily.net"
51.222.253.5 - - [13/Sep/2022:23:04:19 -0700] "GET /pictures/2005_04_03/?C=S;O=A HTTP/1.1" 200 423 "-" "Mozilla/5.0 (compatible; AhrefsBot/7.0; +http://ahrefs.com/robot/)" "pattifamily.net"
51.222.253.7 - - [13/Sep/2022:23:06:53 -0700] "GET /pictures/2005_07_25/?C=D;O=D HTTP/1.1" 200 423 "-" "Mozilla/5.0 (compatible; AhrefsBot/7.0; +http://ahrefs.com/robot/)" "pattifamily.net"
51.222.253.18 - - [13/Sep/2022:23:09:11 -0700] "GET /2004/Patti/?C=M;O=A HTTP/1.1" 200 388 "-" "Mozilla/5.0 (compatible; AhrefsBot/7.0; +http://ahrefs.com/robot/)" "pattifamily.net"
114.119.154.13 - - [13/Sep/2022:23:11:00 -0700] "GET /1978/Lubold/?C=D%3BO%3DA HTTP/1.1" 200 2047 "http://www.pattifamily.net/1978/Lubold/?C=N%3BO%3DD" "Mozilla/5.0 (Linux; Android 7.0;) AppleWebKit/537.36 (KHTML, like Gecko) Mobile Safari/537.36 (compatible; PetalBot;+https://webmaster.petalsearch.com/site/petalbot)" "www.pattifamily.net"
51.222.253.6 - - [13/Sep/2022:23:14:14 -0700] "GET /pictures/2005_06_11/?C=M;O=D HTTP/1.1" 200 424 "-" "Mozilla/5.0 (compatible; AhrefsBot/7.0; +http://ahrefs.com/robot/)" "pattifamily.net"
114.119.154.14 - - [13/Sep/2022:23:17:04 -0700] "GET /1984/?C=M%3BO%3DA HTTP/1.1" 200 378 "https://pattifamily.net/1984/?C=N%3BO%3DD" "Mozilla/5.0 (Linux; Android 7.0;) AppleWebKit/537.36 (KHTML, like Gecko) Mobile Safari/537.36 (compatible; PetalBot;+https://webmaster.petalsearch.com/site/petalbot)" "pattifamily.net"
51.222.253.2 - - [13/Sep/2022:23:19:16 -0700] "GET /pictures/2005_06_11/?C=S;O=D HTTP/1.1" 200 423 "-" "Mozilla/5.0 (compatible; AhrefsBot/7.0; +http://ahrefs.com/robot/)" "pattifamily.net"
114.119.154.161 - - [13/Sep/2022:23:22:54 -0700] "GET /?C=M%3BO%3DA HTTP/1.1" 200 2014 "http://www.pattifamily.net/?C=S%3BO%3DA" "Mozilla/5.0 (Linux; Android 7.0;) AppleWebKit/537.36 (KHTML, like Gecko) Mobile Safari/537.36 (compatible; PetalBot;+https://webmaster.petalsearch.com/site/petalbot)" "www.pattifamily.net"
87.250.224.10 - - [13/Sep/2022:23:27:13 -0700] "GET /robots.txt HTTP/1.1" 404 73 "-" "Mozilla/5.0 (compatible; YandexBot/3.0; +http://yandex.com/bots)" "pattifamily.net"
87.250.224.11 - - [13/Sep/2022:23:27:16 -0700] "GET /pictures/2007_02_23/ HTTP/1.1" 200 413 "-" "Mozilla/5.0 (compatible; YandexBot/3.0; +http://yandex.com/bots)" "pattifamily.net"
114.119.154.13 - - [13/Sep/2022:23:28:50 -0700] "GET /2004/Patti/November2004/ HTTP/1.1" 200 803 "http://www.pattifamily.net/2004/Patti/?C=D%3BO%3DA" "Mozilla/5.0 (Linux; Android 7.0;) AppleWebKit/537.36 (KHTML, like Gecko) Mobile Safari/537.36 (compatible; PetalBot;+https://webmaster.petalsearch.com/site/petalbot)" "www.pattifamily.net"
51.222.253.14 - - [13/Sep/2022:23:29:37 -0700] "GET /pictures/2005_02_24/?C=D;O=D HTTP/1.1" 200 423 "-" "Mozilla/5.0 (compatible; AhrefsBot/7.0; +http://ahrefs.com/robot/)" "pattifamily.net"
114.119.154.155 - - [13/Sep/2022:23:34:43 -0700] "GET /1985/ HTTP/1.1" 200 352 "http://www.pattifamily.net/?C=S%3BO%3DA" "Mozilla/5.0 (Linux; Android 7.0;) AppleWebKit/537.36 (KHTML, like Gecko) Mobile Safari/537.36 (compatible; PetalBot;+https://webmaster.petalsearch.com/site/petalbot)" "www.pattifamily.net"
114.119.154.14 - - [13/Sep/2022:23:40:45 -0700] "GET /1979/Patti/?C=D%3BO%3DA HTTP/1.1" 200 1904 "https://pattifamily.net/1979/Patti/?C=S%3BO%3DA" "Mozilla/5.0 (Linux; Android 7.0;) AppleWebKit/537.36 (KHTML, like Gecko) Mobile Safari/537.36 (compatible; PetalBot;+https://webmaster.petalsearch.com/site/petalbot)" "pattifamily.net"
114.119.154.161 - - [13/Sep/2022:23:46:21 -0700] "GET /1988/?C=S%3BO%3DA HTTP/1.1" 200 373 "http://www.pattifamily.net/1988/?C=M%3BO%3DA" "Mozilla/5.0 (Linux; Android 7.0;) AppleWebKit/537.36 (KHTML, like Gecko) Mobile Safari/537.36 (compatible; PetalBot;+https://webmaster.petalsearch.com/site/petalbot)" "www.pattifamily.net"
51.222.253.19 - - [13/Sep/2022:23:50:00 -0700] "GET /pictures/2004_12_02/?C=S;O=A HTTP/1.1" 200 414 "-" "Mozilla/5.0 (compatible; AhrefsBot/7.0; +http://ahrefs.com/robot/)" "pattifamily.net"
114.119.154.14 - - [13/Sep/2022:23:52:21 -0700] "GET /2002/?C=M%3BO%3DA HTTP/1.1" 200 350 "https://pattifamily.net/2002/?C=D%3BO%3DA" "Mozilla/5.0 (Linux; Android 7.0;) AppleWebKit/537.36 (KHTML, like Gecko) Mobile Safari/537.36 (compatible; PetalBot;+https://webmaster.petalsearch.com/site/petalbot)" "pattifamily.net"
114.119.154.124 - - [13/Sep/2022:23:58:16 -0700] "GET /2000/Wedding/?C=D%3BO%3DA HTTP/1.1" 200 4630 "http://pattifamily.net/2000/Wedding/" "Mozilla/5.0 (Linux; Android 7.0;) AppleWebKit/537.36 (KHTML, like Gecko) Mobile Safari/537.36 (compatible; PetalBot;+https://webmaster.petalsearch.com/site/petalbot)" "pattifamily.net"
114.119.154.161 - - [14/Sep/2022:00:04:02 -0700] "GET /2004/?C=D%3BO%3DA HTTP/1.1" 200 350 "https://pattifamily.net/2004/" "Mozilla/5.0 (Linux; Android 7.0;) AppleWebKit/537.36 (KHTML, like Gecko) Mobile Safari/537.36 (compatible; PetalBot;+https://webmaster.petalsearch.com/site/petalbot)" "pattifamily.net"
114.119.154.13 - - [14/Sep/2022:00:09:57 -0700] "GET /1988/?C=S%3BO%3DA HTTP/1.1" 200 373 "https://pattifamily.net/1988/" "Mozilla/5.0 (Linux; Android 7.0;) AppleWebKit/537.36 (KHTML, like Gecko) Mobile Safari/537.36 (compatible; PetalBot;+https://webmaster.petalsearch.com/site/petalbot)" "pattifamily.net"
114.119.154.124 - - [14/Sep/2022:00:15:26 -0700] "GET /1999/Patti/?C=M%3BO%3DA HTTP/1.1" 200 1958 "http://www.pattifamily.net/1999/Patti/" "Mozilla/5.0 (Linux; Android 7.0;) AppleWebKit/537.36 (KHTML, like Gecko) Mobile Safari/537.36 (compatible; PetalBot;+https://webmaster.petalsearch.com/site/petalbot)" "www.pattifamily.net"
5.255.231.117 - - [14/Sep/2022:00:18:41 -0700] "GET /patti70s.html HTTP/1.1" 200 6140 "-" "Mozilla/5.0 (compatible; YandexBot/3.0; +http://yandex.com/bots)" "pattifamily.net"
114.119.154.161 - - [14/Sep/2022:00:21:16 -0700] "GET /2004/Patti/November2004/?C=D%3BO%3DA HTTP/1.1" 200 803 "http://www.pattifamily.net/2004/Patti/November2004/?C=M%3BO%3DA" "Mozilla/5.0 (Linux; Android 7.0;) AppleWebKit/537.36 (KHTML, like Gecko) Mobile Safari/537.36 (compatible; PetalBot;+https://webmaster.petalsearch.com/site/petalbot)" "www.pattifamily.net"
54.36.148.127 - - [14/Sep/2022:00:27:19 -0700] "GET /robots.txt HTTP/1.1" 404 88 "-" "Mozilla/5.0 (compatible; AhrefsBot/7.0; +http://ahrefs.com/robot/)" "www.pattifamily.net"
51.222.253.17 - - [14/Sep/2022:00:27:20 -0700] "GET / HTTP/1.1" 200 2014 "-" "Mozilla/5.0 (compatible; AhrefsBot/7.0; +http://ahrefs.com/robot/)" "www.pattifamily.net"
114.119.154.161 - - [14/Sep/2022:00:27:41 -0700] "GET /2004/?C=N%3BO%3DD HTTP/1.1" 200 350 "https://pattifamily.net/2004/" "Mozilla/5.0 (Linux; Android 7.0;) AppleWebKit/537.36 (KHTML, like Gecko) Mobile Safari/537.36 (compatible; PetalBot;+https://webmaster.petalsearch.com/site/petalbot)" "pattifamily.net"
114.119.154.155 - - [14/Sep/2022:00:34:47 -0700] "GET /1988/?C=N%3BO%3DD HTTP/1.1" 200 373 "https://pattifamily.net/1988/" "Mozilla/5.0 (Linux; Android 7.0;) AppleWebKit/537.36 (KHTML, like Gecko) Mobile Safari/537.36 (compatible; PetalBot;+https://webmaster.petalsearch.com/site/petalbot)" "pattifamily.net"
40.77.167.6 - - [14/Sep/2022:00:34:52 -0700] "GET /1979/Lubold/ HTTP/1.1" 200 576 "-" "Mozilla/5.0 (compatible; bingbot/2.0; +http://www.bing.com/bingbot.htm)" "pattifamily.net"
114.119.154.155 - - [14/Sep/2022:00:40:08 -0700] "GET /1972/?C=S%3BO%3DA HTTP/1.1" 200 351 "https://pattifamily.net/1972/" "Mozilla/5.0 (Linux; Android 7.0;) AppleWebKit/537.36 (KHTML, like Gecko) Mobile Safari/537.36 (compatible; PetalBot;+https://webmaster.petalsearch.com/site/petalbot)" "pattifamily.net"
114.119.154.155 - - [14/Sep/2022:00:45:41 -0700] "GET /2000/Wedding/ HTTP/1.1" 200 4630 "http://www.pattifamily.net/2000/?C=S%3BO%3DA" "Mozilla/5.0 (Linux; Android 7.0;) AppleWebKit/537.36 (KHTML, like Gecko) Mobile Safari/537.36 (compatible; PetalBot;+https://webmaster.petalsearch.com/site/petalbot)" "www.pattifamily.net"
95.108.213.64 - - [14/Sep/2022:00:48:48 -0700] "GET /robots.txt HTTP/1.1" 404 73 "-" "Mozilla/5.0 (compatible; YandexBot/3.0; +http://yandex.com/bots)" "pattifamily.net"
95.108.213.64 - - [14/Sep/2022:00:48:52 -0700] "GET /pictures/2008_08_19/ HTTP/1.1" 200 414 "-" "Mozilla/5.0 (compatible; YandexBot/3.0; +http://yandex.com/bots)" "pattifamily.net"
114.119.154.161 - - [14/Sep/2022:00:51:38 -0700] "GET /1995/ HTTP/1.1" 200 372 "http://www.pattifamily.net/?C=S%3BO%3DA" "Mozilla/5.0 (Linux; Android 7.0;) AppleWebKit/537.36 (KHTML, like Gecko) Mobile Safari/537.36 (compatible; PetalBot;+https://webmaster.petalsearch.com/site/petalbot)" "www.pattifamily.net"
114.119.154.14 - - [14/Sep/2022:00:57:29 -0700] "GET /1998/Lubold/?C=M%3BO%3DA HTTP/1.1" 200 3980 "http://www.pattifamily.net/1998/Lubold/" "Mozilla/5.0 (Linux; Android 7.0;) AppleWebKit/537.36 (KHTML, like Gecko) Mobile Safari/537.36 (compatible; PetalBot;+https://webmaster.petalsearch.com/site/petalbot)" "www.pattifamily.net"
51.222.253.1 - - [14/Sep/2022:01:02:17 -0700] "GET / HTTP/1.1" 200 2014 "-" "Mozilla/5.0 (compatible; AhrefsBot/7.0; +http://ahrefs.com/robot/)" "www.pattifamily.net"
114.119.154.13 - - [14/Sep/2022:01:03:12 -0700] "GET /1986/?C=D%3BO%3DA HTTP/1.1" 200 353 "https://pattifamily.net/1986/?C=M%3BO%3DA" "Mozilla/5.0 (Linux; Android 7.0;) AppleWebKit/537.36 (KHTML, like Gecko) Mobile Safari/537.36 (compatible; PetalBot;+https://webmaster.petalsearch.com/site/petalbot)" "pattifamily.net"
114.119.154.135 - - [14/Sep/2022:01:08:58 -0700] "GET /2004/Patti/December2004/?C=S%3BO%3DA HTTP/1.1" 200 913 "http://www.pattifamily.net/2004/Patti/December2004/?C=M%3BO%3DA" "Mozilla/5.0 (Linux; Android 7.0;) AppleWebKit/537.36 (KHTML, like Gecko) Mobile Safari/537.36 (compatible; PetalBot;+https://webmaster.petalsearch.com/site/petalbot)" "www.pattifamily.net"
114.119.154.161 - - [14/Sep/2022:01:14:54 -0700] "GET /murray/slides/unknown/?C=M%3BO%3DA HTTP/1.1" 200 1676 "https://pattifamily.net/murray/slides/unknown/?C=S%3BO%3DA" "Mozilla/5.0 (Linux; Android 7.0;) AppleWebKit/537.36 (KHTML, like Gecko) Mobile Safari/537.36 (compatible; PetalBot;+https://webmaster.petalsearch.com/site/petalbot)" "pattifamily.net"
114.119.154.155 - - [14/Sep/2022:01:20:44 -0700] "GET /1980/Lubold/?C=N%3BO%3DD HTTP/1.1" 200 3676 "http://www.pattifamily.net/1980/Lubold/" "Mozilla/5.0 (Linux; Android 7.0;) AppleWebKit/537.36 (KHTML, like Gecko) Mobile Safari/537.36 (compatible; PetalBot;+https://webmaster.petalsearch.com/site/petalbot)" "www.pattifamily.net"
114.119.154.161 - - [14/Sep/2022:01:27:29 -0700] "GET /1972/ HTTP/1.1" 200 351 "http://www.pattifamily.net/?C=S%3BO%3DA" "Mozilla/5.0 (Linux; Android 7.0;) AppleWebKit/537.36 (KHTML, like Gecko) Mobile Safari/537.36 (compatible; PetalBot;+https://webmaster.petalsearch.com/site/petalbot)" "www.pattifamily.net"
114.119.154.135 - - [14/Sep/2022:01:33:07 -0700] "GET /1990/Patti/?C=M%3BO%3DA HTTP/1.1" 200 2381 "http://www.pattifamily.net/1990/Patti/" "Mozilla/5.0 (Linux; Android 7.0;) AppleWebKit/537.36 (KHTML, like Gecko) Mobile Safari/537.36 (compatible; PetalBot;+https://webmaster.petalsearch.com/site/petalbot)" "www.pattifamily.net"
114.119.154.135 - - [14/Sep/2022:01:40:21 -0700] "GET /1982/?C=D%3BO%3DA HTTP/1.1" 200 352 "https://pattifamily.net/1982/?C=M%3BO%3DA" "Mozilla/5.0 (Linux; Android 7.0;) AppleWebKit/537.36 (KHTML, like Gecko) Mobile Safari/537.36 (compatible; PetalBot;+https://webmaster.petalsearch.com/site/petalbot)" "pattifamily.net"
114.119.154.115 - - [14/Sep/2022:01:45:01 -0700] "GET /bowling/?C=S%3BO%3DA HTTP/1.1" 200 432 "http://www.pattifamily.net/bowling/" "Mozilla/5.0 (Linux; Android 7.0;) AppleWebKit/537.36 (KHTML, like Gecko) Mobile Safari/537.36 (compatible; PetalBot;+https://webmaster.petalsearch.com/site/petalbot)" "www.pattifamily.net"
114.119.154.155 - - [14/Sep/2022:01:50:46 -0700] "GET /playgroup.html HTTP/1.1" 200 817 "http://www.pattifamily.net/?C=S%3BO%3DA" "Mozilla/5.0 (Linux; Android 7.0;) AppleWebKit/537.36 (KHTML, like Gecko) Mobile Safari/537.36 (compatible; PetalBot;+https://webmaster.petalsearch.com/site/petalbot)" "www.pattifamily.net"
114.119.154.14 - - [14/Sep/2022:01:56:14 -0700] "GET /1998/?C=D%3BO%3DA HTTP/1.1" 200 374 "https://pattifamily.net/1998/" "Mozilla/5.0 (Linux; Android 7.0;) AppleWebKit/537.36 (KHTML, like Gecko) Mobile Safari/537.36 (compatible; PetalBot;+https://webmaster.petalsearch.com/site/petalbot)" "pattifamily.net"
114.119.154.155 - - [14/Sep/2022:02:02:01 -0700] "GET /1991/Lubold/?C=D%3BO%3DA HTTP/1.1" 200 1422 "https://pattifamily.net/1991/Lubold/?C=S%3BO%3DA" "Mozilla/5.0 (Linux; Android 7.0;) AppleWebKit/537.36 (KHTML, like Gecko) Mobile Safari/537.36 (compatible; PetalBot;+https://webmaster.petalsearch.com/site/petalbot)" "pattifamily.net"
114.119.154.124 - - [14/Sep/2022:02:07:51 -0700] "GET /1979/Lubold/?C=D%3BO%3DA HTTP/1.1" 200 576 "http://www.pattifamily.net/1979/Lubold/?C=N%3BO%3DD" "Mozilla/5.0 (Linux; Android 7.0;) AppleWebKit/537.36 (KHTML, like Gecko) Mobile Safari/537.36 (compatible; PetalBot;+https://webmaster.petalsearch.com/site/petalbot)" "www.pattifamily.net"
114.119.154.124 - - [14/Sep/2022:02:13:33 -0700] "GET /2003/Patti/?C=S%3BO%3DA HTTP/1.1" 200 1621 "https://pattifamily.net/2003/Patti/" "Mozilla/5.0 (Linux; Android 7.0;) AppleWebKit/537.36 (KHTML, like Gecko) Mobile Safari/537.36 (compatible; PetalBot;+https://webmaster.petalsearch.com/site/petalbot)" "pattifamily.net"
51.222.253.4 - - [14/Sep/2022:02:20:16 -0700] "GET /pictures/2005_05_29/?C=S;O=A HTTP/1.1" 200 486 "-" "Mozilla/5.0 (compatible; AhrefsBot/7.0; +http://ahrefs.com/robot/)" "pattifamily.net"
95.108.213.24 - - [14/Sep/2022:02:24:32 -0700] "GET /robots.txt HTTP/1.1" 404 73 "-" "Mozilla/5.0 (compatible; YandexBot/3.0; +http://yandex.com/bots)" "pattifamily.net"
87.250.224.10 - - [14/Sep/2022:02:24:35 -0700] "GET / HTTP/1.1" 200 2014 "-" "Mozilla/5.0 (compatible; YandexBot/3.0; +http://yandex.com/bots)" "pattifamily.net"
114.119.154.14 - - [14/Sep/2022:02:25:13 -0700] "GET /2003/Patti/?C=N%3BO%3DD HTTP/1.1" 200 1621 "https://pattifamily.net/2003/Patti/" "Mozilla/5.0 (Linux; Android 7.0;) AppleWebKit/537.36 (KHTML, like Gecko) Mobile Safari/537.36 (compatible; PetalBot;+https://webmaster.petalsearch.com/site/petalbot)" "pattifamily.net"
114.119.154.135 - - [14/Sep/2022:02:31:00 -0700] "GET /1991/Lubold/?C=N%3BO%3DD HTTP/1.1" 200 1422 "https://pattifamily.net/1991/Lubold/?C=S%3BO%3DA" "Mozilla/5.0 (Linux; Android 7.0;) AppleWebKit/537.36 (KHTML, like Gecko) Mobile Safari/537.36 (compatible; PetalBot;+https://webmaster.petalsearch.com/site/petalbot)" "pattifamily.net"
114.119.154.13 - - [14/Sep/2022:02:36:41 -0700] "GET /2005/?C=S%3BO%3DA HTTP/1.1" 200 2906 "http://www.pattifamily.net/2005/?C=M%3BO%3DA" "Mozilla/5.0 (Linux; Android 7.0;) AppleWebKit/537.36 (KHTML, like Gecko) Mobile Safari/537.36 (compatible; PetalBot;+https://webmaster.petalsearch.com/site/petalbot)" "www.pattifamily.net"
5.45.207.150 - - [14/Sep/2022:02:41:09 -0700] "GET /pictures/2011/2011_01_29/ HTTP/1.1" 200 387 "-" "Mozilla/5.0 (compatible; YandexBot/3.0; +http://yandex.com/bots)" "pattifamily.net"
114.119.154.161 - - [14/Sep/2022:02:42:30 -0700] "GET /pattiunknown6.html HTTP/1.1" 200 1830 "https://pattifamily.net?C=N%3BO%3DD" "Mozilla/5.0 (Linux; Android 7.0;) AppleWebKit/537.36 (KHTML, like Gecko) Mobile Safari/537.36 (compatible; PetalBot;+https://webmaster.petalsearch.com/site/petalbot)" "pattifamily.net"
114.119.154.135 - - [14/Sep/2022:02:48:19 -0700] "GET /1975/?C=D%3BO%3DA HTTP/1.1" 200 352 "http://pattifamily.net/1975/?C=M%3BO%3DA" "Mozilla/5.0 (Linux; Android 7.0;) AppleWebKit/537.36 (KHTML, like Gecko) Mobile Safari/537.36 (compatible; PetalBot;+https://webmaster.petalsearch.com/site/petalbot)" "pattifamily.net"
114.119.154.135 - - [14/Sep/2022:02:54:04 -0700] "GET /1998/Lubold/?C=S%3BO%3DA HTTP/1.1" 200 3980 "http://www.pattifamily.net/1998/Lubold/" "Mozilla/5.0 (Linux; Android 7.0;) AppleWebKit/537.36 (KHTML, like Gecko) Mobile Safari/537.36 (compatible; PetalBot;+https://webmaster.petalsearch.com/site/petalbot)" "www.pattifamily.net"
5.45.207.101 - - [14/Sep/2022:02:55:03 -0700] "GET /unknown/Patti/Easter/ HTTP/1.1" 200 3343 "-" "Mozilla/5.0 (compatible; YandexBot/3.0; +http://yandex.com/bots)" "pattifamily.net"
114.119.154.14 - - [14/Sep/2022:02:59:50 -0700] "GET /1970/?C=M%3BO%3DA HTTP/1.1" 200 349 "http://www.pattifamily.net/1970/?C=N%3BO%3DD" "Mozilla/5.0 (Linux; Android 7.0;) AppleWebKit/537.36 (KHTML, like Gecko) Mobile Safari/537.36 (compatible; PetalBot;+https://webmaster.petalsearch.com/site/petalbot)" "www.pattifamily.net"
114.119.154.161 - - [14/Sep/2022:03:05:38 -0700] "GET /2001/?C=D%3BO%3DA HTTP/1.1" 200 5095 "http://www.pattifamily.net/2001/?C=S%3BO%3DA" "Mozilla/5.0 (Linux; Android 7.0;) AppleWebKit/537.36 (KHTML, like Gecko) Mobile Safari/537.36 (compatible; PetalBot;+https://webmaster.petalsearch.com/site/petalbot)" "www.pattifamily.net"
87.250.224.74 - - [14/Sep/2022:03:06:07 -0700] "GET /pictures/2004_11_02/ HTTP/1.1" 200 442 "-" "Mozilla/5.0 (compatible; YandexBot/3.0; +http://yandex.com/bots)" "pattifamily.net"
5.255.231.117 - - [14/Sep/2022:03:06:27 -0700] "GET /pictures/2007_12_20/ HTTP/1.1" 200 385 "-" "Mozilla/5.0 (compatible; YandexBot/3.0; +http://yandex.com/bots)" "pattifamily.net"
5.45.207.153 - - [14/Sep/2022:03:11:19 -0700] "GET /pictures/2010/2010_06_04/ HTTP/1.1" 200 420 "-" "Mozilla/5.0 (compatible; YandexBot/3.0; +http://yandex.com/bots)" "pattifamily.net"
114.119.154.135 - - [14/Sep/2022:03:11:23 -0700] "GET /1983/Lubold/ HTTP/1.1" 200 2279 "https://pattifamily.net/1983/?C=M%3BO%3DA" "Mozilla/5.0 (Linux; Android 7.0;) AppleWebKit/537.36 (KHTML, like Gecko) Mobile Safari/537.36 (compatible; PetalBot;+https://webmaster.petalsearch.com/site/petalbot)" "pattifamily.net"
114.119.154.124 - - [14/Sep/2022:03:17:14 -0700] "GET /1989/Patti/?C=S%3BO%3DA HTTP/1.1" 200 2056 "https://pattifamily.net/1989/Patti/?C=D%3BO%3DA" "Mozilla/5.0 (Linux; Android 7.0;) AppleWebKit/537.36 (KHTML, like Gecko) Mobile Safari/537.36 (compatible; PetalBot;+https://webmaster.petalsearch.com/site/petalbot)" "pattifamily.net"
114.119.154.14 - - [14/Sep/2022:03:22:45 -0700] "GET /patti/?C=D%3BO%3DA HTTP/1.1" 200 354 "http://www.pattifamily.net/patti/?C=S%3BO%3DA" "Mozilla/5.0 (Linux; Android 7.0;) AppleWebKit/537.36 (KHTML, like Gecko) Mobile Safari/537.36 (compatible; PetalBot;+https://webmaster.petalsearch.com/site/petalbot)" "www.pattifamily.net"
114.119.154.155 - - [14/Sep/2022:03:28:34 -0700] "GET /2004/Patti/?C=S%3BO%3DA HTTP/1.1" 200 389 "http://www.pattifamily.net/2004/Patti/?C=D%3BO%3DA" "Mozilla/5.0 (Linux; Android 7.0;) AppleWebKit/537.36 (KHTML, like Gecko) Mobile Safari/537.36 (compatible; PetalBot;+https://webmaster.petalsearch.com/site/petalbot)" "www.pattifamily.net"
114.119.154.161 - - [14/Sep/2022:03:34:09 -0700] "GET /1993/?C=N%3BO%3DD HTTP/1.1" 200 374 "https://pattifamily.net/1993/?C=S%3BO%3DA" "Mozilla/5.0 (Linux; Android 7.0;) AppleWebKit/537.36 (KHTML, like Gecko) Mobile Safari/537.36 (compatible; PetalBot;+https://webmaster.petalsearch.com/site/petalbot)" "pattifamily.net"
5.45.207.101 - - [14/Sep/2022:03:39:31 -0700] "GET /robots.txt HTTP/1.1" 404 73 "-" "Mozilla/5.0 (compatible; YandexBot/3.0; +http://yandex.com/bots)" "pattifamily.net"
95.108.213.64 - - [14/Sep/2022:03:39:35 -0700] "GET /pictures/2005_10_26/ HTTP/1.1" 200 413 "-" "Mozilla/5.0 (compatible; YandexBot/3.0; +http://yandex.com/bots)" "pattifamily.net"
114.119.154.161 - - [14/Sep/2022:03:39:52 -0700] "GET /1975/?C=N%3BO%3DD HTTP/1.1" 200 352 "http://pattifamily.net/1975/" "Mozilla/5.0 (Linux; Android 7.0;) AppleWebKit/537.36 (KHTML, like Gecko) Mobile Safari/537.36 (compatible; PetalBot;+https://webmaster.petalsearch.com/site/petalbot)" "pattifamily.net"
5.255.253.143 - - [14/Sep/2022:03:40:16 -0700] "GET /pictures/2007_02_15/ HTTP/1.1" 200 399 "-" "Mozilla/5.0 (compatible; YandexBot/3.0; +http://yandex.com/bots)" "pattifamily.net"
114.119.154.115 - - [14/Sep/2022:03:45:50 -0700] "GET /1992/Patti/May181992/?C=D%3BO%3DA HTTP/1.1" 200 672 "http://www.pattifamily.net/1992/Patti/May181992/?C=M%3BO%3DA" "Mozilla/5.0 (Linux; Android 7.0;) AppleWebKit/537.36 (KHTML, like Gecko) Mobile Safari/537.36 (compatible; PetalBot;+https://webmaster.petalsearch.com/site/petalbot)" "www.pattifamily.net"
114.119.154.115 - - [14/Sep/2022:03:51:21 -0700] "GET /1993/Patti/?C=D%3BO%3DA HTTP/1.1" 200 498 "https://pattifamily.net/1993/Patti/?C=S%3BO%3DA" "Mozilla/5.0 (Linux; Android 7.0;) AppleWebKit/537.36 (KHTML, like Gecko) Mobile Safari/537.36 (compatible; PetalBot;+https://webmaster.petalsearch.com/site/petalbot)" "pattifamily.net"
114.119.154.14 - - [14/Sep/2022:03:57:12 -0700] "GET /1998/Patti/?C=D%3BO%3DA HTTP/1.1" 200 2298 "http://www.pattifamily.net/1998/Patti/?C=N%3BO%3DD" "Mozilla/5.0 (Linux; Android 7.0;) AppleWebKit/537.36 (KHTML, like Gecko) Mobile Safari/537.36 (compatible; PetalBot;+https://webmaster.petalsearch.com/site/petalbot)" "www.pattifamily.net"
5.255.231.117 - - [14/Sep/2022:04:01:21 -0700] "GET /pictures/2004_11_26/ HTTP/1.1" 200 387 "-" "Mozilla/5.0 (compatible; YandexBot/3.0; +http://yandex.com/bots)" "pattifamily.net"
114.119.154.115 - - [14/Sep/2022:04:03:14 -0700] "GET /October2005.htm HTTP/1.1" 200 877 "http://www.pattifamily.net?C=S%3BO%3DA" "Mozilla/5.0 (Linux; Android 7.0;) AppleWebKit/537.36 (KHTML, like Gecko) Mobile Safari/537.36 (compatible; PetalBot;+https://webmaster.petalsearch.com/site/petalbot)" "www.pattifamily.net"
5.45.207.153 - - [14/Sep/2022:04:07:49 -0700] "GET /pictures/2004_12_05/ HTTP/1.1" 200 469 "-" "Mozilla/5.0 (compatible; YandexBot/3.0; +http://yandex.com/bots)" "pattifamily.net"
114.119.154.115 - - [14/Sep/2022:04:09:20 -0700] "GET /1988/Lubold/?C=N%3BO%3DD HTTP/1.1" 200 1197 "http://www.pattifamily.net/1988/Lubold/?C=M%3BO%3DA" "Mozilla/5.0 (Linux; Android 7.0;) AppleWebKit/537.36 (KHTML, like Gecko) Mobile Safari/537.36 (compatible; PetalBot;+https://webmaster.petalsearch.com/site/petalbot)" "www.pattifamily.net"
87.250.224.161 - - [14/Sep/2022:04:11:03 -0700] "GET /robots.txt HTTP/1.1" 404 73 "-" "Mozilla/5.0 (compatible; YandexBot/3.0; +http://yandex.com/bots)" "www.pattifamily.net"
87.250.224.74 - - [14/Sep/2022:04:11:07 -0700] "GET /weatherinsights HTTP/1.1" 301 1411 "http://www.weatherinsights.com/" "Mozilla/5.0 (compatible; YandexBot/3.0; +http://yandex.com/bots) AppleWebKit/537.36 (KHTML, like Gecko) Chrome/81.0.4044.268" "www.pattifamily.net"
5.255.253.131 - - [14/Sep/2022:04:11:11 -0700] "GET /weatherinsights/ HTTP/1.1" 200 1193 "http://www.weatherinsights.com/" "Mozilla/5.0 (compatible; YandexBot/3.0; +http://yandex.com/bots) AppleWebKit/537.36 (KHTML, like Gecko) Chrome/81.0.4044.268" "www.pattifamily.net"
95.108.213.24 - - [14/Sep/2022:04:11:18 -0700] "GET /weatherinsights/curr_obs.js HTTP/1.1" 200 743 "http://www.pattifamily.net/weatherinsights/" "Mozilla/5.0 (compatible; YandexBot/3.0; +http://yandex.com/bots) AppleWebKit/537.36 (KHTML, like Gecko) Chrome/81.0.4044.268" "www.pattifamily.net"
114.119.154.13 - - [14/Sep/2022:04:15:03 -0700] "GET /1971/?C=D%3BO%3DA HTTP/1.1" 200 351 "https://pattifamily.net/1971/?C=M%3BO%3DA" "Mozilla/5.0 (Linux; Android 7.0;) AppleWebKit/537.36 (KHTML, like Gecko) Mobile Safari/537.36 (compatible; PetalBot;+https://webmaster.petalsearch.com/site/petalbot)" "pattifamily.net"
114.119.154.124 - - [14/Sep/2022:04:20:43 -0700] "GET /2004/ HTTP/1.1" 200 350 "https://pattifamily.net/2004/Patti/" "Mozilla/5.0 (Linux; Android 7.0;) AppleWebKit/537.36 (KHTML, like Gecko) Mobile Safari/537.36 (compatible; PetalBot;+https://webmaster.petalsearch.com/site/petalbot)" "pattifamily.net"
114.119.154.14 - - [14/Sep/2022:04:26:35 -0700] "GET /pictures/Greg/?C=D%3BO%3DA HTTP/1.1" 200 648 "http://www.pattifamily.net/pictures/Greg/?C=S%3BO%3DA" "Mozilla/5.0 (Linux; Android 7.0;) AppleWebKit/537.36 (KHTML, like Gecko) Mobile Safari/537.36 (compatible; PetalBot;+https://webmaster.petalsearch.com/site/petalbot)" "www.pattifamily.net"
5.45.207.150 - - [14/Sep/2022:04:32:00 -0700] "GET /1989/Patti/ HTTP/1.1" 200 2056 "-" "Mozilla/5.0 (compatible; YandexBot/3.0; +http://yandex.com/bots)" "pattifamily.net"
114.119.154.135 - - [14/Sep/2022:04:32:25 -0700] "GET /murray/slides/?C=N%3BO%3DD HTTP/1.1" 200 360 "http://www.pattifamily.net/murray/slides/?C=S%3BO%3DA" "Mozilla/5.0 (Linux; Android 7.0;) AppleWebKit/537.36 (KHTML, like Gecko) Mobile Safari/537.36 (compatible; PetalBot;+https://webmaster.petalsearch.com/site/petalbot)" "www.pattifamily.net"
114.119.154.14 - - [14/Sep/2022:04:38:03 -0700] "GET /bowling/pics/?C=M%3BO%3DA HTTP/1.1" 200 396 "http://www.pattifamily.net/bowling/pics/?C=D%3BO%3DA" "Mozilla/5.0 (Linux; Android 7.0;) AppleWebKit/537.36 (KHTML, like Gecko) Mobile Safari/537.36 (compatible; PetalBot;+https://webmaster.petalsearch.com/site/petalbot)" "www.pattifamily.net"
142.93.201.0 - - [14/Sep/2022:04:40:12 -0700] "HEAD / HTTP/1.1" 200 - "https://www.bing.com" "Mozilla/5.0 (Windows NT 6.1) AppleWebKit/537.36 (KHTML, like Gecko) Chrome/27.0.1453.93 Safari/537.36" "pattifamily.net"
142.93.201.0 - - [14/Sep/2022:04:40:12 -0700] "GET /wp-login.php HTTP/1.1" 404 88 "http://pattifamily.net" "Mozilla/5.0 (Windows NT 6.1) AppleWebKit/537.36 (KHTML, like Gecko) Chrome/27.0.1453.93 Safari/537.36" "pattifamily.net"
142.93.201.0 - - [14/Sep/2022:04:40:12 -0700] "GET /wordpress/wp-login.php HTTP/1.1" 404 88 "http://pattifamily.net" "Mozilla/5.0 (Windows NT 6.1) AppleWebKit/537.36 (KHTML, like Gecko) Chrome/27.0.1453.93 Safari/537.36" "pattifamily.net"
142.93.201.0 - - [14/Sep/2022:04:40:12 -0700] "GET /blog/wp-login.php HTTP/1.1" 404 88 "http://pattifamily.net" "Mozilla/5.0 (Windows NT 6.1) AppleWebKit/537.36 (KHTML, like Gecko) Chrome/27.0.1453.93 Safari/537.36" "pattifamily.net"
142.93.201.0 - - [14/Sep/2022:04:40:12 -0700] "GET /wp/wp-login.php HTTP/1.1" 404 88 "http://pattifamily.net" "Mozilla/5.0 (Windows NT 6.1) AppleWebKit/537.36 (KHTML, like Gecko) Chrome/27.0.1453.93 Safari/537.36" "pattifamily.net"
87.250.224.160 - - [14/Sep/2022:04:42:05 -0700] "GET /robots.txt HTTP/1.1" 404 73 "-" "Mozilla/5.0 (compatible; YandexBot/3.0; +http://yandex.com/bots)" "pattifamily.net"
87.250.224.46 - - [14/Sep/2022:04:42:09 -0700] "GET /1979/Patti/ HTTP/1.1" 200 1904 "-" "Mozilla/5.0 (compatible; YandexBot/3.0; +http://yandex.com/bots)" "pattifamily.net"
114.119.154.14 - - [14/Sep/2022:04:43:54 -0700] "GET /1987/Patti/?C=N%3BO%3DD HTTP/1.1" 200 1231 "https://pattifamily.net/1987/Patti/?C=M%3BO%3DA" "Mozilla/5.0 (Linux; Android 7.0;) AppleWebKit/537.36 (KHTML, like Gecko) Mobile Safari/537.36 (compatible; PetalBot;+https://webmaster.petalsearch.com/site/petalbot)" "pattifamily.net"
114.119.154.124 - - [14/Sep/2022:04:49:32 -0700] "GET /1994/Patti/July71994/?C=D%3BO%3DA HTTP/1.1" 200 1108 "http://www.pattifamily.net/1994/Patti/July71994/" "Mozilla/5.0 (Linux; Android 7.0;) AppleWebKit/537.36 (KHTML, like Gecko) Mobile Safari/537.36 (compatible; PetalBot;+https://webmaster.petalsearch.com/site/petalbot)" "www.pattifamily.net"
114.119.154.161 - - [14/Sep/2022:04:55:17 -0700] "GET /unknown/Lubold/?C=N%3BO%3DD HTTP/1.1" 200 7271 "https://pattifamily.net/unknown/Lubold/?C=D%3BO%3DA" "Mozilla/5.0 (Linux; Android 7.0;) AppleWebKit/537.36 (KHTML, like Gecko) Mobile Safari/537.36 (compatible; PetalBot;+https://webmaster.petalsearch.com/site/petalbot)" "pattifamily.net"
114.119.154.161 - - [14/Sep/2022:05:01:00 -0700] "GET /1993/Patti/March81993/ HTTP/1.1" 200 627 "http://www.pattifamily.net/1993/Patti/?C=D%3BO%3DA" "Mozilla/5.0 (Linux; Android 7.0;) AppleWebKit/537.36 (KHTML, like Gecko) Mobile Safari/537.36 (compatible; PetalBot;+https://webmaster.petalsearch.com/site/petalbot)" "www.pattifamily.net"
114.119.154.124 - - [14/Sep/2022:05:06:51 -0700] "GET /2003/?C=D%3BO%3DA HTTP/1.1" 200 351 "https://pattifamily.net/2003/" "Mozilla/5.0 (Linux; Android 7.0;) AppleWebKit/537.36 (KHTML, like Gecko) Mobile Safari/537.36 (compatible; PetalBot;+https://webmaster.petalsearch.com/site/petalbot)" "pattifamily.net"
5.45.207.150 - - [14/Sep/2022:05:11:03 -0700] "GET /pictures/2008_08_02/ HTTP/1.1" 200 432 "-" "Mozilla/5.0 (compatible; YandexBot/3.0; +http://yandex.com/bots)" "pattifamily.net"
114.119.154.155 - - [14/Sep/2022:05:12:55 -0700] "GET /lubold2000.html HTTP/1.1" 200 1086 "https://pattifamily.net?C=N%3BO%3DD" "Mozilla/5.0 (Linux; Android 7.0;) AppleWebKit/537.36 (KHTML, like Gecko) Mobile Safari/537.36 (compatible; PetalBot;+https://webmaster.petalsearch.com/site/petalbot)" "pattifamily.net"
114.119.154.135 - - [14/Sep/2022:05:18:36 -0700] "GET /1993/Lubold/ HTTP/1.1" 200 1762 "https://pattifamily.net/1993/?C=S%3BO%3DA" "Mozilla/5.0 (Linux; Android 7.0;) AppleWebKit/537.36 (KHTML, like Gecko) Mobile Safari/537.36 (compatible; PetalBot;+https://webmaster.petalsearch.com/site/petalbot)" "pattifamily.net"
114.119.154.13 - - [14/Sep/2022:05:24:27 -0700] "GET /pictures/videos/ HTTP/1.1" 200 321 "http://www.pattifamily.net/pictures/?C=M%3BO%3DA" "Mozilla/5.0 (Linux; Android 7.0;) AppleWebKit/537.36 (KHTML, like Gecko) Mobile Safari/537.36 (compatible; PetalBot;+https://webmaster.petalsearch.com/site/petalbot)" "www.pattifamily.net"
52.88.86.23 - - [14/Sep/2022:05:28:09 -0700] "GET / HTTP/1.1" 200 2014 "-" "Mozilla/5.0 (X11; Linux x86_64) AppleWebKit/537.36 (KHTML, like Gecko) Chrome/83.0.4103.97 Safari/537.36" "pattifamily.net"
54.218.116.188 - - [14/Sep/2022:05:28:13 -0700] "GET / HTTP/1.1" 200 2014 "-" "Mozilla/5.0 (X11; Linux x86_64) AppleWebKit/537.36 (KHTML, like Gecko) Chrome/83.0.4103.97 Safari/537.36" "pattifamily.net"
52.10.121.64 - - [14/Sep/2022:05:28:16 -0700] "GET /favicon.ico HTTP/1.1" 404 88 "-" "Mozilla/5.0 (X11; Linux x86_64) AppleWebKit/537.36 (KHTML, like Gecko) Chrome/83.0.4103.97 Safari/537.36" "pattifamily.net"
52.10.121.64 - - [14/Sep/2022:05:28:16 -0700] "GET / HTTP/1.1" 200 2014 "-" "Mozilla/5.0 (X11; Linux x86_64) AppleWebKit/537.36 (KHTML, like Gecko) Chrome/83.0.4103.97 Safari/537.36" "pattifamily.net"
34.217.108.46 - - [14/Sep/2022:05:28:38 -0700] "GET /favicon.ico HTTP/1.1" 404 88 "-" "Mozilla/5.0 (X11; Linux x86_64) AppleWebKit/537.36 (KHTML, like Gecko) Chrome/83.0.4103.97 Safari/537.36" "pattifamily.net"
34.217.108.46 - - [14/Sep/2022:05:28:40 -0700] "GET / HTTP/1.1" 200 2014 "-" "Mozilla/5.0 (X11; Linux x86_64) AppleWebKit/537.36 (KHTML, like Gecko) Chrome/83.0.4103.97 Safari/537.36" "pattifamily.net"
87.250.224.80 - - [14/Sep/2022:05:29:55 -0700] "GET /1990/ HTTP/1.1" 200 371 "-" "Mozilla/5.0 (compatible; YandexBot/3.0; +http://yandex.com/bots)" "pattifamily.net"
114.119.154.115 - - [14/Sep/2022:05:30:13 -0700] "GET /1970/?C=S%3BO%3DA HTTP/1.1" 200 349 "https://pattifamily.net/1970/?C=D%3BO%3DA" "Mozilla/5.0 (Linux; Android 7.0;) AppleWebKit/537.36 (KHTML, like Gecko) Mobile Safari/537.36 (compatible; PetalBot;+https://webmaster.petalsearch.com/site/petalbot)" "pattifamily.net"
5.255.253.111 - - [14/Sep/2022:05:33:16 -0700] "GET /pictures/2006_06_17/ HTTP/1.1" 200 403 "-" "Mozilla/5.0 (compatible; YandexBot/3.0; +http://yandex.com/bots)" "pattifamily.net"
114.119.154.135 - - [14/Sep/2022:05:36:01 -0700] "GET /2000/Patti/?C=N%3BO%3DD HTTP/1.1" 200 1546 "http://www.pattifamily.net/2000/Patti/?C=M%3BO%3DA" "Mozilla/5.0 (Linux; Android 7.0;) AppleWebKit/537.36 (KHTML, like Gecko) Mobile Safari/537.36 (compatible; PetalBot;+https://webmaster.petalsearch.com/site/petalbot)" "www.pattifamily.net"
95.108.213.64 - - [14/Sep/2022:05:36:18 -0700] "GET /pictures/2004_11_25/ HTTP/1.1" 200 415 "-" "Mozilla/5.0 (compatible; YandexBot/3.0; +http://yandex.com/bots)" "pattifamily.net"
95.108.213.64 - - [14/Sep/2022:05:41:06 -0700] "GET /robots.txt HTTP/1.1" 404 73 "-" "Mozilla/5.0 (compatible; YandexBot/3.0; +http://yandex.com/bots)" "pattifamily.net"
95.108.213.64 - - [14/Sep/2022:05:41:10 -0700] "GET /1970/ HTTP/1.1" 200 349 "-" "Mozilla/5.0 (compatible; YandexBot/3.0; +http://yandex.com/bots)" "pattifamily.net"
114.119.154.135 - - [14/Sep/2022:05:41:49 -0700] "GET /1970/Patti/?C=M%3BO%3DA HTTP/1.1" 200 805 "http://www.pattifamily.net/1970/Patti/?C=D%3BO%3DA" "Mozilla/5.0 (Linux; Android 7.0;) AppleWebKit/537.36 (KHTML, like Gecko) Mobile Safari/537.36 (compatible; PetalBot;+https://webmaster.petalsearch.com/site/petalbot)" "www.pattifamily.net"
51.222.253.9 - - [14/Sep/2022:05:42:10 -0700] "GET /1993/ HTTP/1.1" 200 374 "-" "Mozilla/5.0 (compatible; AhrefsBot/7.0; +http://ahrefs.com/robot/)" "pattifamily.net"
5.255.231.117 - - [14/Sep/2022:05:46:02 -0700] "GET /pictures/2009_04_11/ HTTP/1.1" 200 403 "-" "Mozilla/5.0 (compatible; YandexBot/3.0; +http://yandex.com/bots)" "pattifamily.net"
114.119.154.155 - - [14/Sep/2022:05:47:35 -0700] "GET /1989/Patti/?C=N%3BO%3DD HTTP/1.1" 200 2056 "https://pattifamily.net/1989/Patti/?C=D%3BO%3DA" "Mozilla/5.0 (Linux; Android 7.0;) AppleWebKit/537.36 (KHTML, like Gecko) Mobile Safari/537.36 (compatible; PetalBot;+https://webmaster.petalsearch.com/site/petalbot)" "pattifamily.net"
5.255.253.146 - - [14/Sep/2022:05:50:52 -0700] "GET /lubold2000.html HTTP/1.1" 200 1086 "-" "Mozilla/5.0 (compatible; YandexBot/3.0; +http://yandex.com/bots)" "pattifamily.net"
114.119.154.115 - - [14/Sep/2022:05:53:18 -0700] "GET /1991/Patti/?C=N%3BO%3DD HTTP/1.1" 200 916 "https://pattifamily.net/1991/Patti/?C=D%3BO%3DA" "Mozilla/5.0 (Linux; Android 7.0;) AppleWebKit/537.36 (KHTML, like Gecko) Mobile Safari/537.36 (compatible; PetalBot;+https://webmaster.petalsearch.com/site/petalbot)" "pattifamily.net"
114.119.154.161 - - [14/Sep/2022:05:59:14 -0700] "GET /1999/Patti/?C=D%3BO%3DA HTTP/1.1" 200 1958 "http://www.pattifamily.net/1999/Patti/" "Mozilla/5.0 (Linux; Android 7.0;) AppleWebKit/537.36 (KHTML, like Gecko) Mobile Safari/537.36 (compatible; PetalBot;+https://webmaster.petalsearch.com/site/petalbot)" "www.pattifamily.net"
114.119.154.135 - - [14/Sep/2022:06:04:53 -0700] "GET /1990/Lubold/?C=D%3BO%3DA HTTP/1.1" 200 1627 "https://pattifamily.net/1990/Lubold/?C=N%3BO%3DD" "Mozilla/5.0 (Linux; Android 7.0;) AppleWebKit/537.36 (KHTML, like Gecko) Mobile Safari/537.36 (compatible; PetalBot;+https://webmaster.petalsearch.com/site/petalbot)" "pattifamily.net"
5.45.207.150 - - [14/Sep/2022:06:09:39 -0700] "GET /1982/Lubold/002_426x640.jpg HTTP/1.1" 200 52511 "-" "Mozilla/5.0 (compatible; YandexImages/3.0; +http://yandex.com/bots)" "pattifamily.net"
114.119.154.124 - - [14/Sep/2022:06:10:46 -0700] "GET /1997/?C=N%3BO%3DD HTTP/1.1" 200 375 "http://www.pattifamily.net/1997/?C=D%3BO%3DA" "Mozilla/5.0 (Linux; Android 7.0;) AppleWebKit/537.36 (KHTML, like Gecko) Mobile Safari/537.36 (compatible; PetalBot;+https://webmaster.petalsearch.com/site/petalbot)" "www.pattifamily.net"
114.119.154.14 - - [14/Sep/2022:06:16:20 -0700] "GET /1996/Lubold/?C=S%3BO%3DA HTTP/1.1" 200 942 "https://pattifamily.net/1996/Lubold/?C=D%3BO%3DA" "Mozilla/5.0 (Linux; Android 7.0;) AppleWebKit/537.36 (KHTML, like Gecko) Mobile Safari/537.36 (compatible; PetalBot;+https://webmaster.petalsearch.com/site/petalbot)" "pattifamily.net"
114.119.154.135 - - [14/Sep/2022:06:21:52 -0700] "GET /1997/?C=D%3BO%3DA HTTP/1.1" 200 375 "https://pattifamily.net/1997/" "Mozilla/5.0 (Linux; Android 7.0;) AppleWebKit/537.36 (KHTML, like Gecko) Mobile Safari/537.36 (compatible; PetalBot;+https://webmaster.petalsearch.com/site/petalbot)" "pattifamily.net"
5.255.253.143 - - [14/Sep/2022:06:27:20 -0700] "GET /pictures/2005_03_24/ HTTP/1.1" 200 423 "-" "Mozilla/5.0 (compatible; YandexBot/3.0; +http://yandex.com/bots)" "pattifamily.net"
114.119.154.155 - - [14/Sep/2022:06:27:32 -0700] "GET /1999/?C=M%3BO%3DA HTTP/1.1" 200 375 "http://www.pattifamily.net/1999/?C=S%3BO%3DA" "Mozilla/5.0 (Linux; Android 7.0;) AppleWebKit/537.36 (KHTML, like Gecko) Mobile Safari/537.36 (compatible; PetalBot;+https://webmaster.petalsearch.com/site/petalbot)" "www.pattifamily.net"
114.119.154.14 - - [14/Sep/2022:06:33:27 -0700] "GET /patti2000s.html HTTP/1.1" 200 5492 "https://pattifamily.net?C=N%3BO%3DD" "Mozilla/5.0 (Linux; Android 7.0;) AppleWebKit/537.36 (KHTML, like Gecko) Mobile Safari/537.36 (compatible; PetalBot;+https://webmaster.petalsearch.com/site/petalbot)" "pattifamily.net"
95.108.213.64 - - [14/Sep/2022:06:37:49 -0700] "GET /pictures/2006_12_27/ HTTP/1.1" 200 386 "-" "Mozilla/5.0 (compatible; YandexBot/3.0; +http://yandex.com/bots)" "pattifamily.net"
114.119.154.161 - - [14/Sep/2022:06:39:30 -0700] "GET /lubold80s.html HTTP/1.1" 200 8226 "http://www.pattifamily.net?C=S%3BO%3DA" "Mozilla/5.0 (Linux; Android 7.0;) AppleWebKit/537.36 (KHTML, like Gecko) Mobile Safari/537.36 (compatible; PetalBot;+https://webmaster.petalsearch.com/site/petalbot)" "www.pattifamily.net"
5.45.207.101 - - [14/Sep/2022:06:42:24 -0700] "GET /robots.txt HTTP/1.1" 404 73 "-" "Mozilla/5.0 (compatible; YandexBot/3.0; +http://yandex.com/bots)" "pattifamily.net"
5.45.207.150 - - [14/Sep/2022:06:42:28 -0700] "GET /1985/ HTTP/1.1" 200 352 "-" "Mozilla/5.0 (compatible; YandexBot/3.0; +http://yandex.com/bots)" "pattifamily.net"
114.119.154.14 - - [14/Sep/2022:06:45:37 -0700] "GET /murray/slides/unknown/?C=N%3BO%3DD HTTP/1.1" 200 1676 "http://www.pattifamily.net/murray/slides/unknown/" "Mozilla/5.0 (Linux; Android 7.0;) AppleWebKit/537.36 (KHTML, like Gecko) Mobile Safari/537.36 (compatible; PetalBot;+https://webmaster.petalsearch.com/site/petalbot)" "www.pattifamily.net"
114.119.154.14 - - [14/Sep/2022:06:51:36 -0700] "GET /1994/Patti/?C=N%3BO%3DD HTTP/1.1" 200 925 "http://www.pattifamily.net/1994/Patti/?C=M%3BO%3DA" "Mozilla/5.0 (Linux; Android 7.0;) AppleWebKit/537.36 (KHTML, like Gecko) Mobile Safari/537.36 (compatible; PetalBot;+https://webmaster.petalsearch.com/site/petalbot)" "www.pattifamily.net"
114.119.154.161 - - [14/Sep/2022:06:57:25 -0700] "GET /1987/Patti/ HTTP/1.1" 200 1231 "http://www.pattifamily.net/1987/?C=D%3BO%3DA" "Mozilla/5.0 (Linux; Android 7.0;) AppleWebKit/537.36 (KHTML, like Gecko) Mobile Safari/537.36 (compatible; PetalBot;+https://webmaster.petalsearch.com/site/petalbot)" "www.pattifamily.net"
114.119.154.14 - - [14/Sep/2022:07:03:21 -0700] "GET /1997/Patti/?C=M%3BO%3DA HTTP/1.1" 200 2317 "https://pattifamily.net/1997/Patti/" "Mozilla/5.0 (Linux; Android 7.0;) AppleWebKit/537.36 (KHTML, like Gecko) Mobile Safari/537.36 (compatible; PetalBot;+https://webmaster.petalsearch.com/site/petalbot)" "pattifamily.net"
114.119.154.161 - - [14/Sep/2022:07:09:18 -0700] "GET /1993/Patti/?C=S%3BO%3DA HTTP/1.1" 200 498 "https://pattifamily.net/1993/Patti/?C=D%3BO%3DA" "Mozilla/5.0 (Linux; Android 7.0;) AppleWebKit/537.36 (KHTML, like Gecko) Mobile Safari/537.36 (compatible; PetalBot;+https://webmaster.petalsearch.com/site/petalbot)" "pattifamily.net"
114.119.154.155 - - [14/Sep/2022:07:15:01 -0700] "GET /1981/?C=N%3BO%3DD HTTP/1.1" 200 352 "https://pattifamily.net/1981/?C=D%3BO%3DA" "Mozilla/5.0 (Linux; Android 7.0;) AppleWebKit/537.36 (KHTML, like Gecko) Mobile Safari/537.36 (compatible; PetalBot;+https://webmaster.petalsearch.com/site/petalbot)" "pattifamily.net"
114.119.154.155 - - [14/Sep/2022:07:21:06 -0700] "GET /1977/Lubold/?C=S%3BO%3DA HTTP/1.1" 200 1625 "https://pattifamily.net/1977/Lubold/?C=N%3BO%3DD" "Mozilla/5.0 (Linux; Android 7.0;) AppleWebKit/537.36 (KHTML, like Gecko) Mobile Safari/537.36 (compatible; PetalBot;+https://webmaster.petalsearch.com/site/petalbot)" "pattifamily.net"
114.119.154.124 - - [14/Sep/2022:07:26:56 -0700] "GET /1979/Patti/?C=M%3BO%3DA HTTP/1.1" 200 1904 "https://pattifamily.net/1979/Patti/?C=S%3BO%3DA" "Mozilla/5.0 (Linux; Android 7.0;) AppleWebKit/537.36 (KHTML, like Gecko) Mobile Safari/537.36 (compatible; PetalBot;+https://webmaster.petalsearch.com/site/petalbot)" "pattifamily.net"
5.45.207.150 - - [14/Sep/2022:07:30:34 -0700] "GET /pictures/2008_02_11/ HTTP/1.1" 200 421 "-" "Mozilla/5.0 (compatible; YandexBot/3.0; +http://yandex.com/bots)" "pattifamily.net"
5.255.231.117 - - [14/Sep/2022:07:32:24 -0700] "GET /1982/Lubold/017_79x120.jpg HTTP/1.1" 200 3935 "-" "Mozilla/5.0 (compatible; YandexImages/3.0; +http://yandex.com/bots)" "pattifamily.net"
114.119.154.135 - - [14/Sep/2022:07:32:53 -0700] "GET /pattiunknown1.html HTTP/1.1" 200 2016 "https://pattifamily.net?C=N%3BO%3DD" "Mozilla/5.0 (Linux; Android 7.0;) AppleWebKit/537.36 (KHTML, like Gecko) Mobile Safari/537.36 (compatible; PetalBot;+https://webmaster.petalsearch.com/site/petalbot)" "pattifamily.net"
5.45.207.101 - - [14/Sep/2022:07:35:19 -0700] "GET /pictures/2008_01_07/ HTTP/1.1" 200 385 "-" "Mozilla/5.0 (compatible; YandexBot/3.0; +http://yandex.com/bots)" "pattifamily.net"
114.119.154.161 - - [14/Sep/2022:07:38:50 -0700] "GET /1987/?C=S%3BO%3DA HTTP/1.1" 200 378 "http://www.pattifamily.net/1987/?C=D%3BO%3DA" "Mozilla/5.0 (Linux; Android 7.0;) AppleWebKit/537.36 (KHTML, like Gecko) Mobile Safari/537.36 (compatible; PetalBot;+https://webmaster.petalsearch.com/site/petalbot)" "www.pattifamily.net"
95.108.213.64 - - [14/Sep/2022:07:42:50 -0700] "GET /robots.txt HTTP/1.1" 404 73 "-" "Mozilla/5.0 (compatible; YandexBot/3.0; +http://yandex.com/bots)" "pattifamily.net"
87.250.224.74 - - [14/Sep/2022:07:42:54 -0700] "GET /luboldunknown2.html HTTP/1.1" 200 1221 "-" "Mozilla/5.0 (compatible; YandexBot/3.0; +http://yandex.com/bots)" "pattifamily.net"
114.119.154.14 - - [14/Sep/2022:07:44:48 -0700] "GET /1970/Patti/?C=D%3BO%3DA HTTP/1.1" 200 805 "https://pattifamily.net/1970/Patti/?C=M%3BO%3DA" "Mozilla/5.0 (Linux; Android 7.0;) AppleWebKit/537.36 (KHTML, like Gecko) Mobile Safari/537.36 (compatible; PetalBot;+https://webmaster.petalsearch.com/site/petalbot)" "pattifamily.net"
114.119.154.13 - - [14/Sep/2022:07:50:46 -0700] "GET /1976/?C=M%3BO%3DA HTTP/1.1" 200 378 "https://pattifamily.net/1976/?C=D%3BO%3DA" "Mozilla/5.0 (Linux; Android 7.0;) AppleWebKit/537.36 (KHTML, like Gecko) Mobile Safari/537.36 (compatible; PetalBot;+https://webmaster.petalsearch.com/site/petalbot)" "pattifamily.net"
5.255.231.120 - - [14/Sep/2022:07:54:13 -0700] "GET /pictures/2009_04_04/ HTTP/1.1" 200 384 "-" "Mozilla/5.0 (compatible; YandexBot/3.0; +http://yandex.com/bots)" "pattifamily.net"
114.119.154.155 - - [14/Sep/2022:07:56:30 -0700] "GET /1981/ HTTP/1.1" 200 352 "https://pattifamily.net?C=N%3BO%3DD" "Mozilla/5.0 (Linux; Android 7.0;) AppleWebKit/537.36 (KHTML, like Gecko) Mobile Safari/537.36 (compatible; PetalBot;+https://webmaster.petalsearch.com/site/petalbot)" "pattifamily.net"
114.119.154.124 - - [14/Sep/2022:08:02:21 -0700] "GET /1989/?C=N%3BO%3DD HTTP/1.1" 200 378 "https://pattifamily.net/1989/" "Mozilla/5.0 (Linux; Android 7.0;) AppleWebKit/537.36 (KHTML, like Gecko) Mobile Safari/537.36 (compatible; PetalBot;+https://webmaster.petalsearch.com/site/petalbot)" "pattifamily.net"
114.119.154.115 - - [14/Sep/2022:08:08:23 -0700] "GET /2000/Wedding/?C=S%3BO%3DA HTTP/1.1" 200 4630 "http://pattifamily.net/2000/Wedding/" "Mozilla/5.0 (Linux; Android 7.0;) AppleWebKit/537.36 (KHTML, like Gecko) Mobile Safari/537.36 (compatible; PetalBot;+https://webmaster.petalsearch.com/site/petalbot)" "pattifamily.net"
5.45.207.150 - - [14/Sep/2022:08:10:18 -0700] "GET /robots.txt HTTP/1.1" 404 73 "-" "Mozilla/5.0 (compatible; YandexBot/3.0; +http://yandex.com/bots)" "pattifamily.net"
