114.119.154.115 - - [14/Sep/2022:11:47:34 -0700] "GET /unknown/?C=M%3BO%3DA HTTP/1.1" 200 381 "http://www.pattifamily.net/unknown/?C=S%3BO%3DA" "Mozilla/5.0 (Linux; Android 7.0;) AppleWebKit/537.36 (KHTML, like Gecko) Mobile Safari/537.36 (compatible; PetalBot;+https://webmaster.petalsearch.com/site/petalbot)" "www.pattifamily.net"
5.45.207.150 - - [14/Sep/2022:11:48:53 -0700] "GET /pictures/2005_04_12/ HTTP/1.1" 200 433 "-" "Mozilla/5.0 (compatible; YandexBot/3.0; +http://yandex.com/bots)" "pattifamily.net"
51.222.253.18 - - [14/Sep/2022:11:51:36 -0700] "GET /pictures/2005_02_23/?C=N;O=A HTTP/1.1" 200 435 "-" "Mozilla/5.0 (compatible; AhrefsBot/7.0; +http://ahrefs.com/robot/)" "pattifamily.net"
114.119.154.13 - - [14/Sep/2022:11:53:37 -0700] "GET /1996/Lubold/ HTTP/1.1" 200 942 "https://pattifamily.net/1996/" "Mozilla/5.0 (Linux; Android 7.0;) AppleWebKit/537.36 (KHTML, like Gecko) Mobile Safari/537.36 (compatible; PetalBot;+https://webmaster.petalsearch.com/site/petalbot)" "pattifamily.net"
51.222.253.13 - - [14/Sep/2022:11:57:06 -0700] "GET /pictures/2006_01_07/?C=S;O=A HTTP/1.1" 200 389 "-" "Mozilla/5.0 (compatible; AhrefsBot/7.0; +http://ahrefs.com/robot/)" "www.pattifamily.net"
87.250.224.80 - - [14/Sep/2022:11:58:11 -0700] "GET /pictures/2005_02_11/?C=N;O=D HTTP/1.1" 200 617 "-" "Mozilla/5.0 (compatible; YandexBot/3.0; +http://yandex.com/bots)" "pattifamily.net"
114.119.154.161 - - [14/Sep/2022:11:59:11 -0700] "GET /murray/slides/unknown/?C=S%3BO%3DA HTTP/1.1" 200 1676 "https://pattifamily.net/murray/slides/unknown/?C=M%3BO%3DA" "Mozilla/5.0 (Linux; Android 7.0;) AppleWebKit/537.36 (KHTML, like Gecko) Mobile Safari/537.36 (compatible; PetalBot;+https://webmaster.petalsearch.com/site/petalbot)" "pattifamily.net"
51.222.253.5 - - [14/Sep/2022:12:02:59 -0700] "GET /pictures/2005_10_31/?C=S;O=D HTTP/1.1" 200 832 "-" "Mozilla/5.0 (compatible; AhrefsBot/7.0; +http://ahrefs.com/robot/)" "www.pattifamily.net"
114.119.154.14 - - [14/Sep/2022:12:04:55 -0700] "GET /1992/Lubold/?C=N%3BO%3DD HTTP/1.1" 200 3934 "https://pattifamily.net/1992/Lubold/?C=D%3BO%3DA" "Mozilla/5.0 (Linux; Android 7.0;) AppleWebKit/537.36 (KHTML, like Gecko) Mobile Safari/537.36 (compatible; PetalBot;+https://webmaster.petalsearch.com/site/petalbot)" "pattifamily.net"
51.222.253.17 - - [14/Sep/2022:12:08:33 -0700] "GET /pictures/2005_05_01/?C=D;O=A HTTP/1.1" 200 453 "-" "Mozilla/5.0 (compatible; AhrefsBot/7.0; +http://ahrefs.com/robot/)" "pattifamily.net"
114.119.154.135 - - [14/Sep/2022:12:10:49 -0700] "GET /2002/?C=D%3BO%3DA HTTP/1.1" 200 350 "http://www.pattifamily.net/2002/?C=M%3BO%3DA" "Mozilla/5.0 (Linux; Android 7.0;) AppleWebKit/537.36 (KHTML, like Gecko) Mobile Safari/537.36 (compatible; PetalBot;+https://webmaster.petalsearch.com/site/petalbot)" "www.pattifamily.net"
51.222.253.4 - - [14/Sep/2022:12:14:27 -0700] "GET /pictures/2005_03_30/?C=N;O=D HTTP/1.1" 200 443 "-" "Mozilla/5.0 (compatible; AhrefsBot/7.0; +http://ahrefs.com/robot/)" "pattifamily.net"
114.119.154.14 - - [14/Sep/2022:12:16:30 -0700] "GET /1981/Lubold/?C=N%3BO%3DD HTTP/1.1" 200 6238 "https://pattifamily.net/1981/Lubold/?C=M%3BO%3DA" "Mozilla/5.0 (Linux; Android 7.0;) AppleWebKit/537.36 (KHTML, like Gecko) Mobile Safari/537.36 (compatible; PetalBot;+https://webmaster.petalsearch.com/site/petalbot)" "pattifamily.net"
51.222.253.11 - - [14/Sep/2022:12:19:48 -0700] "GET /pictures/2005_11_19/?C=S;O=D HTTP/1.1" 200 403 "-" "Mozilla/5.0 (compatible; AhrefsBot/7.0; +http://ahrefs.com/robot/)" "www.pattifamily.net"
114.119.154.161 - - [14/Sep/2022:12:22:19 -0700] "GET /luboldxmas.html HTTP/1.1" 200 1654 "https://pattifamily.net?C=N%3BO%3DD" "Mozilla/5.0 (Linux; Android 7.0;) AppleWebKit/537.36 (KHTML, like Gecko) Mobile Safari/537.36 (compatible; PetalBot;+https://webmaster.petalsearch.com/site/petalbot)" "pattifamily.net"
51.222.253.17 - - [14/Sep/2022:12:23:33 -0700] "GET /pictures/2005_05_01/?C=M;O=A HTTP/1.1" 200 453 "-" "Mozilla/5.0 (compatible; AhrefsBot/7.0; +http://ahrefs.com/robot/)" "pattifamily.net"
51.222.253.8 - - [14/Sep/2022:12:26:49 -0700] "GET /pictures/2005_05_01/?C=S;O=A HTTP/1.1" 200 452 "-" "Mozilla/5.0 (compatible; AhrefsBot/7.0; +http://ahrefs.com/robot/)" "pattifamily.net"
114.119.154.124 - - [14/Sep/2022:12:28:02 -0700] "GET /1973/Patti/?C=N%3BO%3DD HTTP/1.1" 200 3560 "https://pattifamily.net/1973/Patti/" "Mozilla/5.0 (Linux; Android 7.0;) AppleWebKit/537.36 (KHTML, like Gecko) Mobile Safari/537.36 (compatible; PetalBot;+https://webmaster.petalsearch.com/site/petalbot)" "pattifamily.net"
51.222.253.9 - - [14/Sep/2022:12:30:11 -0700] "GET /pictures/2006_02_26/?C=M;O=A HTTP/1.1" 200 412 "-" "Mozilla/5.0 (compatible; AhrefsBot/7.0; +http://ahrefs.com/robot/)" "pattifamily.net"
95.108.213.64 - - [14/Sep/2022:12:30:20 -0700] "GET /robots.txt HTTP/1.1" 404 73 "-" "Mozilla/5.0 (compatible; YandexBot/3.0; +http://yandex.com/bots)" "pattifamily.net"
5.45.207.101 - - [14/Sep/2022:12:30:24 -0700] "GET /pictures/2005_06_08/ HTTP/1.1" 200 488 "-" "Mozilla/5.0 (compatible; YandexBot/3.0; +http://yandex.com/bots)" "pattifamily.net"
114.119.154.135 - - [14/Sep/2022:12:33:49 -0700] "GET /luboldunknown1.html HTTP/1.1" 200 1785 "http://www.pattifamily.net?C=S%3BO%3DA" "Mozilla/5.0 (Linux; Android 7.0;) AppleWebKit/537.36 (KHTML, like Gecko) Mobile Safari/537.36 (compatible; PetalBot;+https://webmaster.petalsearch.com/site/petalbot)" "www.pattifamily.net"
51.222.253.20 - - [14/Sep/2022:12:33:50 -0700] "GET /pictures/2005_09_12/?C=N;O=A HTTP/1.1" 200 464 "-" "Mozilla/5.0 (compatible; AhrefsBot/7.0; +http://ahrefs.com/robot/)" "pattifamily.net"
5.255.253.143 - - [14/Sep/2022:12:37:19 -0700] "GET /1975/ HTTP/1.1" 200 352 "-" "Mozilla/5.0 (compatible; YandexBot/3.0; +http://yandex.com/bots)" "pattifamily.net"
5.45.207.101 - - [14/Sep/2022:12:41:15 -0700] "GET /pictures/2005_11_11/ HTTP/1.1" 200 433 "-" "Mozilla/5.0 (compatible; YandexBot/3.0; +http://yandex.com/bots)" "pattifamily.net"
51.222.253.18 - - [14/Sep/2022:12:41:16 -0700] "GET /pictures/2006_02_26/?C=S;O=A HTTP/1.1" 200 412 "-" "Mozilla/5.0 (compatible; AhrefsBot/7.0; +http://ahrefs.com/robot/)" "pattifamily.net"
51.222.253.9 - - [14/Sep/2022:12:44:31 -0700] "GET /1982/?C=N;O=A HTTP/1.1" 200 352 "-" "Mozilla/5.0 (compatible; AhrefsBot/7.0; +http://ahrefs.com/robot/)" "pattifamily.net"
114.119.154.13 - - [14/Sep/2022:12:45:21 -0700] "GET /1983/Lubold/?C=S%3BO%3DA HTTP/1.1" 200 2279 "http://pattifamily.net/1983/Lubold/?C=N%3BO%3DD" "Mozilla/5.0 (Linux; Android 7.0;) AppleWebKit/537.36 (KHTML, like Gecko) Mobile Safari/537.36 (compatible; PetalBot;+https://webmaster.petalsearch.com/site/petalbot)" "pattifamily.net"
51.222.253.19 - - [14/Sep/2022:12:48:08 -0700] "GET /pictures/2006_02_26/?C=D;O=A HTTP/1.1" 200 412 "-" "Mozilla/5.0 (compatible; AhrefsBot/7.0; +http://ahrefs.com/robot/)" "pattifamily.net"
114.119.154.13 - - [14/Sep/2022:12:51:11 -0700] "GET /1993/Patti/March81993/?C=N%3BO%3DD HTTP/1.1" 200 627 "http://www.pattifamily.net/1993/Patti/March81993/?C=S%3BO%3DA" "Mozilla/5.0 (Linux; Android 7.0;) AppleWebKit/537.36 (KHTML, like Gecko) Mobile Safari/537.36 (compatible; PetalBot;+https://webmaster.petalsearch.com/site/petalbot)" "www.pattifamily.net"
51.222.253.18 - - [14/Sep/2022:12:52:25 -0700] "GET /1970/Patti/?C=N;O=D HTTP/1.1" 200 801 "-" "Mozilla/5.0 (compatible; AhrefsBot/7.0; +http://ahrefs.com/robot/)" "pattifamily.net"
95.108.213.24 - - [14/Sep/2022:12:54:41 -0700] "GET /pictures/2005_09_09/?C=S;O=A HTTP/1.1" 200 414 "-" "Mozilla/5.0 (compatible; YandexBot/3.0; +http://yandex.com/bots)" "pattifamily.net"
51.222.253.8 - - [14/Sep/2022:12:56:34 -0700] "GET /pictures/2005_04_17/?C=D;O=A HTTP/1.1" 200 583 "-" "Mozilla/5.0 (compatible; AhrefsBot/7.0; +http://ahrefs.com/robot/)" "pattifamily.net"
114.119.154.14 - - [14/Sep/2022:12:56:53 -0700] "GET /1976/?C=S%3BO%3DA HTTP/1.1" 200 378 "http://www.pattifamily.net/1976/?C=D%3BO%3DA" "Mozilla/5.0 (Linux; Android 7.0;) AppleWebKit/537.36 (KHTML, like Gecko) Mobile Safari/537.36 (compatible; PetalBot;+https://webmaster.petalsearch.com/site/petalbot)" "www.pattifamily.net"
51.222.253.14 - - [14/Sep/2022:13:00:44 -0700] "GET /pictures/2005_04_17/?C=M;O=A HTTP/1.1" 200 583 "-" "Mozilla/5.0 (compatible; AhrefsBot/7.0; +http://ahrefs.com/robot/)" "pattifamily.net"
114.119.154.14 - - [14/Sep/2022:13:02:41 -0700] "GET /1994/Lubold/ HTTP/1.1" 200 4180 "http://www.pattifamily.net/1994/?C=M%3BO%3DA" "Mozilla/5.0 (Linux; Android 7.0;) AppleWebKit/537.36 (KHTML, like Gecko) Mobile Safari/537.36 (compatible; PetalBot;+https://webmaster.petalsearch.com/site/petalbot)" "www.pattifamily.net"
51.222.253.16 - - [14/Sep/2022:13:04:42 -0700] "GET /pictures/2005_10_26/?C=N;O=D HTTP/1.1" 200 407 "-" "Mozilla/5.0 (compatible; AhrefsBot/7.0; +http://ahrefs.com/robot/)" "pattifamily.net"
51.222.253.9 - - [14/Sep/2022:13:08:21 -0700] "GET /pictures/2005_10_12/?C=N;O=D HTTP/1.1" 200 444 "-" "Mozilla/5.0 (compatible; AhrefsBot/7.0; +http://ahrefs.com/robot/)" "pattifamily.net"
114.119.154.135 - - [14/Sep/2022:13:08:41 -0700] "GET /1983/ HTTP/1.1" 200 353 "https://pattifamily.net?C=N%3BO%3DD" "Mozilla/5.0 (Linux; Android 7.0;) AppleWebKit/537.36 (KHTML, like Gecko) Mobile Safari/537.36 (compatible; PetalBot;+https://webmaster.petalsearch.com/site/petalbot)" "pattifamily.net"
51.222.253.15 - - [14/Sep/2022:13:11:45 -0700] "GET /pictures/2005_02_24/?C=S;O=A HTTP/1.1" 200 425 "-" "Mozilla/5.0 (compatible; AhrefsBot/7.0; +http://ahrefs.com/robot/)" "pattifamily.net"
114.119.154.124 - - [14/Sep/2022:13:14:34 -0700] "GET /familytree/?C=D%3BO%3DA HTTP/1.1" 200 2331 "https://pattifamily.net/familytree/?C=S%3BO%3DA" "Mozilla/5.0 (Linux; Android 7.0;) AppleWebKit/537.36 (KHTML, like Gecko) Mobile Safari/537.36 (compatible; PetalBot;+https://webmaster.petalsearch.com/site/petalbot)" "pattifamily.net"
51.222.253.3 - - [14/Sep/2022:13:15:02 -0700] "GET /pictures/2005_07_29/?C=S;O=A HTTP/1.1" 200 502 "-" "Mozilla/5.0 (compatible; AhrefsBot/7.0; +http://ahrefs.com/robot/)" "pattifamily.net"
51.222.253.10 - - [14/Sep/2022:13:18:26 -0700] "GET /pictures/2005_12_31/?C=S;O=D HTTP/1.1" 200 430 "-" "Mozilla/5.0 (compatible; AhrefsBot/7.0; +http://ahrefs.com/robot/)" "pattifamily.net"
114.119.154.13 - - [14/Sep/2022:13:19:52 -0700] "GET /1991/Patti/September231991/ HTTP/1.1" 200 1778 "http://www.pattifamily.net/1991/Patti/?C=N%3BO%3DD" "Mozilla/5.0 (Linux; Android 7.0;) AppleWebKit/537.36 (KHTML, like Gecko) Mobile Safari/537.36 (compatible; PetalBot;+https://webmaster.petalsearch.com/site/petalbot)" "www.pattifamily.net"
51.222.253.20 - - [14/Sep/2022:13:22:00 -0700] "GET /1994/Patti/?C=M;O=D HTTP/1.1" 200 907 "-" "Mozilla/5.0 (compatible; AhrefsBot/7.0; +http://ahrefs.com/robot/)" "pattifamily.net"
51.222.253.16 - - [14/Sep/2022:13:25:11 -0700] "GET /pictures/2006_01_28/?C=S;O=D HTTP/1.1" 200 509 "-" "Mozilla/5.0 (compatible; AhrefsBot/7.0; +http://ahrefs.com/robot/)" "pattifamily.net"
114.119.154.161 - - [14/Sep/2022:13:25:24 -0700] "GET /familytree/?C=N%3BO%3DD HTTP/1.1" 200 2331 "http://www.pattifamily.net/familytree/" "Mozilla/5.0 (Linux; Android 7.0;) AppleWebKit/537.36 (KHTML, like Gecko) Mobile Safari/537.36 (compatible; PetalBot;+https://webmaster.petalsearch.com/site/petalbot)" "www.pattifamily.net"
51.222.253.11 - - [14/Sep/2022:13:28:33 -0700] "GET /pictures/2005_04_17/?C=S;O=A HTTP/1.1" 200 585 "-" "Mozilla/5.0 (compatible; AhrefsBot/7.0; +http://ahrefs.com/robot/)" "pattifamily.net"
114.119.154.115 - - [14/Sep/2022:13:31:28 -0700] "GET /1999/Lubold/?C=S%3BO%3DA HTTP/1.1" 200 2341 "https://pattifamily.net/1999/Lubold/?C=M%3BO%3DA" "Mozilla/5.0 (Linux; Android 7.0;) AppleWebKit/537.36 (KHTML, like Gecko) Mobile Safari/537.36 (compatible; PetalBot;+https://webmaster.petalsearch.com/site/petalbot)" "pattifamily.net"
51.222.253.3 - - [14/Sep/2022:13:32:00 -0700] "GET /pictures/2005_09_10/?C=M;O=A HTTP/1.1" 200 403 "-" "Mozilla/5.0 (compatible; AhrefsBot/7.0; +http://ahrefs.com/robot/)" "pattifamily.net"
51.222.253.17 - - [14/Sep/2022:13:34:53 -0700] "GET /robots.txt HTTP/1.1" 404 88 "-" "Mozilla/5.0 (compatible; AhrefsBot/7.0; +http://ahrefs.com/robot/)" "pattifamily.net"
51.222.253.6 - - [14/Sep/2022:13:34:54 -0700] "GET /pictures/2005_10_22/?C=S;O=A HTTP/1.1" 200 1224 "-" "Mozilla/5.0 (compatible; AhrefsBot/7.0; +http://ahrefs.com/robot/)" "pattifamily.net"
95.108.213.64 - - [14/Sep/2022:13:36:37 -0700] "GET /robots.txt HTTP/1.1" 404 73 "-" "Mozilla/5.0 (compatible; YandexBot/3.0; +http://yandex.com/bots)" "pattifamily.net"
95.108.213.64 - - [14/Sep/2022:13:36:40 -0700] "GET /pictures/2006_01_23/ HTTP/1.1" 200 415 "-" "Mozilla/5.0 (compatible; YandexBot/3.0; +http://yandex.com/bots)" "pattifamily.net"
114.119.154.161 - - [14/Sep/2022:13:37:29 -0700] "GET /1986/Lubold/ HTTP/1.1" 200 818 "https://pattifamily.net/1986/?C=M%3BO%3DA" "Mozilla/5.0 (Linux; Android 7.0;) AppleWebKit/537.36 (KHTML, like Gecko) Mobile Safari/537.36 (compatible; PetalBot;+https://webmaster.petalsearch.com/site/petalbot)" "pattifamily.net"
51.222.253.18 - - [14/Sep/2022:13:38:46 -0700] "GET /pictures/2005_03_08/?C=N;O=D HTTP/1.1" 200 475 "-" "Mozilla/5.0 (compatible; AhrefsBot/7.0; +http://ahrefs.com/robot/)" "pattifamily.net"
51.222.253.10 - - [14/Sep/2022:13:43:10 -0700] "GET /pictures/2005_11_19/?C=S;O=A HTTP/1.1" 200 406 "-" "Mozilla/5.0 (compatible; AhrefsBot/7.0; +http://ahrefs.com/robot/)" "pattifamily.net"
114.119.154.14 - - [14/Sep/2022:13:43:16 -0700] "GET /1989/Lubold/?C=M%3BO%3DA HTTP/1.1" 200 2249 "http://www.pattifamily.net/1989/Lubold/?C=D%3BO%3DA" "Mozilla/5.0 (Linux; Android 7.0;) AppleWebKit/537.36 (KHTML, like Gecko) Mobile Safari/537.36 (compatible; PetalBot;+https://webmaster.petalsearch.com/site/petalbot)" "www.pattifamily.net"
51.222.253.2 - - [14/Sep/2022:13:47:42 -0700] "GET /pictures/2005_11_19/?C=D;O=A HTTP/1.1" 200 406 "-" "Mozilla/5.0 (compatible; AhrefsBot/7.0; +http://ahrefs.com/robot/)" "pattifamily.net"
114.119.154.155 - - [14/Sep/2022:13:49:00 -0700] "GET /bowling/videos/?C=M%3BO%3DA HTTP/1.1" 200 433 "https://pattifamily.net/bowling/videos/?C=N%3BO%3DD" "Mozilla/5.0 (Linux; Android 7.0;) AppleWebKit/537.36 (KHTML, like Gecko) Mobile Safari/537.36 (compatible; PetalBot;+https://webmaster.petalsearch.com/site/petalbot)" "pattifamily.net"
51.222.253.11 - - [14/Sep/2022:13:52:32 -0700] "GET /pictures/2005_01_06/?C=N;O=A HTTP/1.1" 200 405 "-" "Mozilla/5.0 (compatible; AhrefsBot/7.0; +http://ahrefs.com/robot/)" "pattifamily.net"
114.119.154.13 - - [14/Sep/2022:13:54:34 -0700] "GET /1994/Patti/January241994/?C=M%3BO%3DA HTTP/1.1" 200 1508 "http://www.pattifamily.net/1994/Patti/January241994/" "Mozilla/5.0 (Linux; Android 7.0;) AppleWebKit/537.36 (KHTML, like Gecko) Mobile Safari/537.36 (compatible; PetalBot;+https://webmaster.petalsearch.com/site/petalbot)" "www.pattifamily.net"
51.222.253.20 - - [14/Sep/2022:13:56:49 -0700] "GET /pictures/2004_12_29/?C=M;O=A HTTP/1.1" 200 539 "-" "Mozilla/5.0 (compatible; AhrefsBot/7.0; +http://ahrefs.com/robot/)" "pattifamily.net"
114.119.154.161 - - [14/Sep/2022:13:59:53 -0700] "GET /1979/?C=M%3BO%3DA HTTP/1.1" 200 378 "http://www.pattifamily.net/1979/?C=N%3BO%3DD" "Mozilla/5.0 (Linux; Android 7.0;) AppleWebKit/537.36 (KHTML, like Gecko) Mobile Safari/537.36 (compatible; PetalBot;+https://webmaster.petalsearch.com/site/petalbot)" "www.pattifamily.net"
51.222.253.2 - - [14/Sep/2022:14:00:59 -0700] "GET /pictures/2005_05_20/?C=N;O=A HTTP/1.1" 200 408 "-" "Mozilla/5.0 (compatible; AhrefsBot/7.0; +http://ahrefs.com/robot/)" "pattifamily.net"
114.119.154.124 - - [14/Sep/2022:14:05:13 -0700] "GET /pictures/2006_05_09/?C=S%3BO%3DA HTTP/1.1" 200 405 "https://pattifamily.net/pictures/2006_05_09/?C=M%3BO%3DA" "Mozilla/5.0 (Linux; Android 7.0;) AppleWebKit/537.36 (KHTML, like Gecko) Mobile Safari/537.36 (compatible; PetalBot;+https://webmaster.petalsearch.com/site/petalbot)" "pattifamily.net"
51.222.253.15 - - [14/Sep/2022:14:05:36 -0700] "GET /pictures/2005_11_06/?C=M;O=A HTTP/1.1" 200 541 "-" "Mozilla/5.0 (compatible; AhrefsBot/7.0; +http://ahrefs.com/robot/)" "pattifamily.net"
51.222.253.4 - - [14/Sep/2022:14:10:25 -0700] "GET /pictures/2005_08_08/?C=N;O=D HTTP/1.1" 200 456 "-" "Mozilla/5.0 (compatible; AhrefsBot/7.0; +http://ahrefs.com/robot/)" "pattifamily.net"
114.119.154.155 - - [14/Sep/2022:14:10:27 -0700] "GET /1995/Lubold/ HTTP/1.1" 200 1508 "http://www.pattifamily.net/1995/?C=S%3BO%3DA" "Mozilla/5.0 (Linux; Android 7.0;) AppleWebKit/537.36 (KHTML, like Gecko) Mobile Safari/537.36 (compatible; PetalBot;+https://webmaster.petalsearch.com/site/petalbot)" "www.pattifamily.net"
51.222.253.16 - - [14/Sep/2022:14:15:17 -0700] "GET /pictures/2005_09_14/?C=S;O=A HTTP/1.1" 200 416 "-" "Mozilla/5.0 (compatible; AhrefsBot/7.0; +http://ahrefs.com/robot/)" "pattifamily.net"
114.119.154.13 - - [14/Sep/2022:14:15:38 -0700] "GET /1992/ HTTP/1.1" 200 379 "http://www.pattifamily.net?C=S%3BO%3DA" "Mozilla/5.0 (Linux; Android 7.0;) AppleWebKit/537.36 (KHTML, like Gecko) Mobile Safari/537.36 (compatible; PetalBot;+https://webmaster.petalsearch.com/site/petalbot)" "www.pattifamily.net"
51.222.253.4 - - [14/Sep/2022:14:20:08 -0700] "GET /pictures/2005_01_09/?C=S;O=A HTTP/1.1" 200 456 "-" "Mozilla/5.0 (compatible; AhrefsBot/7.0; +http://ahrefs.com/robot/)" "pattifamily.net"
114.119.154.14 - - [14/Sep/2022:14:20:52 -0700] "GET /1992/Patti/May41992/?C=M%3BO%3DA HTTP/1.1" 200 1750 "https://pattifamily.net/1992/Patti/May41992/?C=S%3BO%3DA" "Mozilla/5.0 (Linux; Android 7.0;) AppleWebKit/537.36 (KHTML, like Gecko) Mobile Safari/537.36 (compatible; PetalBot;+https://webmaster.petalsearch.com/site/petalbot)" "pattifamily.net"
51.222.253.7 - - [14/Sep/2022:14:24:19 -0700] "GET /pictures/2005_01_18/?C=D;O=A HTTP/1.1" 200 404 "-" "Mozilla/5.0 (compatible; AhrefsBot/7.0; +http://ahrefs.com/robot/)" "pattifamily.net"
114.119.154.161 - - [14/Sep/2022:14:25:57 -0700] "GET /1999/Patti/?C=M%3BO%3DA HTTP/1.1" 200 1958 "https://pattifamily.net/1999/Patti/?C=S%3BO%3DA" "Mozilla/5.0 (Linux; Android 7.0;) AppleWebKit/537.36 (KHTML, like Gecko) Mobile Safari/537.36 (compatible; PetalBot;+https://webmaster.petalsearch.com/site/petalbot)" "pattifamily.net"
51.222.253.6 - - [14/Sep/2022:14:28:54 -0700] "GET /pictures/2005_08_02/?C=M;O=D HTTP/1.1" 200 431 "-" "Mozilla/5.0 (compatible; AhrefsBot/7.0; +http://ahrefs.com/robot/)" "pattifamily.net"
87.250.224.80 - - [14/Sep/2022:14:31:13 -0700] "GET /pictures/2005/January/ HTTP/1.1" 200 611 "-" "Mozilla/5.0 (compatible; YandexBot/3.0; +http://yandex.com/bots)" "pattifamily.net"
114.119.154.115 - - [14/Sep/2022:14:31:23 -0700] "GET /february2006.html HTTP/1.1" 200 758 "http://www.pattifamily.net?C=S%3BO%3DA" "Mozilla/5.0 (Linux; Android 7.0;) AppleWebKit/537.36 (KHTML, like Gecko) Mobile Safari/537.36 (compatible; PetalBot;+https://webmaster.petalsearch.com/site/petalbot)" "www.pattifamily.net"
51.222.253.18 - - [14/Sep/2022:14:33:37 -0700] "GET /pictures/2005_07_10/ HTTP/1.1" 200 530 "-" "Mozilla/5.0 (compatible; AhrefsBot/7.0; +http://ahrefs.com/robot/)" "pattifamily.net"
114.119.154.14 - - [14/Sep/2022:14:36:46 -0700] "GET /1993/ HTTP/1.1" 200 374 "http://www.pattifamily.net?C=S%3BO%3DA" "Mozilla/5.0 (Linux; Android 7.0;) AppleWebKit/537.36 (KHTML, like Gecko) Mobile Safari/537.36 (compatible; PetalBot;+https://webmaster.petalsearch.com/site/petalbot)" "www.pattifamily.net"
51.222.253.4 - - [14/Sep/2022:14:38:12 -0700] "GET /pictures/2005_09_10/?C=N;O=A HTTP/1.1" 200 403 "-" "Mozilla/5.0 (compatible; AhrefsBot/7.0; +http://ahrefs.com/robot/)" "pattifamily.net"
5.45.207.153 - - [14/Sep/2022:14:38:25 -0700] "GET /robots.txt HTTP/1.1" 404 73 "-" "Mozilla/5.0 (compatible; YandexBot/3.0; +http://yandex.com/bots)" "pattifamily.net"
95.108.213.64 - - [14/Sep/2022:14:38:29 -0700] "GET /pictures/2005_12_07/ HTTP/1.1" 200 399 "-" "Mozilla/5.0 (compatible; YandexBot/3.0; +http://yandex.com/bots)" "pattifamily.net"
114.119.154.13 - - [14/Sep/2022:14:42:07 -0700] "GET /1996/?C=N%3BO%3DD HTTP/1.1" 200 374 "https://pattifamily.net/1996/" "Mozilla/5.0 (Linux; Android 7.0;) AppleWebKit/537.36 (KHTML, like Gecko) Mobile Safari/537.36 (compatible; PetalBot;+https://webmaster.petalsearch.com/site/petalbot)" "pattifamily.net"
51.222.253.20 - - [14/Sep/2022:14:43:12 -0700] "GET /pictures/2005_08_25/?C=N;O=D HTTP/1.1" 200 401 "-" "Mozilla/5.0 (compatible; AhrefsBot/7.0; +http://ahrefs.com/robot/)" "pattifamily.net"
114.119.154.115 - - [14/Sep/2022:14:47:16 -0700] "GET /1988/Patti/?C=N%3BO%3DD HTTP/1.1" 200 6147 "https://pattifamily.net/1988/Patti/?C=S%3BO%3DA" "Mozilla/5.0 (Linux; Android 7.0;) AppleWebKit/537.36 (KHTML, like Gecko) Mobile Safari/537.36 (compatible; PetalBot;+https://webmaster.petalsearch.com/site/petalbot)" "pattifamily.net"
51.222.253.8 - - [14/Sep/2022:14:48:23 -0700] "GET /1972/Patti/?C=N;O=D HTTP/1.1" 200 801 "-" "Mozilla/5.0 (compatible; AhrefsBot/7.0; +http://ahrefs.com/robot/)" "pattifamily.net"
114.119.154.124 - - [14/Sep/2022:14:52:23 -0700] "GET /1996/Patti/January311996/ HTTP/1.1" 200 1388 "https://pattifamily.net/1996/Patti/?C=D%3BO%3DA" "Mozilla/5.0 (Linux; Android 7.0;) AppleWebKit/537.36 (KHTML, like Gecko) Mobile Safari/537.36 (compatible; PetalBot;+https://webmaster.petalsearch.com/site/petalbot)" "pattifamily.net"
51.222.253.20 - - [14/Sep/2022:14:53:18 -0700] "GET /pictures/2005_12_10/?C=N;O=A HTTP/1.1" 200 464 "-" "Mozilla/5.0 (compatible; AhrefsBot/7.0; +http://ahrefs.com/robot/)" "pattifamily.net"
114.119.154.13 - - [14/Sep/2022:14:57:30 -0700] "GET /1997/Lubold/?C=D%3BO%3DA HTTP/1.1" 200 457 "http://www.pattifamily.net/1997/Lubold/?C=N%3BO%3DD" "Mozilla/5.0 (Linux; Android 7.0;) AppleWebKit/537.36 (KHTML, like Gecko) Mobile Safari/537.36 (compatible; PetalBot;+https://webmaster.petalsearch.com/site/petalbot)" "www.pattifamily.net"
51.222.253.4 - - [14/Sep/2022:14:58:26 -0700] "GET / HTTP/1.1" 200 2014 "-" "Mozilla/5.0 (compatible; AhrefsBot/7.0; +http://ahrefs.com/robot/)" "pattifamily.net"
114.119.154.13 - - [14/Sep/2022:15:02:34 -0700] "GET /1977/?C=N%3BO%3DD HTTP/1.1" 200 378 "https://pattifamily.net/1977/?C=D%3BO%3DA" "Mozilla/5.0 (Linux; Android 7.0;) AppleWebKit/537.36 (KHTML, like Gecko) Mobile Safari/537.36 (compatible; PetalBot;+https://webmaster.petalsearch.com/site/petalbot)" "pattifamily.net"
51.222.253.17 - - [14/Sep/2022:15:02:53 -0700] "GET /pictures/2005_01_18/?C=M;O=A HTTP/1.1" 200 404 "-" "Mozilla/5.0 (compatible; AhrefsBot/7.0; +http://ahrefs.com/robot/)" "pattifamily.net"
51.222.253.9 - - [14/Sep/2022:15:06:59 -0700] "GET /pictures/2005_09_21/?C=M;O=D HTTP/1.1" 200 435 "-" "Mozilla/5.0 (compatible; AhrefsBot/7.0; +http://ahrefs.com/robot/)" "pattifamily.net"
114.119.154.13 - - [14/Sep/2022:15:07:35 -0700] "GET /june2005.htm HTTP/1.1" 200 810 "http://www.pattifamily.net?C=S%3BO%3DA" "Mozilla/5.0 (Linux; Android 7.0;) AppleWebKit/537.36 (KHTML, like Gecko) Mobile Safari/537.36 (compatible; PetalBot;+https://webmaster.petalsearch.com/site/petalbot)" "www.pattifamily.net"
51.222.253.4 - - [14/Sep/2022:15:11:05 -0700] "GET /1996/ HTTP/1.1" 200 374 "-" "Mozilla/5.0 (compatible; AhrefsBot/7.0; +http://ahrefs.com/robot/)" "pattifamily.net"
114.119.154.135 - - [14/Sep/2022:15:13:03 -0700] "GET /2004/Patti/?C=N%3BO%3DD HTTP/1.1" 200 389 "http://www.pattifamily.net/2004/Patti/?C=D%3BO%3DA" "Mozilla/5.0 (Linux; Android 7.0;) AppleWebKit/537.36 (KHTML, like Gecko) Mobile Safari/537.36 (compatible; PetalBot;+https://webmaster.petalsearch.com/site/petalbot)" "www.pattifamily.net"
51.222.253.10 - - [14/Sep/2022:15:15:45 -0700] "GET /1991/ HTTP/1.1" 200 377 "-" "Mozilla/5.0 (compatible; AhrefsBot/7.0; +http://ahrefs.com/robot/)" "pattifamily.net"
114.119.154.14 - - [14/Sep/2022:15:19:00 -0700] "GET /1991/Patti/September231991/ HTTP/1.1" 200 1778 "https://pattifamily.net/1991/Patti/?C=D%3BO%3DA" "Mozilla/5.0 (Linux; Android 7.0;) AppleWebKit/537.36 (KHTML, like Gecko) Mobile Safari/537.36 (compatible; PetalBot;+https://webmaster.petalsearch.com/site/petalbot)" "pattifamily.net"
51.222.253.20 - - [14/Sep/2022:15:20:03 -0700] "GET /pictures/2005_09_11/?C=N;O=D HTTP/1.1" 200 421 "-" "Mozilla/5.0 (compatible; AhrefsBot/7.0; +http://ahrefs.com/robot/)" "pattifamily.net"
51.222.253.3 - - [14/Sep/2022:15:24:05 -0700] "GET /pictures/2005_07_12/?C=S;O=D HTTP/1.1" 200 458 "-" "Mozilla/5.0 (compatible; AhrefsBot/7.0; +http://ahrefs.com/robot/)" "pattifamily.net"
66.249.69.230 - - [14/Sep/2022:15:24:19 -0700] "GET /robots.txt HTTP/1.1" 404 88 "-" "Mozilla/5.0 (compatible; Googlebot/2.1; +http://www.google.com/bot.html)" "www.pattifamily.net"
114.119.154.161 - - [14/Sep/2022:15:24:43 -0700] "GET /?C=M%3BO%3DA HTTP/1.1" 200 2014 "https://pattifamily.net?C=N%3BO%3DD" "Mozilla/5.0 (Linux; Android 7.0;) AppleWebKit/537.36 (KHTML, like Gecko) Mobile Safari/537.36 (compatible; PetalBot;+https://webmaster.petalsearch.com/site/petalbot)" "pattifamily.net"
63.33.216.168 - - [14/Sep/2022:15:25:37 -0700] "GET /robots.txt HTTP/1.1" 404 88 "-" "Pandalytics/1.0 (https://domainsbot.com/pandalytics/)" "pattifamily.net"
63.33.216.168 - - [14/Sep/2022:15:25:37 -0700] "GET / HTTP/1.1" 200 2014 "-" "Pandalytics/1.0 (https://domainsbot.com/pandalytics/)" "pattifamily.net"
51.222.253.1 - - [14/Sep/2022:15:28:14 -0700] "GET /pictures/2005_03_08/?C=S;O=D HTTP/1.1" 200 474 "-" "Mozilla/5.0 (compatible; AhrefsBot/7.0; +http://ahrefs.com/robot/)" "pattifamily.net"
114.119.154.115 - - [14/Sep/2022:15:30:20 -0700] "GET /1976/?C=N%3BO%3DD HTTP/1.1" 200 378 "https://pattifamily.net/1976/?C=D%3BO%3DA" "Mozilla/5.0 (Linux; Android 7.0;) AppleWebKit/537.36 (KHTML, like Gecko) Mobile Safari/537.36 (compatible; PetalBot;+https://webmaster.petalsearch.com/site/petalbot)" "pattifamily.net"
51.222.253.5 - - [14/Sep/2022:15:32:16 -0700] "GET /pictures/2005_03_17/ HTTP/1.1" 200 471 "-" "Mozilla/5.0 (compatible; AhrefsBot/7.0; +http://ahrefs.com/robot/)" "pattifamily.net"
51.222.253.4 - - [14/Sep/2022:15:36:07 -0700] "GET /pictures/2005_05_26/ HTTP/1.1" 200 485 "-" "Mozilla/5.0 (compatible; AhrefsBot/7.0; +http://ahrefs.com/robot/)" "pattifamily.net"
114.119.154.135 - - [14/Sep/2022:15:36:26 -0700] "GET /august.htm HTTP/1.1" 200 629 "http://www.pattifamily.net/?C=D%3BO%3DA" "Mozilla/5.0 (Linux; Android 7.0;) AppleWebKit/537.36 (KHTML, like Gecko) Mobile Safari/537.36 (compatible; PetalBot;+https://webmaster.petalsearch.com/site/petalbot)" "www.pattifamily.net"
51.222.253.4 - - [14/Sep/2022:15:40:14 -0700] "GET /pictures/2005_01_13/ HTTP/1.1" 200 474 "-" "Mozilla/5.0 (compatible; AhrefsBot/7.0; +http://ahrefs.com/robot/)" "pattifamily.net"
114.119.154.14 - - [14/Sep/2022:15:41:54 -0700] "GET /1998/Patti/ HTTP/1.1" 200 2298 "https://pattifamily.net/1998/" "Mozilla/5.0 (Linux; Android 7.0;) AppleWebKit/537.36 (KHTML, like Gecko) Mobile Safari/537.36 (compatible; PetalBot;+https://webmaster.petalsearch.com/site/petalbot)" "pattifamily.net"
51.222.253.7 - - [14/Sep/2022:15:44:16 -0700] "GET /pictures/2005_06_04/?C=N;O=A HTTP/1.1" 200 486 "-" "Mozilla/5.0 (compatible; AhrefsBot/7.0; +http://ahrefs.com/robot/)" "pattifamily.net"
114.119.154.155 - - [14/Sep/2022:15:47:29 -0700] "GET /bowling/?C=D%3BO%3DA HTTP/1.1" 200 432 "http://www.pattifamily.net/bowling/" "Mozilla/5.0 (Linux; Android 7.0;) AppleWebKit/537.36 (KHTML, like Gecko) Mobile Safari/537.36 (compatible; PetalBot;+https://webmaster.petalsearch.com/site/petalbot)" "www.pattifamily.net"
51.222.253.19 - - [14/Sep/2022:15:48:17 -0700] "GET /pictures/2005_01_30/?C=N;O=D HTTP/1.1" 200 472 "-" "Mozilla/5.0 (compatible; AhrefsBot/7.0; +http://ahrefs.com/robot/)" "pattifamily.net"
51.222.253.17 - - [14/Sep/2022:15:52:12 -0700] "GET /pictures/2005_07_03/?C=N;O=D HTTP/1.1" 200 402 "-" "Mozilla/5.0 (compatible; AhrefsBot/7.0; +http://ahrefs.com/robot/)" "pattifamily.net"
114.119.154.135 - - [14/Sep/2022:15:54:10 -0700] "GET /2004/Patti/October2004/?C=S%3BO%3DA HTTP/1.1" 200 1201 "http://www.pattifamily.net/2004/Patti/October2004/" "Mozilla/5.0 (Linux; Android 7.0;) AppleWebKit/537.36 (KHTML, like Gecko) Mobile Safari/537.36 (compatible; PetalBot;+https://webmaster.petalsearch.com/site/petalbot)" "www.pattifamily.net"
51.222.253.9 - - [14/Sep/2022:15:56:31 -0700] "GET /pictures/2005_04_24/?C=N;O=A HTTP/1.1" 200 476 "-" "Mozilla/5.0 (compatible; AhrefsBot/7.0; +http://ahrefs.com/robot/)" "pattifamily.net"
51.222.253.6 - - [14/Sep/2022:16:00:54 -0700] "GET /pictures/2005_04_13/?C=S;O=D HTTP/1.1" 200 462 "-" "Mozilla/5.0 (compatible; AhrefsBot/7.0; +http://ahrefs.com/robot/)" "pattifamily.net"
114.119.154.161 - - [14/Sep/2022:16:03:01 -0700] "GET /1992/Patti/May41992/?C=S%3BO%3DA HTTP/1.1" 200 1750 "http://www.pattifamily.net/1992/Patti/May41992/?C=D%3BO%3DA" "Mozilla/5.0 (Linux; Android 7.0;) AppleWebKit/537.36 (KHTML, like Gecko) Mobile Safari/537.36 (compatible; PetalBot;+https://webmaster.petalsearch.com/site/petalbot)" "www.pattifamily.net"
51.222.253.18 - - [14/Sep/2022:16:04:48 -0700] "GET /pictures/2005_09_25/?C=S;O=D HTTP/1.1" 200 492 "-" "Mozilla/5.0 (compatible; AhrefsBot/7.0; +http://ahrefs.com/robot/)" "pattifamily.net"
114.119.154.115 - - [14/Sep/2022:16:08:47 -0700] "GET /1992/ HTTP/1.1" 200 379 "https://pattifamily.net/1992/Lubold/?C=D%3BO%3DA" "Mozilla/5.0 (Linux; Android 7.0;) AppleWebKit/537.36 (KHTML, like Gecko) Mobile Safari/537.36 (compatible; PetalBot;+https://webmaster.petalsearch.com/site/petalbot)" "pattifamily.net"
51.222.253.15 - - [14/Sep/2022:16:08:52 -0700] "GET /pictures/2005_09_25/ HTTP/1.1" 200 497 "-" "Mozilla/5.0 (compatible; AhrefsBot/7.0; +http://ahrefs.com/robot/)" "pattifamily.net"
51.222.253.4 - - [14/Sep/2022:16:13:11 -0700] "GET /pictures/2005_09_24/?C=D;O=D HTTP/1.1" 200 461 "-" "Mozilla/5.0 (compatible; AhrefsBot/7.0; +http://ahrefs.com/robot/)" "pattifamily.net"
114.119.154.14 - - [14/Sep/2022:16:15:11 -0700] "GET /1994/Patti/July71994/?C=M%3BO%3DA HTTP/1.1" 200 1108 "https://pattifamily.net/1994/Patti/July71994/?C=D%3BO%3DA" "Mozilla/5.0 (Linux; Android 7.0;) AppleWebKit/537.36 (KHTML, like Gecko) Mobile Safari/537.36 (compatible; PetalBot;+https://webmaster.petalsearch.com/site/petalbot)" "pattifamily.net"
51.222.253.11 - - [14/Sep/2022:16:17:31 -0700] "GET /pictures/2005_01_02/?C=N;O=D HTTP/1.1" 200 429 "-" "Mozilla/5.0 (compatible; AhrefsBot/7.0; +http://ahrefs.com/robot/)" "pattifamily.net"
51.222.253.6 - - [14/Sep/2022:16:21:30 -0700] "GET /pictures/2005_09_25/?C=N;O=D HTTP/1.1" 200 495 "-" "Mozilla/5.0 (compatible; AhrefsBot/7.0; +http://ahrefs.com/robot/)" "pattifamily.net"
114.119.154.161 - - [14/Sep/2022:16:22:35 -0700] "GET /1987/Lubold/?C=S%3BO%3DA HTTP/1.1" 200 1495 "https://pattifamily.net/1987/Lubold/?C=D%3BO%3DA" "Mozilla/5.0 (Linux; Android 7.0;) AppleWebKit/537.36 (KHTML, like Gecko) Mobile Safari/537.36 (compatible; PetalBot;+https://webmaster.petalsearch.com/site/petalbot)" "pattifamily.net"
51.222.253.1 - - [14/Sep/2022:16:24:44 -0700] "GET /pictures/2005_05_06/ HTTP/1.1" 200 397 "-" "Mozilla/5.0 (compatible; AhrefsBot/7.0; +http://ahrefs.com/robot/)" "pattifamily.net"
51.222.253.17 - - [14/Sep/2022:16:28:11 -0700] "GET /pictures/2005_07_02/ HTTP/1.1" 200 402 "-" "Mozilla/5.0 (compatible; AhrefsBot/7.0; +http://ahrefs.com/robot/)" "pattifamily.net"
114.119.154.13 - - [14/Sep/2022:16:28:19 -0700] "GET /1996/?C=D%3BO%3DA HTTP/1.1" 200 374 "https://pattifamily.net/1996/" "Mozilla/5.0 (Linux; Android 7.0;) AppleWebKit/537.36 (KHTML, like Gecko) Mobile Safari/537.36 (compatible; PetalBot;+https://webmaster.petalsearch.com/site/petalbot)" "pattifamily.net"
51.222.253.3 - - [14/Sep/2022:16:31:39 -0700] "GET /pictures/2005_10_16/ HTTP/1.1" 200 496 "-" "Mozilla/5.0 (compatible; AhrefsBot/7.0; +http://ahrefs.com/robot/)" "pattifamily.net"
114.119.154.13 - - [14/Sep/2022:16:33:35 -0700] "GET /2005/?C=M%3BO%3DA HTTP/1.1" 200 2906 "https://pattifamily.net/2005/?C=D%3BO%3DA" "Mozilla/5.0 (Linux; Android 7.0;) AppleWebKit/537.36 (KHTML, like Gecko) Mobile Safari/537.36 (compatible; PetalBot;+https://webmaster.petalsearch.com/site/petalbot)" "pattifamily.net"
51.222.253.11 - - [14/Sep/2022:16:35:05 -0700] "GET /pictures/2005_05_31/ HTTP/1.1" 200 474 "-" "Mozilla/5.0 (compatible; AhrefsBot/7.0; +http://ahrefs.com/robot/)" "pattifamily.net"
51.222.253.6 - - [14/Sep/2022:16:38:37 -0700] "GET /pictures/2005_04_24/?C=M;O=A HTTP/1.1" 200 477 "-" "Mozilla/5.0 (compatible; AhrefsBot/7.0; +http://ahrefs.com/robot/)" "pattifamily.net"
114.119.154.14 - - [14/Sep/2022:16:39:10 -0700] "GET /pattiyankees.html HTTP/1.1" 200 788 "http://www.pattifamily.net/?C=D%3BO%3DA" "Mozilla/5.0 (Linux; Android 7.0;) AppleWebKit/537.36 (KHTML, like Gecko) Mobile Safari/537.36 (compatible; PetalBot;+https://webmaster.petalsearch.com/site/petalbot)" "www.pattifamily.net"
51.222.253.17 - - [14/Sep/2022:16:42:01 -0700] "GET /pictures/2005_04_06/?C=S;O=A HTTP/1.1" 200 444 "-" "Mozilla/5.0 (compatible; AhrefsBot/7.0; +http://ahrefs.com/robot/)" "pattifamily.net"
114.119.154.161 - - [14/Sep/2022:16:44:36 -0700] "GET /bowling/ HTTP/1.1" 200 432 "https://pattifamily.net/bowling/videos/" "Mozilla/5.0 (Linux; Android 7.0;) AppleWebKit/537.36 (KHTML, like Gecko) Mobile Safari/537.36 (compatible; PetalBot;+https://webmaster.petalsearch.com/site/petalbot)" "pattifamily.net"
51.222.253.19 - - [14/Sep/2022:16:45:39 -0700] "GET /pictures/2005_06_22/?C=S;O=D HTTP/1.1" 200 454 "-" "Mozilla/5.0 (compatible; AhrefsBot/7.0; +http://ahrefs.com/robot/)" "pattifamily.net"
51.222.253.9 - - [14/Sep/2022:16:48:56 -0700] "GET /pictures/2005_03_05/?C=D;O=D HTTP/1.1" 200 578 "-" "Mozilla/5.0 (compatible; AhrefsBot/7.0; +http://ahrefs.com/robot/)" "pattifamily.net"
114.119.154.161 - - [14/Sep/2022:16:49:55 -0700] "GET /1975/?C=S%3BO%3DA HTTP/1.1" 200 352 "http://www.pattifamily.net/1975/" "Mozilla/5.0 (Linux; Android 7.0;) AppleWebKit/537.36 (KHTML, like Gecko) Mobile Safari/537.36 (compatible; PetalBot;+https://webmaster.petalsearch.com/site/petalbot)" "www.pattifamily.net"
51.222.253.8 - - [14/Sep/2022:16:52:09 -0700] "GET /pictures/2004_10_22/?C=N;O=A HTTP/1.1" 200 586 "-" "Mozilla/5.0 (compatible; AhrefsBot/7.0; +http://ahrefs.com/robot/)" "pattifamily.net"
114.119.154.135 - - [14/Sep/2022:16:55:11 -0700] "GET /1998/Patti/?C=S%3BO%3DA HTTP/1.1" 200 2298 "http://www.pattifamily.net/1998/Patti/?C=N%3BO%3DD" "Mozilla/5.0 (Linux; Android 7.0;) AppleWebKit/537.36 (KHTML, like Gecko) Mobile Safari/537.36 (compatible; PetalBot;+https://webmaster.petalsearch.com/site/petalbot)" "www.pattifamily.net"
51.222.253.3 - - [14/Sep/2022:16:55:35 -0700] "GET /pictures/2005_06_22/?C=D;O=D HTTP/1.1" 200 452 "-" "Mozilla/5.0 (compatible; AhrefsBot/7.0; +http://ahrefs.com/robot/)" "pattifamily.net"
51.222.253.17 - - [14/Sep/2022:16:59:01 -0700] "GET /pictures/2005_12_17/?C=S;O=D HTTP/1.1" 200 466 "-" "Mozilla/5.0 (compatible; AhrefsBot/7.0; +http://ahrefs.com/robot/)" "pattifamily.net"
51.222.253.15 - - [14/Sep/2022:17:02:26 -0700] "GET /pictures/2005_07_04/?C=N;O=D HTTP/1.1" 200 685 "-" "Mozilla/5.0 (compatible; AhrefsBot/7.0; +http://ahrefs.com/robot/)" "pattifamily.net"
51.222.253.2 - - [14/Sep/2022:17:05:51 -0700] "GET /pictures/2005_03_01/ HTTP/1.1" 200 405 "-" "Mozilla/5.0 (compatible; AhrefsBot/7.0; +http://ahrefs.com/robot/)" "pattifamily.net"
51.222.253.11 - - [14/Sep/2022:17:09:16 -0700] "GET /pictures/2005_09_12/?C=S;O=D HTTP/1.1" 200 462 "-" "Mozilla/5.0 (compatible; AhrefsBot/7.0; +http://ahrefs.com/robot/)" "pattifamily.net"
114.119.154.115 - - [14/Sep/2022:17:10:49 -0700] "GET /1988/Patti/?C=M%3BO%3DA HTTP/1.1" 200 6147 "http://www.pattifamily.net/1988/Patti/?C=S%3BO%3DA" "Mozilla/5.0 (Linux; Android 7.0;) AppleWebKit/537.36 (KHTML, like Gecko) Mobile Safari/537.36 (compatible; PetalBot;+https://webmaster.petalsearch.com/site/petalbot)" "www.pattifamily.net"
51.222.253.8 - - [14/Sep/2022:17:12:38 -0700] "GET /1981/ HTTP/1.1" 200 352 "-" "Mozilla/5.0 (compatible; AhrefsBot/7.0; +http://ahrefs.com/robot/)" "pattifamily.net"
114.119.154.14 - - [14/Sep/2022:17:15:59 -0700] "GET /bowling/videos/simpleScore/?C=S%3BO%3DA HTTP/1.1" 200 403 "http://www.pattifamily.net/bowling/videos/simpleScore/?C=D%3BO%3DA" "Mozilla/5.0 (Linux; Android 7.0;) AppleWebKit/537.36 (KHTML, like Gecko) Mobile Safari/537.36 (compatible; PetalBot;+https://webmaster.petalsearch.com/site/petalbot)" "www.pattifamily.net"
51.222.253.19 - - [14/Sep/2022:17:16:24 -0700] "GET /pictures/2005_08_23/ HTTP/1.1" 200 404 "-" "Mozilla/5.0 (compatible; AhrefsBot/7.0; +http://ahrefs.com/robot/)" "pattifamily.net"
51.222.253.6 - - [14/Sep/2022:17:19:58 -0700] "GET /pictures/2005_10_02/ HTTP/1.1" 200 497 "-" "Mozilla/5.0 (compatible; AhrefsBot/7.0; +http://ahrefs.com/robot/)" "pattifamily.net"
114.119.154.124 - - [14/Sep/2022:17:21:08 -0700] "GET /bowling/pics/?C=M%3BO%3DA HTTP/1.1" 200 396 "https://pattifamily.net/bowling/pics/" "Mozilla/5.0 (Linux; Android 7.0;) AppleWebKit/537.36 (KHTML, like Gecko) Mobile Safari/537.36 (compatible; PetalBot;+https://webmaster.petalsearch.com/site/petalbot)" "pattifamily.net"
51.222.253.20 - - [14/Sep/2022:17:23:33 -0700] "GET /pictures/2005_02_13/?C=D;O=D HTTP/1.1" 200 401 "-" "Mozilla/5.0 (compatible; AhrefsBot/7.0; +http://ahrefs.com/robot/)" "pattifamily.net"
114.119.154.14 - - [14/Sep/2022:17:26:19 -0700] "GET /1979/Patti/?C=N%3BO%3DD HTTP/1.1" 200 1904 "http://www.pattifamily.net/1979/Patti/?C=M%3BO%3DA" "Mozilla/5.0 (Linux; Android 7.0;) AppleWebKit/537.36 (KHTML, like Gecko) Mobile Safari/537.36 (compatible; PetalBot;+https://webmaster.petalsearch.com/site/petalbot)" "www.pattifamily.net"
51.222.253.3 - - [14/Sep/2022:17:27:16 -0700] "GET /pictures/2005_05_16/?C=D;O=A HTTP/1.1" 200 441 "-" "Mozilla/5.0 (compatible; AhrefsBot/7.0; +http://ahrefs.com/robot/)" "pattifamily.net"
51.222.253.1 - - [14/Sep/2022:17:30:52 -0700] "GET /pictures/2004_10_22/?C=D;O=D HTTP/1.1" 200 594 "-" "Mozilla/5.0 (compatible; AhrefsBot/7.0; +http://ahrefs.com/robot/)" "pattifamily.net"
114.119.154.161 - - [14/Sep/2022:17:31:33 -0700] "GET /1976/?C=S%3BO%3DA HTTP/1.1" 200 378 "https://pattifamily.net/1976/?C=D%3BO%3DA" "Mozilla/5.0 (Linux; Android 7.0;) AppleWebKit/537.36 (KHTML, like Gecko) Mobile Safari/537.36 (compatible; PetalBot;+https://webmaster.petalsearch.com/site/petalbot)" "pattifamily.net"
51.222.253.19 - - [14/Sep/2022:17:34:34 -0700] "GET /pictures/2005_09_24/?C=S;O=D HTTP/1.1" 200 463 "-" "Mozilla/5.0 (compatible; AhrefsBot/7.0; +http://ahrefs.com/robot/)" "pattifamily.net"
114.119.154.14 - - [14/Sep/2022:17:36:49 -0700] "GET /1979/Lubold/?C=M%3BO%3DA HTTP/1.1" 200 576 "http://www.pattifamily.net/1979/Lubold/?C=N%3BO%3DD" "Mozilla/5.0 (Linux; Android 7.0;) AppleWebKit/537.36 (KHTML, like Gecko) Mobile Safari/537.36 (compatible; PetalBot;+https://webmaster.petalsearch.com/site/petalbot)" "www.pattifamily.net"
51.222.253.13 - - [14/Sep/2022:17:38:13 -0700] "GET /pictures/2005_09_19/?C=M;O=D HTTP/1.1" 200 413 "-" "Mozilla/5.0 (compatible; AhrefsBot/7.0; +http://ahrefs.com/robot/)" "pattifamily.net"
114.119.154.124 - - [14/Sep/2022:17:41:59 -0700] "GET /1973/Patti/?C=M%3BO%3DA HTTP/1.1" 200 3560 "https://pattifamily.net/1973/Patti/" "Mozilla/5.0 (Linux; Android 7.0;) AppleWebKit/537.36 (KHTML, like Gecko) Mobile Safari/537.36 (compatible; PetalBot;+https://webmaster.petalsearch.com/site/petalbot)" "pattifamily.net"
51.222.253.19 - - [14/Sep/2022:17:42:03 -0700] "GET /pictures/2005_09_05/?C=D;O=D HTTP/1.1" 200 451 "-" "Mozilla/5.0 (compatible; AhrefsBot/7.0; +http://ahrefs.com/robot/)" "pattifamily.net"
114.119.142.181 - - [14/Sep/2022:17:44:57 -0700] "GET /robots.txt HTTP/1.1" 404 88 "-" "Mozilla/5.0 (compatible;PetalBot;+https://webmaster.petalsearch.com/site/petalbot)" "pattifamily.net"
51.222.253.4 - - [14/Sep/2022:17:45:20 -0700] "GET /pictures/2005_05_06/?C=N;O=D HTTP/1.1" 200 394 "-" "Mozilla/5.0 (compatible; AhrefsBot/7.0; +http://ahrefs.com/robot/)" "pattifamily.net"
114.119.154.161 - - [14/Sep/2022:17:47:06 -0700] "GET /1994/Patti/July71994/?C=S%3BO%3DA HTTP/1.1" 200 1108 "https://pattifamily.net/1994/Patti/July71994/?C=N%3BO%3DD" "Mozilla/5.0 (Linux; Android 7.0;) AppleWebKit/537.36 (KHTML, like Gecko) Mobile Safari/537.36 (compatible; PetalBot;+https://webmaster.petalsearch.com/site/petalbot)" "pattifamily.net"
51.222.253.9 - - [14/Sep/2022:17:48:04 -0700] "GET /pictures/2005_08_23/?C=N;O=D HTTP/1.1" 200 398 "-" "Mozilla/5.0 (compatible; AhrefsBot/7.0; +http://ahrefs.com/robot/)" "pattifamily.net"
51.222.253.15 - - [14/Sep/2022:17:50:37 -0700] "GET /pictures/2005_05_06/?C=S;O=A HTTP/1.1" 200 397 "-" "Mozilla/5.0 (compatible; AhrefsBot/7.0; +http://ahrefs.com/robot/)" "pattifamily.net"
114.119.154.14 - - [14/Sep/2022:17:52:18 -0700] "GET /1992/Patti/May181992/ HTTP/1.1" 200 672 "http://www.pattifamily.net/1992/Patti/?C=N%3BO%3DD" "Mozilla/5.0 (Linux; Android 7.0;) AppleWebKit/537.36 (KHTML, like Gecko) Mobile Safari/537.36 (compatible; PetalBot;+https://webmaster.petalsearch.com/site/petalbot)" "www.pattifamily.net"
51.222.253.16 - - [14/Sep/2022:17:53:34 -0700] "GET /pictures/2005_08_24/ HTTP/1.1" 200 399 "-" "Mozilla/5.0 (compatible; AhrefsBot/7.0; +http://ahrefs.com/robot/)" "pattifamily.net"
51.222.253.12 - - [14/Sep/2022:17:56:33 -0700] "GET /pictures/2005_08_29/?C=S;O=A HTTP/1.1" 200 440 "-" "Mozilla/5.0 (compatible; AhrefsBot/7.0; +http://ahrefs.com/robot/)" "pattifamily.net"
114.119.154.124 - - [14/Sep/2022:17:57:30 -0700] "GET /2002/Patti/ HTTP/1.1" 200 2247 "https://pattifamily.net/2002/?C=D%3BO%3DA" "Mozilla/5.0 (Linux; Android 7.0;) AppleWebKit/537.36 (KHTML, like Gecko) Mobile Safari/537.36 (compatible; PetalBot;+https://webmaster.petalsearch.com/site/petalbot)" "pattifamily.net"
51.222.253.17 - - [14/Sep/2022:17:59:26 -0700] "GET /pictures/2005_08_25/ HTTP/1.1" 200 403 "-" "Mozilla/5.0 (compatible; AhrefsBot/7.0; +http://ahrefs.com/robot/)" "pattifamily.net"
51.222.253.15 - - [14/Sep/2022:18:02:13 -0700] "GET /pictures/2005_07_03/ HTTP/1.1" 200 405 "-" "Mozilla/5.0 (compatible; AhrefsBot/7.0; +http://ahrefs.com/robot/)" "pattifamily.net"
51.222.253.9 - - [14/Sep/2022:18:05:03 -0700] "GET /pictures/2005_10_03/?C=M;O=D HTTP/1.1" 200 414 "-" "Mozilla/5.0 (compatible; AhrefsBot/7.0; +http://ahrefs.com/robot/)" "pattifamily.net"
51.222.253.15 - - [14/Sep/2022:18:07:37 -0700] "GET /pictures/2005_04_21/?C=M;O=D HTTP/1.1" 200 440 "-" "Mozilla/5.0 (compatible; AhrefsBot/7.0; +http://ahrefs.com/robot/)" "pattifamily.net"
51.222.253.2 - - [14/Sep/2022:18:10:16 -0700] "GET /pictures/2004_11_07/?C=S;O=D HTTP/1.1" 200 467 "-" "Mozilla/5.0 (compatible; AhrefsBot/7.0; +http://ahrefs.com/robot/)" "pattifamily.net"
51.222.253.5 - - [14/Sep/2022:18:12:47 -0700] "GET /pictures/2005_10_25/ HTTP/1.1" 200 469 "-" "Mozilla/5.0 (compatible; AhrefsBot/7.0; +http://ahrefs.com/robot/)" "pattifamily.net"
51.222.253.6 - - [14/Sep/2022:18:15:26 -0700] "GET /pictures/2005_08_29/?C=D;O=A HTTP/1.1" 200 440 "-" "Mozilla/5.0 (compatible; AhrefsBot/7.0; +http://ahrefs.com/robot/)" "pattifamily.net"
51.222.253.1 - - [14/Sep/2022:18:17:54 -0700] "GET /pictures/2005_09_17/ HTTP/1.1" 200 476 "-" "Mozilla/5.0 (compatible; AhrefsBot/7.0; +http://ahrefs.com/robot/)" "pattifamily.net"
51.222.253.14 - - [14/Sep/2022:18:20:43 -0700] "GET /pictures/2005_06_02/?C=M;O=A HTTP/1.1" 200 481 "-" "Mozilla/5.0 (compatible; AhrefsBot/7.0; +http://ahrefs.com/robot/)" "pattifamily.net"
51.222.253.14 - - [14/Sep/2022:18:23:10 -0700] "GET /pictures/2005_03_14/?C=S;O=D HTTP/1.1" 200 446 "-" "Mozilla/5.0 (compatible; AhrefsBot/7.0; +http://ahrefs.com/robot/)" "pattifamily.net"
51.222.253.3 - - [14/Sep/2022:18:25:39 -0700] "GET /pictures/2004_12_15/?C=S;O=D HTTP/1.1" 200 401 "-" "Mozilla/5.0 (compatible; AhrefsBot/7.0; +http://ahrefs.com/robot/)" "pattifamily.net"
51.222.253.8 - - [14/Sep/2022:18:28:11 -0700] "GET /pictures/2005_12_03/?C=D;O=D HTTP/1.1" 200 433 "-" "Mozilla/5.0 (compatible; AhrefsBot/7.0; +http://ahrefs.com/robot/)" "pattifamily.net"
5.45.207.102 - - [14/Sep/2022:18:30:15 -0700] "GET /pictures/2004_11_18/ HTTP/1.1" 200 387 "-" "Mozilla/5.0 (compatible; YandexBot/3.0; +http://yandex.com/bots)" "pattifamily.net"
51.222.253.14 - - [14/Sep/2022:18:30:30 -0700] "GET /pictures/2005_06_02/?C=D;O=A HTTP/1.1" 200 481 "-" "Mozilla/5.0 (compatible; AhrefsBot/7.0; +http://ahrefs.com/robot/)" "pattifamily.net"
51.222.253.8 - - [14/Sep/2022:18:32:52 -0700] "GET /pictures/2005_01_03/?C=N;O=D HTTP/1.1" 200 384 "-" "Mozilla/5.0 (compatible; AhrefsBot/7.0; +http://ahrefs.com/robot/)" "pattifamily.net"
51.222.253.20 - - [14/Sep/2022:18:35:29 -0700] "GET /pictures/2005_01_13/?C=D;O=A HTTP/1.1" 200 474 "-" "Mozilla/5.0 (compatible; AhrefsBot/7.0; +http://ahrefs.com/robot/)" "pattifamily.net"
51.222.253.19 - - [14/Sep/2022:18:38:10 -0700] "GET /pictures/2005_07_20/?C=S;O=D HTTP/1.1" 200 453 "-" "Mozilla/5.0 (compatible; AhrefsBot/7.0; +http://ahrefs.com/robot/)" "pattifamily.net"
51.222.253.14 - - [14/Sep/2022:18:40:42 -0700] "GET /pictures/2005_12_03/?C=M;O=D HTTP/1.1" 200 433 "-" "Mozilla/5.0 (compatible; AhrefsBot/7.0; +http://ahrefs.com/robot/)" "pattifamily.net"
51.222.253.18 - - [14/Sep/2022:18:45:46 -0700] "GET /pictures/2005_07_18/ HTTP/1.1" 200 474 "-" "Mozilla/5.0 (compatible; AhrefsBot/7.0; +http://ahrefs.com/robot/)" "pattifamily.net"
51.222.253.1 - - [14/Sep/2022:18:48:19 -0700] "GET /pictures/2005_07_22/ HTTP/1.1" 200 472 "-" "Mozilla/5.0 (compatible; AhrefsBot/7.0; +http://ahrefs.com/robot/)" "pattifamily.net"
51.222.253.10 - - [14/Sep/2022:18:50:42 -0700] "GET /pictures/2005_09_22/?C=M;O=D HTTP/1.1" 200 400 "-" "Mozilla/5.0 (compatible; AhrefsBot/7.0; +http://ahrefs.com/robot/)" "pattifamily.net"
213.180.203.6 - - [14/Sep/2022:18:52:17 -0700] "GET /1982/Lubold/004_160x106.jpg HTTP/1.1" 200 6007 "-" "Mozilla/5.0 (compatible; YandexImages/3.0; +http://yandex.com/bots)" "pattifamily.net"
51.222.253.16 - - [14/Sep/2022:18:53:24 -0700] "GET /pictures/2005_06_14/?C=N;O=D HTTP/1.1" 200 412 "-" "Mozilla/5.0 (compatible; AhrefsBot/7.0; +http://ahrefs.com/robot/)" "pattifamily.net"
51.222.253.4 - - [14/Sep/2022:18:55:40 -0700] "GET /pictures/2005_10_18/?C=S;O=A HTTP/1.1" 200 424 "-" "Mozilla/5.0 (compatible; AhrefsBot/7.0; +http://ahrefs.com/robot/)" "pattifamily.net"
51.222.253.12 - - [14/Sep/2022:18:58:12 -0700] "GET /pictures/2005_06_20/?C=D;O=D HTTP/1.1" 200 439 "-" "Mozilla/5.0 (compatible; AhrefsBot/7.0; +http://ahrefs.com/robot/)" "pattifamily.net"
51.222.253.8 - - [14/Sep/2022:19:00:59 -0700] "GET /pictures/2005_03_23/?C=S;O=D HTTP/1.1" 200 464 "-" "Mozilla/5.0 (compatible; AhrefsBot/7.0; +http://ahrefs.com/robot/)" "pattifamily.net"
51.222.253.20 - - [14/Sep/2022:19:03:28 -0700] "GET /pictures/2005_02_09/?C=S;O=D HTTP/1.1" 200 432 "-" "Mozilla/5.0 (compatible; AhrefsBot/7.0; +http://ahrefs.com/robot/)" "pattifamily.net"
51.222.253.11 - - [14/Sep/2022:19:06:00 -0700] "GET /pictures/2005_12_10/ HTTP/1.1" 200 464 "-" "Mozilla/5.0 (compatible; AhrefsBot/7.0; +http://ahrefs.com/robot/)" "pattifamily.net"
51.222.253.19 - - [14/Sep/2022:19:08:14 -0700] "GET /pictures/2004_10_22/?C=M;O=A HTTP/1.1" 200 593 "-" "Mozilla/5.0 (compatible; AhrefsBot/7.0; +http://ahrefs.com/robot/)" "pattifamily.net"
51.222.253.7 - - [14/Sep/2022:19:10:41 -0700] "GET /pictures/2005_06_20/?C=S;O=D HTTP/1.1" 200 439 "-" "Mozilla/5.0 (compatible; AhrefsBot/7.0; +http://ahrefs.com/robot/)" "pattifamily.net"
51.222.253.12 - - [14/Sep/2022:19:12:59 -0700] "GET /pictures/2005_10_13/ HTTP/1.1" 200 465 "-" "Mozilla/5.0 (compatible; AhrefsBot/7.0; +http://ahrefs.com/robot/)" "pattifamily.net"
51.222.253.11 - - [14/Sep/2022:19:15:41 -0700] "GET /pictures/2005_12_17/ HTTP/1.1" 200 469 "-" "Mozilla/5.0 (compatible; AhrefsBot/7.0; +http://ahrefs.com/robot/)" "pattifamily.net"
51.222.253.8 - - [14/Sep/2022:19:18:44 -0700] "GET /pictures/2005_10_07/ HTTP/1.1" 200 461 "-" "Mozilla/5.0 (compatible; AhrefsBot/7.0; +http://ahrefs.com/robot/)" "pattifamily.net"
51.222.253.10 - - [14/Sep/2022:19:20:29 -0700] "GET /pictures/2005_05_01/?C=S;O=D HTTP/1.1" 200 450 "-" "Mozilla/5.0 (compatible; AhrefsBot/7.0; +http://ahrefs.com/robot/)" "pattifamily.net"
51.222.253.12 - - [14/Sep/2022:19:22:13 -0700] "GET /pictures/2005_09_01/?C=D;O=D HTTP/1.1" 200 415 "-" "Mozilla/5.0 (compatible; AhrefsBot/7.0; +http://ahrefs.com/robot/)" "pattifamily.net"
51.222.253.17 - - [14/Sep/2022:19:24:21 -0700] "GET /pictures/2005_05_06/?C=M;O=A HTTP/1.1" 200 397 "-" "Mozilla/5.0 (compatible; AhrefsBot/7.0; +http://ahrefs.com/robot/)" "pattifamily.net"
51.222.253.15 - - [14/Sep/2022:19:26:36 -0700] "GET /pictures/2005_05_06/?C=D;O=A HTTP/1.1" 200 397 "-" "Mozilla/5.0 (compatible; AhrefsBot/7.0; +http://ahrefs.com/robot/)" "pattifamily.net"
51.222.253.14 - - [14/Sep/2022:19:29:14 -0700] "GET /pictures/2005_07_03/?C=S;O=A HTTP/1.1" 200 405 "-" "Mozilla/5.0 (compatible; AhrefsBot/7.0; +http://ahrefs.com/robot/)" "pattifamily.net"
185.180.143.13 - - [14/Sep/2022:19:29:22 -0700] "GET / HTTP/1.1" 200 2014 "-" "Mozilla/5.0 (Windows NT 10.0; WOW64) AppleWebKit/537.36 (KHTML, like Gecko) Chrome/66.0.3359.117 Safari/537.36" "www.pattifamily.net"
51.222.253.8 - - [14/Sep/2022:19:31:52 -0700] "GET /pictures/2005_08_29/?C=N;O=A HTTP/1.1" 200 440 "-" "Mozilla/5.0 (compatible; AhrefsBot/7.0; +http://ahrefs.com/robot/)" "pattifamily.net"
51.222.253.6 - - [14/Sep/2022:19:34:22 -0700] "GET /pictures/2005_07_03/?C=M;O=A HTTP/1.1" 200 405 "-" "Mozilla/5.0 (compatible; AhrefsBot/7.0; +http://ahrefs.com/robot/)" "pattifamily.net"
51.222.253.14 - - [14/Sep/2022:19:36:38 -0700] "GET /pictures/2005_09_14/?C=N;O=A HTTP/1.1" 200 416 "-" "Mozilla/5.0 (compatible; AhrefsBot/7.0; +http://ahrefs.com/robot/)" "pattifamily.net"
51.222.253.9 - - [14/Sep/2022:19:38:50 -0700] "GET /pictures/2005_05_08/ HTTP/1.1" 200 470 "-" "Mozilla/5.0 (compatible; AhrefsBot/7.0; +http://ahrefs.com/robot/)" "pattifamily.net"
51.222.253.3 - - [14/Sep/2022:19:41:09 -0700] "GET /pictures/2004_10_24/?C=N;O=D HTTP/1.1" 200 444 "-" "Mozilla/5.0 (compatible; AhrefsBot/7.0; +http://ahrefs.com/robot/)" "pattifamily.net"
51.222.253.15 - - [14/Sep/2022:19:43:48 -0700] "GET /pictures/2005_04_15/?C=D;O=D HTTP/1.1" 200 422 "-" "Mozilla/5.0 (compatible; AhrefsBot/7.0; +http://ahrefs.com/robot/)" "pattifamily.net"
